{"id":184,"date":"2024-02-18T23:34:15","date_gmt":"2024-02-18T23:34:15","guid":{"rendered":"https:\/\/urbanjournalism.institute\/forecast-es\/?page_id=184"},"modified":"2024-03-06T11:52:19","modified_gmt":"2024-03-06T11:52:19","slug":"retrospectiva","status":"publish","type":"page","link":"https:\/\/urbanjournalism.institute\/forecast-es\/forecast-2024\/sdgs-rescue\/retrospectiva\/","title":{"rendered":"Retrospectiva"},"content":{"rendered":"\n<div class=\"wp-block-group has-light-green-cyan-color has-vivid-cyan-blue-background-color has-text-color has-background has-link-color wp-elements-b82ef06dfc393bb870ecb347d0e68d3f\"><div class=\"wp-block-group__inner-container is-layout-constrained wp-block-group-is-layout-constrained\">\n<h2 class=\"wp-block-heading font-normal text-underline\">RETROSPECTIVA<\/h2>\n\n\n\n<div class=\"wp-block-columns is-layout-flex wp-container-core-columns-is-layout-9d6595d7 wp-block-columns-is-layout-flex\">\n<div class=\"wp-block-column is-layout-flow wp-block-column-is-layout-flow\">\n<p>En un ejercicio de an\u00e1lisis retrospectivo, inauguramos esta secci\u00f3n para evaluar la exactitud de algunas de nuestras predicciones para 2023 y explorar los resultados. \u00a1D\u00e9 un vistazo al <em><a href=\"https:\/\/urbanjournalism.institute\/forecast\/es\/\"><strong>Municipal Forecast 2023<\/strong><\/a><\/em>!<\/p>\n\n\n\n<p><strong>Un rol para los gobiernos locales y regionales en el multilateralismo efectivo <\/strong><\/p>\n\n\n\n<p>En la p\u00e1gina 19, sugerimos monitorear el informe del Consejo Asesor de Alto Nivel sobre Multilateralismo Efectivo para observar c\u00f3mo abordan el reconocimiento de los gobiernos locales y regionales dentro de un sistema multilateral m\u00e1s efectivo. El informe, publicado en abril de 2023, recomend\u00f3 asignar un estatus formal y permanente a los gobiernos locales y regionales en el multilateralismo, distinto de la sociedad civil y las organizaciones no gubernamentales.<\/p>\n\n\n\n<p><strong>No se alcanza el r\u00e9cord de alcaldesas en Noruega<\/strong><\/p>\n\n\n\n<p>En la p\u00e1gina 31, nos pregunt\u00e1bamos si las elecciones locales en Noruega ser\u00edan testigo de un aumento de alcaldesas, bas\u00e1ndose en el r\u00e9cord sin precedentes de 2019, donde m\u00e1s de un tercio de los alcaldes electos fueron mujeres. Lamentablemente, las noticias preliminares de julio de 2023 indicaban un retroceso, ya que la proporci\u00f3n de mujeres en las listas de candidatos descendi\u00f3 y los hombres dominaron los primeros puestos. S\u00f3lo el 42 % de los candidatos eran mujeres. Sin embargo, a pesar de los retos, los resultados finales marcaron una mejora marginal, ya que el 40,6 % de los cargos electos fueron mujeres en 2023, frente al 40,5 % en 2019. El r\u00e9cord no se alcanz\u00f3 en el caso de las alcaldesas, con un 36,7 % en 2019 frente a un 35,4 % en 2023. Cabe destacar que el Partido Laborista se enfrent\u00f3 a desaf\u00edos, perdiendo la mayor\u00eda de votos frente al Partido Conservador por primera vez desde 1924.<\/p>\n<\/div>\n\n\n\n<div class=\"wp-block-column is-layout-flow wp-block-column-is-layout-flow\">\n<p><strong>Hitos del metro ligero en Honolul\u00fa y Lagos <\/strong><\/p>\n\n\n\n<p>Nuestra cobertura en la p\u00e1gina 50 se centr\u00f3 en la inauguraci\u00f3n anticipada de nuevos sistemas de metro, incluidos los servicios de metro ligero en Honolulu (Estados Unidos) y Lagos (Nigeria). El 30 de junio de 2023 se inaugur\u00f3 el primer tramo del Honolulu Skyline Rail, de 16,75 km, que conecta East Kapolei con el Aloha Stadium a trav\u00e9s de nueve estaciones. Aunque el proyecto, iniciado en 2011, se completar\u00e1 en 2031, esta fase inicial representa un importante paso adelante. Mientras tanto, Lagos celebr\u00f3 el inicio de su servicio de metro ligero Blue Line, construido por una empresa china, en septiembre de 2023. La primera fase, de 13 km de longitud y cinco estaciones, redujo significativamente el tiempo de viaje de dos horas a 15 minutos. Lagos tambi\u00e9n tiene prevista una L\u00ednea Roja de 27 km con 13 estaciones. El proyecto de metro ligero de Sal\u00f3nica est\u00e1 previsto que finalice en el segundo semestre de 2024.<\/p>\n\n\n\n<p><strong>Expo Mundial 2030 en Riad<\/strong><\/p>\n\n\n\n<p>En la p\u00e1gina 74, cubrimos el proceso de licitaci\u00f3n para la Exposici\u00f3n Universal 2030, destacando la singular propuesta de Odesa en medio de los desaf\u00edos de la invasi\u00f3n rusa. Sin embargo, en junio de 2023, la Asamblea General de la Oficina Internacional de Exposiciones (BIE) excluy\u00f3 a Odesa de la consideraci\u00f3n final. Los restantes contendientes, Busan (Rep\u00fablica de Corea), Riad (Arabia Saud\u00ed) y Roma (Italia), se enfrentaron a una votaci\u00f3n decisiva. En un sorprendente giro de los acontecimientos, marcado por una notable ausencia de competencia que hizo innecesaria una segunda vuelta, Arabia Saud\u00ed se asegur\u00f3 la victoria absoluta con 119 votos, cumpliendo el requisito de mayor\u00eda de dos tercios. Busan obtuvo 29 votos, mientras que Roma recibi\u00f3 unos modestos 17. El tema elegido para la Expo Mundial 2030 de Riad es \u201cLa era del cambio: Juntos por un ma\u00f1ana previsor\u201d.<\/p>\n<\/div>\n<\/div>\n<\/div><\/div>\n","protected":false},"excerpt":{"rendered":"<p>RETROSPECTIVA En un ejercicio de an\u00e1lisis retrospectivo, inauguramos esta secci\u00f3n para evaluar la exactitud de algunas de nuestras predicciones para 2023 y explorar los resultados. \u00a1D\u00e9 un vistazo al Municipal Forecast 2023! Un rol para los gobiernos locales y regionales en el multilateralismo efectivo En la p\u00e1gina 19, sugerimos monitorear el informe del Consejo Asesor [&hellip;]<\/p>\n","protected":false},"author":1,"featured_media":0,"parent":72,"menu_order":30,"comment_status":"closed","ping_status":"closed","template":"","meta":{"footnotes":""},"class_list":["post-184","page","type-page","status-publish","hentry"],"yoast_head":"<!-- This site is optimized with the Yoast SEO plugin v27.0 - https:\/\/yoast.com\/product\/yoast-seo-wordpress\/ -->\n<title>Retrospectiva - Municipal Forecast - Espa\u00f1ol<\/title>\n<meta name=\"robots\" content=\"index, follow, max-snippet:-1, max-image-preview:large, max-video-preview:-1\" \/>\n<link rel=\"canonical\" href=\"https:\/\/urbanjournalism.institute\/forecast-es\/forecast-2024\/sdgs-rescue\/retrospectiva\/\" \/>\n<meta property=\"og:locale\" content=\"es_ES\" \/>\n<meta property=\"og:type\" content=\"article\" \/>\n<meta property=\"og:title\" content=\"Retrospectiva - Municipal Forecast - Espa\u00f1ol\" \/>\n<meta property=\"og:description\" content=\"RETROSPECTIVA En un ejercicio de an\u00e1lisis retrospectivo, inauguramos esta secci\u00f3n para evaluar la exactitud de algunas de nuestras predicciones para 2023 y explorar los resultados. \u00a1D\u00e9 un vistazo al Municipal Forecast 2023! Un rol para los gobiernos locales y regionales en el multilateralismo efectivo En la p\u00e1gina 19, sugerimos monitorear el informe del Consejo Asesor [&hellip;]\" \/>\n<meta property=\"og:url\" content=\"https:\/\/urbanjournalism.institute\/forecast-es\/forecast-2024\/sdgs-rescue\/retrospectiva\/\" \/>\n<meta property=\"og:site_name\" content=\"Municipal Forecast - Espa\u00f1ol\" \/>\n<meta property=\"article:modified_time\" content=\"2024-03-06T11:52:19+00:00\" \/>\n<meta name=\"twitter:card\" content=\"summary_large_image\" \/>\n<meta name=\"twitter:label1\" content=\"Tiempo de lectura\" \/>\n\t<meta name=\"twitter:data1\" content=\"3 minutos\" \/>\n<script type=\"application\/ld+json\" class=\"yoast-schema-graph\">{\"@context\":\"https:\/\/schema.org\",\"@graph\":[{\"@type\":\"WebPage\",\"@id\":\"https:\/\/urbanjournalism.institute\/forecast-es\/forecast-2024\/sdgs-rescue\/retrospectiva\/\",\"url\":\"https:\/\/urbanjournalism.institute\/forecast-es\/forecast-2024\/sdgs-rescue\/retrospectiva\/\",\"name\":\"Retrospectiva - Municipal Forecast - Espa\u00f1ol\",\"isPartOf\":{\"@id\":\"https:\/\/urbanjournalism.institute\/forecast-es\/#website\"},\"datePublished\":\"2024-02-18T23:34:15+00:00\",\"dateModified\":\"2024-03-06T11:52:19+00:00\",\"breadcrumb\":{\"@id\":\"https:\/\/urbanjournalism.institute\/forecast-es\/forecast-2024\/sdgs-rescue\/retrospectiva\/#breadcrumb\"},\"inLanguage\":\"es\",\"potentialAction\":[{\"@type\":\"ReadAction\",\"target\":[\"https:\/\/urbanjournalism.institute\/forecast-es\/forecast-2024\/sdgs-rescue\/retrospectiva\/\"]}]},{\"@type\":\"BreadcrumbList\",\"@id\":\"https:\/\/urbanjournalism.institute\/forecast-es\/forecast-2024\/sdgs-rescue\/retrospectiva\/#breadcrumb\",\"itemListElement\":[{\"@type\":\"ListItem\",\"position\":1,\"name\":\"Forecast 2024\",\"item\":\"https:\/\/urbanjournalism.institute\/forecast-es\/\"},{\"@type\":\"ListItem\",\"position\":2,\"name\":\"Rescate de los ODS\",\"item\":\"https:\/\/urbanjournalism.institute\/forecast-es\/forecast-2024\/sdgs-rescue\/\"},{\"@type\":\"ListItem\",\"position\":3,\"name\":\"Retrospectiva\"}]},{\"@type\":\"WebSite\",\"@id\":\"https:\/\/urbanjournalism.institute\/forecast-es\/#website\",\"url\":\"https:\/\/urbanjournalism.institute\/forecast-es\/\",\"name\":\"Municipal Forecast - Espa\u00f1ol\",\"description\":\"\",\"potentialAction\":[{\"@type\":\"SearchAction\",\"target\":{\"@type\":\"EntryPoint\",\"urlTemplate\":\"https:\/\/urbanjournalism.institute\/forecast-es\/?s={search_term_string}\"},\"query-input\":{\"@type\":\"PropertyValueSpecification\",\"valueRequired\":true,\"valueName\":\"search_term_string\"}}],\"inLanguage\":\"es\"}]}<\/script>\n<!-- \/ Yoast SEO plugin. -->","yoast_head_json":{"title":"Retrospectiva - Municipal Forecast - Espa\u00f1ol","robots":{"index":"index","follow":"follow","max-snippet":"max-snippet:-1","max-image-preview":"max-image-preview:large","max-video-preview":"max-video-preview:-1"},"canonical":"https:\/\/urbanjournalism.institute\/forecast-es\/forecast-2024\/sdgs-rescue\/retrospectiva\/","og_locale":"es_ES","og_type":"article","og_title":"Retrospectiva - Municipal Forecast - Espa\u00f1ol","og_description":"RETROSPECTIVA En un ejercicio de an\u00e1lisis retrospectivo, inauguramos esta secci\u00f3n para evaluar la exactitud de algunas de nuestras predicciones para 2023 y explorar los resultados. \u00a1D\u00e9 un vistazo al Municipal Forecast 2023! Un rol para los gobiernos locales y regionales en el multilateralismo efectivo En la p\u00e1gina 19, sugerimos monitorear el informe del Consejo Asesor [&hellip;]","og_url":"https:\/\/urbanjournalism.institute\/forecast-es\/forecast-2024\/sdgs-rescue\/retrospectiva\/","og_site_name":"Municipal Forecast - Espa\u00f1ol","article_modified_time":"2024-03-06T11:52:19+00:00","twitter_card":"summary_large_image","twitter_misc":{"Tiempo de lectura":"3 minutos"},"schema":{"@context":"https:\/\/schema.org","@graph":[{"@type":"WebPage","@id":"https:\/\/urbanjournalism.institute\/forecast-es\/forecast-2024\/sdgs-rescue\/retrospectiva\/","url":"https:\/\/urbanjournalism.institute\/forecast-es\/forecast-2024\/sdgs-rescue\/retrospectiva\/","name":"Retrospectiva - Municipal Forecast - Espa\u00f1ol","isPartOf":{"@id":"https:\/\/urbanjournalism.institute\/forecast-es\/#website"},"datePublished":"2024-02-18T23:34:15+00:00","dateModified":"2024-03-06T11:52:19+00:00","breadcrumb":{"@id":"https:\/\/urbanjournalism.institute\/forecast-es\/forecast-2024\/sdgs-rescue\/retrospectiva\/#breadcrumb"},"inLanguage":"es","potentialAction":[{"@type":"ReadAction","target":["https:\/\/urbanjournalism.institute\/forecast-es\/forecast-2024\/sdgs-rescue\/retrospectiva\/"]}]},{"@type":"BreadcrumbList","@id":"https:\/\/urbanjournalism.institute\/forecast-es\/forecast-2024\/sdgs-rescue\/retrospectiva\/#breadcrumb","itemListElement":[{"@type":"ListItem","position":1,"name":"Forecast 2024","item":"https:\/\/urbanjournalism.institute\/forecast-es\/"},{"@type":"ListItem","position":2,"name":"Rescate de los ODS","item":"https:\/\/urbanjournalism.institute\/forecast-es\/forecast-2024\/sdgs-rescue\/"},{"@type":"ListItem","position":3,"name":"Retrospectiva"}]},{"@type":"WebSite","@id":"https:\/\/urbanjournalism.institute\/forecast-es\/#website","url":"https:\/\/urbanjournalism.institute\/forecast-es\/","name":"Municipal Forecast - Espa\u00f1ol","description":"","potentialAction":[{"@type":"SearchAction","target":{"@type":"EntryPoint","urlTemplate":"https:\/\/urbanjournalism.institute\/forecast-es\/?s={search_term_string}"},"query-input":{"@type":"PropertyValueSpecification","valueRequired":true,"valueName":"search_term_string"}}],"inLanguage":"es"}]}},"_links":{"self":[{"href":"https:\/\/urbanjournalism.institute\/forecast-es\/wp-json\/wp\/v2\/pages\/184","targetHints":{"allow":["GET"]}}],"collection":[{"href":"https:\/\/urbanjournalism.institute\/forecast-es\/wp-json\/wp\/v2\/pages"}],"about":[{"href":"https:\/\/urbanjournalism.institute\/forecast-es\/wp-json\/wp\/v2\/types\/page"}],"author":[{"embeddable":true,"href":"https:\/\/urbanjournalism.institute\/forecast-es\/wp-json\/wp\/v2\/users\/1"}],"replies":[{"embeddable":true,"href":"https:\/\/urbanjournalism.institute\/forecast-es\/wp-json\/wp\/v2\/comments?post=184"}],"version-history":[{"count":4,"href":"https:\/\/urbanjournalism.institute\/forecast-es\/wp-json\/wp\/v2\/pages\/184\/revisions"}],"predecessor-version":[{"id":228,"href":"https:\/\/urbanjournalism.institute\/forecast-es\/wp-json\/wp\/v2\/pages\/184\/revisions\/228"}],"up":[{"embeddable":true,"href":"https:\/\/urbanjournalism.institute\/forecast-es\/wp-json\/wp\/v2\/pages\/72"}],"wp:attachment":[{"href":"https:\/\/urbanjournalism.institute\/forecast-es\/wp-json\/wp\/v2\/media?parent=184"}],"curies":[{"name":"wp","href":"https:\/\/api.w.org\/{rel}","templated":true}]}}