{"id":42,"date":"2023-02-20T07:40:05","date_gmt":"2023-02-20T07:40:05","guid":{"rendered":"https:\/\/urbanjournalism.institute\/forecast\/es\/forecast-2023\/cultura\/ucrania-presenta-la-oferta-de-odesa-para-la-exposicion-mundial-2030\/"},"modified":"2023-02-20T07:40:05","modified_gmt":"2023-02-20T07:40:05","slug":"ucrania-presenta-la-oferta-de-odesa-para-la-exposicion-mundial-2030","status":"publish","type":"page","link":"https:\/\/urbanjournalism.institute\/forecast-es\/forecast-2023\/cultura\/ucrania-presenta-la-oferta-de-odesa-para-la-exposicion-mundial-2030\/","title":{"rendered":"Ucrania presenta la candidatura de Odesa para la Expo 2030"},"content":{"rendered":"\n<div class=\"wp-block-group narrow-group\"><div class=\"wp-block-group__inner-container is-layout-constrained wp-block-group-is-layout-constrained\">\n<div class=\"wp-block-columns is-layout-flex wp-container-core-columns-is-layout-9d6595d7 wp-block-columns-is-layout-flex\">\n<div class=\"wp-block-column is-layout-flow wp-block-column-is-layout-flow\" style=\"flex-basis:66.66%\">\n<h1 class=\"wp-block-heading\">Ucrania presenta la candidatura de Odesa para la Expo 2030<\/h1>\n\n\n\n<h4 class=\"wp-block-heading\"><em>El centro hist\u00f3rico de la ciudad portuaria de Odesa fue inscrito el 25 de enero de 2023 en la Lista del Patrimonio Mundial y en la Lista del Patrimonio Mundial en Peligro de la Unesco. Esta decisi\u00f3n reconoce el valor universal excepcional del lugar y el deber de toda la humanidad de protegerlo. La propuesta de candidatura para la Exposici\u00f3n Universal 2030 se centra en el uso abundante de materiales reciclados procedentes de estructuras da\u00f1adas y demolidas en todo el sur de Ucrania.<\/em><\/h4>\n<\/div>\n\n\n\n<div class=\"wp-block-column is-layout-flow wp-block-column-is-layout-flow\" style=\"flex-basis:33.33%\"><\/div>\n<\/div>\n<\/div><\/div>\n\n\n\n<div class=\"wp-block-group narrow-group\"><div class=\"wp-block-group__inner-container is-layout-constrained wp-block-group-is-layout-constrained\">\n<div class=\"wp-block-columns is-layout-flex wp-container-core-columns-is-layout-9d6595d7 wp-block-columns-is-layout-flex\">\n<div class=\"wp-block-column is-layout-flow wp-block-column-is-layout-flow\">\n<p>La candidatura de Ucrania para albergar en 2030 la Exposici\u00f3n Universal en la ciudad de Odesa se present\u00f3 ante la Oficina Internacional de Exposiciones (BIE, por sus siglas en franc\u00e9s) en octubre de 2021. Unos meses m\u00e1s tarde, el 24 de febrero de 2022, Rusia invadi\u00f3 Ucrania. En lugar de retirar la candidatura, el gobierno ucraniano cre\u00f3 un Comit\u00e9 de Coordinaci\u00f3n encabezado por la primera viceprimera ministra y ministra de Econom\u00eda.<\/p>\n\n\n\n<p>En noviembre de 2022, una delegaci\u00f3n present\u00f3 la propuesta en representaci\u00f3n de Odesa a los miembros del BIE, en Par\u00eds. Las otras tres ciudades que compiten por acoger la Expo 2030 son Busan (Rep\u00fablica de Corea), Roma (Italia) y Riad (Arabia Saud\u00ed). La fase de examen de los proyectos est\u00e1 en curso. Entre enero y marzo de 2023, el BIE organizar\u00e1 misiones de inspecci\u00f3n a los cuatro pa\u00edses para evaluar la viabilidad y factibilidad de las candidaturas.<\/p>\n\n\n\n<p>El pa\u00eds anfitri\u00f3n de la Exposici\u00f3n Universal 2030 ser\u00e1 elegido por los Estados miembros del BIE, reunidos en la Asamblea General prevista para noviembre de 2023, seg\u00fan el principio de un pa\u00eds, un voto.<\/p>\n\n\n\n<p>El tema propuesto por Odesa es \u00abRenacimiento. Tecnolog\u00eda. Futuro\u00bb, con el objetivo de debatir todas las cuestiones que rodean la relaci\u00f3n entre el ser humano y la tecnolog\u00eda en un futuro pr\u00f3ximo.<\/p>\n<\/div>\n\n\n\n<div class=\"wp-block-column is-layout-flow wp-block-column-is-layout-flow\">\n<p>Zaha Hadid Architects, el estudio de arquitectura internacionalmente reconocido, y JK Lab Architects, con sede en Odesa, han dise\u00f1ado el plan maestro de la zona de la Expo. Con la esperanza de un final pr\u00f3ximo de la guerra, el futuro desarrollo de Ucrania pasar\u00e1 por una transformaci\u00f3n fundamental de la econom\u00eda del pa\u00eds hacia la eficiencia energ\u00e9tica y las tecnolog\u00edas con bajas emisiones de carbono. El dise\u00f1o de Zaha Hadid Architects tiene como objetivo la reutilizaci\u00f3n eficaz de todas las instalaciones una vez clausurada la exposici\u00f3n, un reto que comparte con los grandes acontecimientos p\u00fablicos de todo el mundo: crear una Expo del futuro en la que nada se desperdicie.<\/p>\n\n\n\n<p>Odesa Expo 2030 reducir\u00e1 al m\u00ednimo el uso de hormig\u00f3n y utilizar\u00e1 sobre todo materiales reciclados procedentes de estructuras da\u00f1adas y demolidas en todo el sur de Ucrania. Las energ\u00edas renovables se integrar\u00e1n en el dise\u00f1o de los pabellones, incluida la energ\u00eda fotovoltaica en todos los tejados. Las turbinas e\u00f3licas conectadas a la microrred de la Expo 2030 contribuir\u00e1n a un emplazamiento energ\u00e9ticamente positivo que abastecer\u00e1 su propia demanda energ\u00e9tica y que tambi\u00e9n suministrar\u00e1 energ\u00eda renovable a la comunidad local.<\/p>\n\n\n\n<p>La propuesta de plan director de la Expo 2030 de Odesa est\u00e1 disponible en:<\/p>\n\n\n\n<p><a href=\"https:\/\/bit.ly\/odesa2030bid\" target=\"_blank\" rel=\"noreferrer noopener\"><strong>https:\/\/bit.ly\/odesa2030bid<\/strong><\/a><\/p>\n<\/div>\n<\/div>\n<\/div><\/div>\n","protected":false},"excerpt":{"rendered":"<p>Ucrania presenta la candidatura de Odesa para la Expo 2030 El centro hist\u00f3rico de la ciudad portuaria de Odesa fue inscrito el 25 de enero de 2023 en la Lista del Patrimonio Mundial y en la Lista del Patrimonio Mundial en Peligro de la Unesco. Esta decisi\u00f3n reconoce el valor universal excepcional del lugar y [&hellip;]<\/p>\n","protected":false},"author":1,"featured_media":0,"parent":33,"menu_order":80,"comment_status":"closed","ping_status":"closed","template":"","meta":{"footnotes":""},"class_list":["post-42","page","type-page","status-publish","hentry"],"yoast_head":"<!-- This site is optimized with the Yoast SEO plugin v27.0 - https:\/\/yoast.com\/product\/yoast-seo-wordpress\/ -->\n<title>Ucrania presenta la candidatura de Odesa para la Expo 2030 - Municipal Forecast - Espa\u00f1ol<\/title>\n<meta name=\"robots\" content=\"index, follow, max-snippet:-1, max-image-preview:large, max-video-preview:-1\" \/>\n<link rel=\"canonical\" href=\"https:\/\/urbanjournalism.institute\/forecast-es\/forecast-2023\/cultura\/ucrania-presenta-la-oferta-de-odesa-para-la-exposicion-mundial-2030\/\" \/>\n<meta property=\"og:locale\" content=\"es_ES\" \/>\n<meta property=\"og:type\" content=\"article\" \/>\n<meta property=\"og:title\" content=\"Ucrania presenta la candidatura de Odesa para la Expo 2030 - Municipal Forecast - Espa\u00f1ol\" \/>\n<meta property=\"og:description\" content=\"Ucrania presenta la candidatura de Odesa para la Expo 2030 El centro hist\u00f3rico de la ciudad portuaria de Odesa fue inscrito el 25 de enero de 2023 en la Lista del Patrimonio Mundial y en la Lista del Patrimonio Mundial en Peligro de la Unesco. Esta decisi\u00f3n reconoce el valor universal excepcional del lugar y [&hellip;]\" \/>\n<meta property=\"og:url\" content=\"https:\/\/urbanjournalism.institute\/forecast-es\/forecast-2023\/cultura\/ucrania-presenta-la-oferta-de-odesa-para-la-exposicion-mundial-2030\/\" \/>\n<meta property=\"og:site_name\" content=\"Municipal Forecast - Espa\u00f1ol\" \/>\n<meta name=\"twitter:card\" content=\"summary_large_image\" \/>\n<meta name=\"twitter:label1\" content=\"Tiempo de lectura\" \/>\n\t<meta name=\"twitter:data1\" content=\"3 minutos\" \/>\n<script type=\"application\/ld+json\" class=\"yoast-schema-graph\">{\"@context\":\"https:\/\/schema.org\",\"@graph\":[{\"@type\":\"WebPage\",\"@id\":\"https:\/\/urbanjournalism.institute\/forecast-es\/forecast-2023\/cultura\/ucrania-presenta-la-oferta-de-odesa-para-la-exposicion-mundial-2030\/\",\"url\":\"https:\/\/urbanjournalism.institute\/forecast-es\/forecast-2023\/cultura\/ucrania-presenta-la-oferta-de-odesa-para-la-exposicion-mundial-2030\/\",\"name\":\"Ucrania presenta la candidatura de Odesa para la Expo 2030 - Municipal Forecast - Espa\u00f1ol\",\"isPartOf\":{\"@id\":\"https:\/\/urbanjournalism.institute\/forecast-es\/#website\"},\"datePublished\":\"2023-02-20T07:40:05+00:00\",\"breadcrumb\":{\"@id\":\"https:\/\/urbanjournalism.institute\/forecast-es\/forecast-2023\/cultura\/ucrania-presenta-la-oferta-de-odesa-para-la-exposicion-mundial-2030\/#breadcrumb\"},\"inLanguage\":\"es\",\"potentialAction\":[{\"@type\":\"ReadAction\",\"target\":[\"https:\/\/urbanjournalism.institute\/forecast-es\/forecast-2023\/cultura\/ucrania-presenta-la-oferta-de-odesa-para-la-exposicion-mundial-2030\/\"]}]},{\"@type\":\"BreadcrumbList\",\"@id\":\"https:\/\/urbanjournalism.institute\/forecast-es\/forecast-2023\/cultura\/ucrania-presenta-la-oferta-de-odesa-para-la-exposicion-mundial-2030\/#breadcrumb\",\"itemListElement\":[{\"@type\":\"ListItem\",\"position\":1,\"name\":\"Forecast 2023\",\"item\":\"https:\/\/urbanjournalism.institute\/forecast-es\/forecast-2023\/\"},{\"@type\":\"ListItem\",\"position\":2,\"name\":\"Cultura\",\"item\":\"https:\/\/urbanjournalism.institute\/forecast-es\/forecast-2023\/cultura\/\"},{\"@type\":\"ListItem\",\"position\":3,\"name\":\"Ucrania presenta la candidatura de Odesa para la Expo 2030\"}]},{\"@type\":\"WebSite\",\"@id\":\"https:\/\/urbanjournalism.institute\/forecast-es\/#website\",\"url\":\"https:\/\/urbanjournalism.institute\/forecast-es\/\",\"name\":\"Municipal Forecast - Espa\u00f1ol\",\"description\":\"\",\"potentialAction\":[{\"@type\":\"SearchAction\",\"target\":{\"@type\":\"EntryPoint\",\"urlTemplate\":\"https:\/\/urbanjournalism.institute\/forecast-es\/?s={search_term_string}\"},\"query-input\":{\"@type\":\"PropertyValueSpecification\",\"valueRequired\":true,\"valueName\":\"search_term_string\"}}],\"inLanguage\":\"es\"}]}<\/script>\n<!-- \/ Yoast SEO plugin. -->","yoast_head_json":{"title":"Ucrania presenta la candidatura de Odesa para la Expo 2030 - Municipal Forecast - Espa\u00f1ol","robots":{"index":"index","follow":"follow","max-snippet":"max-snippet:-1","max-image-preview":"max-image-preview:large","max-video-preview":"max-video-preview:-1"},"canonical":"https:\/\/urbanjournalism.institute\/forecast-es\/forecast-2023\/cultura\/ucrania-presenta-la-oferta-de-odesa-para-la-exposicion-mundial-2030\/","og_locale":"es_ES","og_type":"article","og_title":"Ucrania presenta la candidatura de Odesa para la Expo 2030 - Municipal Forecast - Espa\u00f1ol","og_description":"Ucrania presenta la candidatura de Odesa para la Expo 2030 El centro hist\u00f3rico de la ciudad portuaria de Odesa fue inscrito el 25 de enero de 2023 en la Lista del Patrimonio Mundial y en la Lista del Patrimonio Mundial en Peligro de la Unesco. Esta decisi\u00f3n reconoce el valor universal excepcional del lugar y [&hellip;]","og_url":"https:\/\/urbanjournalism.institute\/forecast-es\/forecast-2023\/cultura\/ucrania-presenta-la-oferta-de-odesa-para-la-exposicion-mundial-2030\/","og_site_name":"Municipal Forecast - Espa\u00f1ol","twitter_card":"summary_large_image","twitter_misc":{"Tiempo de lectura":"3 minutos"},"schema":{"@context":"https:\/\/schema.org","@graph":[{"@type":"WebPage","@id":"https:\/\/urbanjournalism.institute\/forecast-es\/forecast-2023\/cultura\/ucrania-presenta-la-oferta-de-odesa-para-la-exposicion-mundial-2030\/","url":"https:\/\/urbanjournalism.institute\/forecast-es\/forecast-2023\/cultura\/ucrania-presenta-la-oferta-de-odesa-para-la-exposicion-mundial-2030\/","name":"Ucrania presenta la candidatura de Odesa para la Expo 2030 - Municipal Forecast - Espa\u00f1ol","isPartOf":{"@id":"https:\/\/urbanjournalism.institute\/forecast-es\/#website"},"datePublished":"2023-02-20T07:40:05+00:00","breadcrumb":{"@id":"https:\/\/urbanjournalism.institute\/forecast-es\/forecast-2023\/cultura\/ucrania-presenta-la-oferta-de-odesa-para-la-exposicion-mundial-2030\/#breadcrumb"},"inLanguage":"es","potentialAction":[{"@type":"ReadAction","target":["https:\/\/urbanjournalism.institute\/forecast-es\/forecast-2023\/cultura\/ucrania-presenta-la-oferta-de-odesa-para-la-exposicion-mundial-2030\/"]}]},{"@type":"BreadcrumbList","@id":"https:\/\/urbanjournalism.institute\/forecast-es\/forecast-2023\/cultura\/ucrania-presenta-la-oferta-de-odesa-para-la-exposicion-mundial-2030\/#breadcrumb","itemListElement":[{"@type":"ListItem","position":1,"name":"Forecast 2023","item":"https:\/\/urbanjournalism.institute\/forecast-es\/forecast-2023\/"},{"@type":"ListItem","position":2,"name":"Cultura","item":"https:\/\/urbanjournalism.institute\/forecast-es\/forecast-2023\/cultura\/"},{"@type":"ListItem","position":3,"name":"Ucrania presenta la candidatura de Odesa para la Expo 2030"}]},{"@type":"WebSite","@id":"https:\/\/urbanjournalism.institute\/forecast-es\/#website","url":"https:\/\/urbanjournalism.institute\/forecast-es\/","name":"Municipal Forecast - Espa\u00f1ol","description":"","potentialAction":[{"@type":"SearchAction","target":{"@type":"EntryPoint","urlTemplate":"https:\/\/urbanjournalism.institute\/forecast-es\/?s={search_term_string}"},"query-input":{"@type":"PropertyValueSpecification","valueRequired":true,"valueName":"search_term_string"}}],"inLanguage":"es"}]}},"_links":{"self":[{"href":"https:\/\/urbanjournalism.institute\/forecast-es\/wp-json\/wp\/v2\/pages\/42","targetHints":{"allow":["GET"]}}],"collection":[{"href":"https:\/\/urbanjournalism.institute\/forecast-es\/wp-json\/wp\/v2\/pages"}],"about":[{"href":"https:\/\/urbanjournalism.institute\/forecast-es\/wp-json\/wp\/v2\/types\/page"}],"author":[{"embeddable":true,"href":"https:\/\/urbanjournalism.institute\/forecast-es\/wp-json\/wp\/v2\/users\/1"}],"replies":[{"embeddable":true,"href":"https:\/\/urbanjournalism.institute\/forecast-es\/wp-json\/wp\/v2\/comments?post=42"}],"version-history":[{"count":0,"href":"https:\/\/urbanjournalism.institute\/forecast-es\/wp-json\/wp\/v2\/pages\/42\/revisions"}],"up":[{"embeddable":true,"href":"https:\/\/urbanjournalism.institute\/forecast-es\/wp-json\/wp\/v2\/pages\/33"}],"wp:attachment":[{"href":"https:\/\/urbanjournalism.institute\/forecast-es\/wp-json\/wp\/v2\/media?parent=42"}],"curies":[{"name":"wp","href":"https:\/\/api.w.org\/{rel}","templated":true}]}}