{"id":59,"date":"2024-02-18T09:30:05","date_gmt":"2024-02-18T09:30:05","guid":{"rendered":"https:\/\/urbanjournalism.institute\/forecast-es\/forecast-2024\/local-multilateralism\/wuf-2024\/"},"modified":"2024-03-06T11:45:02","modified_gmt":"2024-03-06T11:45:02","slug":"wuf-2024","status":"publish","type":"page","link":"https:\/\/urbanjournalism.institute\/forecast-es\/forecast-2024\/local-multilateralism\/wuf-2024\/","title":{"rendered":"WUF 2024"},"content":{"rendered":"\n<figure class=\"wp-block-image size-large\"><img decoding=\"async\" src=\"\/wp-content\/themes\/uji\/img\/mf24\/global-influence-shifts-southdeep-dive-into-wuf-2024-4.jpg\" alt=\"\" \/><figcaption class=\"wp-element-caption\"><em>\u00a9 Elifinatlasi<\/em><\/figcaption><\/figure>\n\n\n\n<div class=\"wp-block-group\"><div class=\"wp-block-group__inner-container is-layout-constrained wp-block-group-is-layout-constrained\">\n<h1 class=\"wp-block-heading has-x-large-font-size\"><strong>WUF 2024<\/strong><\/h1>\n\n\n\n<p class=\"font-serif has-medium-font-size\" id=\"font-serif\"><em><strong>Acciones locales para ciudades y comunidades sostenibles<\/strong><\/em><\/p>\n\n\n\n<div class=\"wp-block-columns gap-10 mt-10 is-layout-flex wp-container-core-columns-is-layout-9d6595d7 wp-block-columns-is-layout-flex\">\n<div class=\"wp-block-column is-layout-flow wp-block-column-is-layout-flow\">\n<p>En noviembre de 2024 se celebrar\u00e1 el Foro Urbano Mundial (WUF, por sus siglas en ingl\u00e9s), de periodicidad bienal y organizado por ONU-H\u00e1bitat, cuyo objetivo es examinar el desarrollo urbano en todo el mundo, guiado por la Agenda 2030 y la Nueva Agenda Urbana. El WUF12 se celebrar\u00e1 en El Cairo bajo el <strong>lema \u201cTodo empieza en casa: acciones locales para ciudades y comunidades sostenibles\u201d<\/strong>. Centrada en la localizaci\u00f3n de los Objetivos de Desarrollo Sostenible, en particular el Objetivo 11, la conferencia arrojar\u00e1 luz sobre las acciones e iniciativas locales.&nbsp;<\/p>\n\n\n\n<p>La <strong>Asamblea Mundial de Gobiernos Locales y Regionales <\/strong>se celebra tradicionalmente en el marco del Foro Urbano Mundial. La Asamblea General de las Naciones Unidas la ha reconocido oficialmente por el papel que desempe\u00f1an los gobiernos locales y regionales en el desarrollo urbano sostenible y la aplicaci\u00f3n de la Nueva Agenda Urbana. Ofrece un <strong>mecanismo a trav\u00e9s del cual los gobiernos locales y regionales realizan aportaciones a las agendas globales<\/strong>, bas\u00e1ndose en la experiencia de las comunidades. Este evento dar\u00e1 seguimiento a los compromisos establecidos durante la reuni\u00f3n de alto nivel sobre la revisi\u00f3n de la Nueva Agenda Urbana en Nueva York en abril de 2022 y en el WUF11 en Katowice, en 2022.<\/p>\n<\/div>\n\n\n\n<div class=\"wp-block-column is-layout-flow wp-block-column-is-layout-flow\">\n<p>El WUF12 tendr\u00e1 lugar poco despu\u00e9s de la Cumbre del Futuro en 2024, que dar\u00e1 inicio al periodo de los \u00faltimos cinco a\u00f1os para cumplir los ODS. Se escuchar\u00e1n innumerables llamamientos para abordar colectivamente retos mundiales como el aumento de la pobreza y la desigualdad, el cambio clim\u00e1tico, los conflictos armados y la brecha digital. Aunque todo el mundo est\u00e1 de acuerdo en que las ciudades y las comunidades sostenibles tienen un papel transformador en la aplicaci\u00f3n de la Agenda Global 2030 para el Desarrollo Sostenible, el desaf\u00edo consiste en ampliar las soluciones locales y garantizar que se sit\u00faen en el centro de las decisiones mundiales. La <strong>COP29, que se celebrar\u00e1 en Azerbaiy\u00e1n pocos d\u00edas despu\u00e9s del WUF12<\/strong>, influir\u00e1 en las ideas y las decisiones sobre la adaptaci\u00f3n al cambio clim\u00e1tico y la mitigaci\u00f3n de sus efectos en las ciudades.<\/p>\n<\/div>\n<\/div>\n<\/div><\/div>\n","protected":false},"excerpt":{"rendered":"<p>WUF 2024 Acciones locales para ciudades y comunidades sostenibles En noviembre de 2024 se celebrar\u00e1 el Foro Urbano Mundial (WUF, por sus siglas en ingl\u00e9s), de periodicidad bienal y organizado por ONU-H\u00e1bitat, cuyo objetivo es examinar el desarrollo urbano en todo el mundo, guiado por la Agenda 2030 y la Nueva Agenda Urbana. El WUF12 [&hellip;]<\/p>\n","protected":false},"author":1,"featured_media":0,"parent":56,"menu_order":20,"comment_status":"closed","ping_status":"closed","template":"","meta":{"footnotes":""},"class_list":["post-59","page","type-page","status-publish","hentry"],"yoast_head":"<!-- This site is optimized with the Yoast SEO plugin v27.0 - https:\/\/yoast.com\/product\/yoast-seo-wordpress\/ -->\n<title>WUF 2024 - Municipal Forecast - Espa\u00f1ol<\/title>\n<meta name=\"robots\" content=\"index, follow, max-snippet:-1, max-image-preview:large, max-video-preview:-1\" \/>\n<link rel=\"canonical\" href=\"https:\/\/urbanjournalism.institute\/forecast-es\/forecast-2024\/local-multilateralism\/wuf-2024\/\" \/>\n<meta property=\"og:locale\" content=\"es_ES\" \/>\n<meta property=\"og:type\" content=\"article\" \/>\n<meta property=\"og:title\" content=\"WUF 2024 - Municipal Forecast - Espa\u00f1ol\" \/>\n<meta property=\"og:description\" content=\"WUF 2024 Acciones locales para ciudades y comunidades sostenibles En noviembre de 2024 se celebrar\u00e1 el Foro Urbano Mundial (WUF, por sus siglas en ingl\u00e9s), de periodicidad bienal y organizado por ONU-H\u00e1bitat, cuyo objetivo es examinar el desarrollo urbano en todo el mundo, guiado por la Agenda 2030 y la Nueva Agenda Urbana. El WUF12 [&hellip;]\" \/>\n<meta property=\"og:url\" content=\"https:\/\/urbanjournalism.institute\/forecast-es\/forecast-2024\/local-multilateralism\/wuf-2024\/\" \/>\n<meta property=\"og:site_name\" content=\"Municipal Forecast - Espa\u00f1ol\" \/>\n<meta property=\"article:modified_time\" content=\"2024-03-06T11:45:02+00:00\" \/>\n<meta name=\"twitter:card\" content=\"summary_large_image\" \/>\n<meta name=\"twitter:label1\" content=\"Tiempo de lectura\" \/>\n\t<meta name=\"twitter:data1\" content=\"2 minutos\" \/>\n<script type=\"application\/ld+json\" class=\"yoast-schema-graph\">{\"@context\":\"https:\/\/schema.org\",\"@graph\":[{\"@type\":\"WebPage\",\"@id\":\"https:\/\/urbanjournalism.institute\/forecast-es\/forecast-2024\/local-multilateralism\/wuf-2024\/\",\"url\":\"https:\/\/urbanjournalism.institute\/forecast-es\/forecast-2024\/local-multilateralism\/wuf-2024\/\",\"name\":\"WUF 2024 - Municipal Forecast - Espa\u00f1ol\",\"isPartOf\":{\"@id\":\"https:\/\/urbanjournalism.institute\/forecast-es\/#website\"},\"datePublished\":\"2024-02-18T09:30:05+00:00\",\"dateModified\":\"2024-03-06T11:45:02+00:00\",\"breadcrumb\":{\"@id\":\"https:\/\/urbanjournalism.institute\/forecast-es\/forecast-2024\/local-multilateralism\/wuf-2024\/#breadcrumb\"},\"inLanguage\":\"es\",\"potentialAction\":[{\"@type\":\"ReadAction\",\"target\":[\"https:\/\/urbanjournalism.institute\/forecast-es\/forecast-2024\/local-multilateralism\/wuf-2024\/\"]}]},{\"@type\":\"BreadcrumbList\",\"@id\":\"https:\/\/urbanjournalism.institute\/forecast-es\/forecast-2024\/local-multilateralism\/wuf-2024\/#breadcrumb\",\"itemListElement\":[{\"@type\":\"ListItem\",\"position\":1,\"name\":\"Forecast 2024\",\"item\":\"https:\/\/urbanjournalism.institute\/forecast-es\/\"},{\"@type\":\"ListItem\",\"position\":2,\"name\":\"Multilateralismo local\",\"item\":\"https:\/\/urbanjournalism.institute\/forecast-es\/forecast-2024\/local-multilateralism\/\"},{\"@type\":\"ListItem\",\"position\":3,\"name\":\"WUF 2024\"}]},{\"@type\":\"WebSite\",\"@id\":\"https:\/\/urbanjournalism.institute\/forecast-es\/#website\",\"url\":\"https:\/\/urbanjournalism.institute\/forecast-es\/\",\"name\":\"Municipal Forecast - Espa\u00f1ol\",\"description\":\"\",\"potentialAction\":[{\"@type\":\"SearchAction\",\"target\":{\"@type\":\"EntryPoint\",\"urlTemplate\":\"https:\/\/urbanjournalism.institute\/forecast-es\/?s={search_term_string}\"},\"query-input\":{\"@type\":\"PropertyValueSpecification\",\"valueRequired\":true,\"valueName\":\"search_term_string\"}}],\"inLanguage\":\"es\"}]}<\/script>\n<!-- \/ Yoast SEO plugin. -->","yoast_head_json":{"title":"WUF 2024 - Municipal Forecast - Espa\u00f1ol","robots":{"index":"index","follow":"follow","max-snippet":"max-snippet:-1","max-image-preview":"max-image-preview:large","max-video-preview":"max-video-preview:-1"},"canonical":"https:\/\/urbanjournalism.institute\/forecast-es\/forecast-2024\/local-multilateralism\/wuf-2024\/","og_locale":"es_ES","og_type":"article","og_title":"WUF 2024 - Municipal Forecast - Espa\u00f1ol","og_description":"WUF 2024 Acciones locales para ciudades y comunidades sostenibles En noviembre de 2024 se celebrar\u00e1 el Foro Urbano Mundial (WUF, por sus siglas en ingl\u00e9s), de periodicidad bienal y organizado por ONU-H\u00e1bitat, cuyo objetivo es examinar el desarrollo urbano en todo el mundo, guiado por la Agenda 2030 y la Nueva Agenda Urbana. El WUF12 [&hellip;]","og_url":"https:\/\/urbanjournalism.institute\/forecast-es\/forecast-2024\/local-multilateralism\/wuf-2024\/","og_site_name":"Municipal Forecast - Espa\u00f1ol","article_modified_time":"2024-03-06T11:45:02+00:00","twitter_card":"summary_large_image","twitter_misc":{"Tiempo de lectura":"2 minutos"},"schema":{"@context":"https:\/\/schema.org","@graph":[{"@type":"WebPage","@id":"https:\/\/urbanjournalism.institute\/forecast-es\/forecast-2024\/local-multilateralism\/wuf-2024\/","url":"https:\/\/urbanjournalism.institute\/forecast-es\/forecast-2024\/local-multilateralism\/wuf-2024\/","name":"WUF 2024 - Municipal Forecast - Espa\u00f1ol","isPartOf":{"@id":"https:\/\/urbanjournalism.institute\/forecast-es\/#website"},"datePublished":"2024-02-18T09:30:05+00:00","dateModified":"2024-03-06T11:45:02+00:00","breadcrumb":{"@id":"https:\/\/urbanjournalism.institute\/forecast-es\/forecast-2024\/local-multilateralism\/wuf-2024\/#breadcrumb"},"inLanguage":"es","potentialAction":[{"@type":"ReadAction","target":["https:\/\/urbanjournalism.institute\/forecast-es\/forecast-2024\/local-multilateralism\/wuf-2024\/"]}]},{"@type":"BreadcrumbList","@id":"https:\/\/urbanjournalism.institute\/forecast-es\/forecast-2024\/local-multilateralism\/wuf-2024\/#breadcrumb","itemListElement":[{"@type":"ListItem","position":1,"name":"Forecast 2024","item":"https:\/\/urbanjournalism.institute\/forecast-es\/"},{"@type":"ListItem","position":2,"name":"Multilateralismo local","item":"https:\/\/urbanjournalism.institute\/forecast-es\/forecast-2024\/local-multilateralism\/"},{"@type":"ListItem","position":3,"name":"WUF 2024"}]},{"@type":"WebSite","@id":"https:\/\/urbanjournalism.institute\/forecast-es\/#website","url":"https:\/\/urbanjournalism.institute\/forecast-es\/","name":"Municipal Forecast - Espa\u00f1ol","description":"","potentialAction":[{"@type":"SearchAction","target":{"@type":"EntryPoint","urlTemplate":"https:\/\/urbanjournalism.institute\/forecast-es\/?s={search_term_string}"},"query-input":{"@type":"PropertyValueSpecification","valueRequired":true,"valueName":"search_term_string"}}],"inLanguage":"es"}]}},"_links":{"self":[{"href":"https:\/\/urbanjournalism.institute\/forecast-es\/wp-json\/wp\/v2\/pages\/59","targetHints":{"allow":["GET"]}}],"collection":[{"href":"https:\/\/urbanjournalism.institute\/forecast-es\/wp-json\/wp\/v2\/pages"}],"about":[{"href":"https:\/\/urbanjournalism.institute\/forecast-es\/wp-json\/wp\/v2\/types\/page"}],"author":[{"embeddable":true,"href":"https:\/\/urbanjournalism.institute\/forecast-es\/wp-json\/wp\/v2\/users\/1"}],"replies":[{"embeddable":true,"href":"https:\/\/urbanjournalism.institute\/forecast-es\/wp-json\/wp\/v2\/comments?post=59"}],"version-history":[{"count":2,"href":"https:\/\/urbanjournalism.institute\/forecast-es\/wp-json\/wp\/v2\/pages\/59\/revisions"}],"predecessor-version":[{"id":220,"href":"https:\/\/urbanjournalism.institute\/forecast-es\/wp-json\/wp\/v2\/pages\/59\/revisions\/220"}],"up":[{"embeddable":true,"href":"https:\/\/urbanjournalism.institute\/forecast-es\/wp-json\/wp\/v2\/pages\/56"}],"wp:attachment":[{"href":"https:\/\/urbanjournalism.institute\/forecast-es\/wp-json\/wp\/v2\/media?parent=59"}],"curies":[{"name":"wp","href":"https:\/\/api.w.org\/{rel}","templated":true}]}}