{"id":61,"date":"2024-02-18T09:30:05","date_gmt":"2024-02-18T09:30:05","guid":{"rendered":"https:\/\/urbanjournalism.institute\/forecast-es\/forecast-2024\/a-vote-for-democracy\/local-leadership\/"},"modified":"2024-03-06T11:46:36","modified_gmt":"2024-03-06T11:46:36","slug":"local-leadership","status":"publish","type":"page","link":"https:\/\/urbanjournalism.institute\/forecast-es\/forecast-2024\/a-vote-for-democracy\/local-leadership\/","title":{"rendered":"Liderazgo local"},"content":{"rendered":"\n<div class=\"wp-block-group py-5\"><div class=\"wp-block-group__inner-container is-layout-constrained wp-block-group-is-layout-constrained\">\n<h1 class=\"wp-block-heading\">Liderazgo local<\/h1>\n\n\n\n<p class=\"font-serif has-medium-font-size\">ELECCIONES LOCALES EN 2024<\/p>\n<\/div><\/div>\n\n\n\n<figure class=\"wp-block-image size-large\"><img decoding=\"async\" src=\"\/wp-content\/themes\/uji\/img\/mf24\/local-leadership.jpg\" alt=\"\" \/><figcaption class=\"wp-element-caption\"><em>@ Steven Fruitsmaak<\/em><\/figcaption><\/figure>\n\n\n\n<div class=\"wp-block-columns p-10 gap-10 is-layout-flex wp-container-core-columns-is-layout-9d6595d7 wp-block-columns-is-layout-flex\">\n<div class=\"wp-block-column is-layout-flow wp-block-column-is-layout-flow\" style=\"flex-basis:66.66%\">\n<p>Si bien las elecciones locales y regionales pueden verse eclipsadas por el abrumador \u201ca\u00f1o superelectoral\u201d a escala estatal y supraestatal, varios pa\u00edses, entre ellos B\u00e9lgica, Brasil, Costa Rica, El Salvador, Jamaica, Malta, M\u00e9xico, Turqu\u00eda y el Reino Unido, se disponen a elegir a sus representantes locales en 2024. Ciudades como Bruselas, Dubl\u00edn, Estambul, Londres, Ciudad de M\u00e9xico, R\u00edo de Janeiro, San Jos\u00e9, Santiago de Chile, Santo Domingo y S\u00e3o Paulo, entre otras, ser\u00e1n testigos de noches electorales emocionantes y llenas de expectativas.&nbsp;<\/p>\n\n\n\n<p>Am\u00e9rica Latina acapara el protagonismo de los comicios locales de 2024, con Costa Rica dando el pistoletazo de salida en febrero. La elecci\u00f3n del alcalde de San Jos\u00e9 cobra relevancia como preludio de las presidenciales de 2026. El actual alcalde, Johnny Araya, no puede optar a la reelecci\u00f3n debido a los recientes cambios en la ley electoral que restringen los mandatos indefinidos. La ciudad de San Jos\u00e9 destaca como baluarte de progreso y liderazgo, no s\u00f3lo por su presupuesto, el mayor de todos los cantones, sino tambi\u00e9n por su impacto simb\u00f3lico como capital del pa\u00eds.<\/p>\n\n\n\n<p>Rep\u00fablica Dominicana celebrar\u00e1 elecciones municipales el 18 de febrero de 2024, en las que se decidir\u00e1 si Carolina Mej\u00eda logra la reelecci\u00f3n como alcaldesa de Santo Domingo. Posteriormente, Jamaica celebrar\u00e1 sus comicios locales el 28 de febrero de 2024, seguida de El Salvador el 3 de marzo de 2024, tras sus elecciones generales de febrero, que han resultado en un segundo mandato para el presidente Nayib Bukele, que anteriormente fue alcalde de la capital, San Salvador.\u00a0<\/p>\n\n\n\n<p>El 2 de junio de 2024, simult\u00e1neamente a las elecciones generales, M\u00e9xico celebrar\u00e1 comicios locales y regionales en 1.580 municipios y varios estados. La atenci\u00f3n se centrar\u00e1 en las elecciones a la jefatura de Gobierno de la Ciudad de M\u00e9xico para un mandato de seis a\u00f1os, sucediendo a Claudia Sheinbaum, que renunci\u00f3 al cargo para proseguir su campa\u00f1a a las presidenciales, en la que es la favorita para convertirse en la primera mujer presidenta del pa\u00eds. Clara Brugada, candidata del partido gobernante, podr\u00eda ser la segunda jefa de Gobierno consecutiva de la capital mexicana, siguiendo los pasos de Sheinbaum.<\/p>\n<\/div>\n\n\n\n<div class=\"wp-block-column is-layout-flow wp-block-column-is-layout-flow\" style=\"flex-basis:33.33%\">\n<figure class=\"wp-block-image size-large\"><img decoding=\"async\" src=\"\/wp-content\/themes\/uji\/img\/mf24\/local-leadership-2.jpg\" alt=\"\" \/><figcaption class=\"wp-element-caption\"><em>\u00a9 Elliott Stallion<\/em><\/figcaption><\/figure>\n<\/div>\n<\/div>\n\n\n\n<div class=\"wp-block-group narrow-group has-cyan-bluish-gray-background-color has-background\"><div class=\"wp-block-group__inner-container is-layout-constrained wp-block-group-is-layout-constrained\">\n<div class=\"wp-block-columns gap-5 is-layout-flex wp-container-core-columns-is-layout-9d6595d7 wp-block-columns-is-layout-flex\">\n<div class=\"wp-block-column is-layout-flow wp-block-column-is-layout-flow\">\n<p>Esta perspectiva augura un momento hist\u00f3rico sin precedentes, con una presidenta y una jefa de Gobierno&nbsp;de la capital, lo que significar\u00eda un importante paso hacia la igualdad de g\u00e9nero en la pol\u00edtica mexicana.<\/p>\n\n\n\n<p>En Chile, Irac\u00ed Hassler, alcaldesa de Santiago, optar\u00e1 a la reelecci\u00f3n en las municipales y regionales de octubre de 2024. Las elecciones tambi\u00e9n determinar\u00e1n 16 gobernadores provinciales, 302 miembros de consejos regionales y 345 alcaldes, junto con 2.252 concejales.&nbsp;<\/p>\n\n\n\n<p>Casi dos a\u00f1os despu\u00e9s del triunfo electoral de Lula da Silva, Brasil vuelve a las urnas en octubre para elegir a m\u00e1s de 5.000 alcaldes y 56.000 concejales. La primera vuelta est\u00e1 prevista para el 6 de octubre de 2024, con una segunda vuelta el 27 de octubre. Los actuales alcaldes de las dos mayores ciudades de Brasil, S\u00e3o Paulo y R\u00edo de Janeiro, pueden optar a un segundo mandato. En S\u00e3o Paulo, Ricardo Nunes, alcalde en ejercicio, aspira a la reelecci\u00f3n, enfrent\u00e1ndose a Guilherme Boulos, cuya candidata a vicealcaldesa es Marta Suplicy, exalcaldesa de S\u00e3o Paulo y senadora. En R\u00edo de Janeiro, el actual alcalde, Eduardo Paes, cuenta con el apoyo declarado del presidente Lula. Estas elecciones sirven como bar\u00f3metro del desempe\u00f1o del gobierno nacional a mitad de su mandato, desarroll\u00e1ndose en un contexto pol\u00edticamente cargado en el que Lula y el expresidente Jair Bolsonaro despliegan estrat\u00e9gicamente sus recursos para las pr\u00f3ximas elecciones presidenciales de 2026.&nbsp;<\/p>\n\n\n\n<p>En Europa, adem\u00e1s de las elecciones al Parlamento Europeo, est\u00e1n previstas elecciones municipales en B\u00e9lgica, Hungr\u00eda, Irlanda, Malta, Polonia, Ruman\u00eda y el Reino Unido. Estas \u00faltimas est\u00e1n fijadas para el 2 de mayo de 2024 y se prev\u00e9 que constituyan un refer\u00e9ndum para el primer ministro Rishi Sunak, preparando el terreno para las elecciones generales del segundo semestre del a\u00f1o. En Londres, el actual alcalde, Sadiq Khan, aspira a la reelecci\u00f3n para un tercer mandato, enfrent\u00e1ndose a las aspirantes Susan Hall, del Partido Conservador, y Zo\u00eb Garbett, del Partido Verde. Los sondeos de opini\u00f3n se muestran favorables actualmente a una nueva victoria del alcalde Khan.<\/p>\n<\/div>\n\n\n\n<div class=\"wp-block-column is-layout-flow wp-block-column-is-layout-flow\">\n<p>Turqu\u00eda atrae de nuevo la atenci\u00f3n mundial a medida que se acercan sus elecciones locales del 31 de marzo de 2024. El actual alcalde de Estambul, Ekrem Imamo\u011flu, aspira a la reelecci\u00f3n para un segundo mandato, compitiendo contra el candidato&nbsp;del partido nacional gobernante, Murat Kurum. La inesperada victoria de Imamo\u011flu en las elecciones de 2019 marc\u00f3 el fin de 25 a\u00f1os de gobierno en Estambul del AKP, el partido del presidente Erdogan. El resultado inicial fue impugnado, lo que condujo a una repetici\u00f3n en la que Imamo\u011flu se asegur\u00f3 la victoria por un margen a\u00fan m\u00e1s significativo. Adem\u00e1s de perder Estambul, el AKP tambi\u00e9n cedi\u00f3 Esmirna y Ankara, la capital, que representan casi una cuarta parte de la poblaci\u00f3n turca. Este resultado suscit\u00f3 un conocido debate sobre la divisi\u00f3n urbano-rural que configura la pol\u00edtica a escala mundial. Sin embargo, en mayo de 2023, Erdogan consigui\u00f3 la reelecci\u00f3n a la presidencia del pa\u00eds con el 52,14 % de los votos, y su partido obtuvo la mayor\u00eda en las elecciones parlamentarias.&nbsp;<\/p>\n\n\n\n<figure class=\"wp-block-image size-large\"><img decoding=\"async\" src=\"\/wp-content\/themes\/uji\/img\/mf24\/local-leadership-3.jpg\" alt=\"\" \/><figcaption class=\"wp-element-caption\"><em>\u00a9 Bhargava Marripati<\/em><\/figcaption><\/figure>\n<\/div>\n<\/div>\n<\/div><\/div>\n\n\n\n<div class=\"wp-block-group narrow-group\"><div class=\"wp-block-group__inner-container is-layout-constrained wp-block-group-is-layout-constrained\">\n<figure class=\"wp-block-image size-large mb-10\"><img decoding=\"async\" src=\"\/wp-content\/themes\/uji\/img\/mf24\/local-leadership-4.jpg\" alt=\"\" \/><figcaption class=\"wp-element-caption\"><em>\u00a9 Stockphoty<\/em><\/figcaption><\/figure>\n\n\n\n<div class=\"wp-block-columns is-layout-flex wp-container-core-columns-is-layout-9d6595d7 wp-block-columns-is-layout-flex\">\n<div class=\"wp-block-column is-layout-flow wp-block-column-is-layout-flow\">\n<p>Las elecciones locales israel\u00edes estaban previstas inicialmente para el 31 de octubre de 2023, pero, debido a la guerra entre Israel y Ham\u00e1s, se aplazaron al 30 de enero de 2024, aunque finalmente se programaron para el 27 de febrero de 2024. La Kn\u00e9set, el Parlamento israel\u00ed, ratific\u00f3 la decisi\u00f3n del Gobierno bas\u00e1ndose en la informaci\u00f3n del ej\u00e9rcito, que alegaba la imposibilidad de liberar a los candidatos integrados en las fuerzas de reserva desplegadas en Gaza. Los alcaldes de Jerusal\u00e9n y Tel Aviv, Moshe Lion y Ron Huldai, optan a la reelecci\u00f3n. Lion asumi\u00f3 el cargo en las elecciones de 2018, mientras que Huldai lo ocupa en Tel Aviv desde 1998.&nbsp;<\/p>\n<\/div>\n\n\n\n<div class=\"wp-block-column is-layout-flow wp-block-column-is-layout-flow\">\n<p>Las elecciones regionales y locales est\u00e1n previstas para el 8 de septiembre de 2024 en varias ciudades y territorios rusos, incluido San Petersburgo. En Mosc\u00fa, las elecciones se celebraron en septiembre de 2023. El alcalde en funciones, Sergu\u00e9i Sobianin, representa al partido nacional gobernante Rusia Unida.<\/p>\n<\/div>\n<\/div>\n<\/div><\/div>\n","protected":false},"excerpt":{"rendered":"<p>Liderazgo local ELECCIONES LOCALES EN 2024 Si bien las elecciones locales y regionales pueden verse eclipsadas por el abrumador \u201ca\u00f1o superelectoral\u201d a escala estatal y supraestatal, varios pa\u00edses, entre ellos B\u00e9lgica, Brasil, Costa Rica, El Salvador, Jamaica, Malta, M\u00e9xico, Turqu\u00eda y el Reino Unido, se disponen a elegir a sus representantes locales en 2024. Ciudades [&hellip;]<\/p>\n","protected":false},"author":1,"featured_media":0,"parent":60,"menu_order":0,"comment_status":"closed","ping_status":"closed","template":"","meta":{"footnotes":""},"class_list":["post-61","page","type-page","status-publish","hentry"],"yoast_head":"<!-- This site is optimized with the Yoast SEO plugin v27.0 - https:\/\/yoast.com\/product\/yoast-seo-wordpress\/ -->\n<title>Liderazgo local - Municipal Forecast - Espa\u00f1ol<\/title>\n<meta name=\"robots\" content=\"index, follow, max-snippet:-1, max-image-preview:large, max-video-preview:-1\" \/>\n<link rel=\"canonical\" href=\"https:\/\/urbanjournalism.institute\/forecast-es\/forecast-2024\/a-vote-for-democracy\/local-leadership\/\" \/>\n<meta property=\"og:locale\" content=\"es_ES\" \/>\n<meta property=\"og:type\" content=\"article\" \/>\n<meta property=\"og:title\" content=\"Liderazgo local - Municipal Forecast - Espa\u00f1ol\" \/>\n<meta property=\"og:description\" content=\"Liderazgo local ELECCIONES LOCALES EN 2024 Si bien las elecciones locales y regionales pueden verse eclipsadas por el abrumador \u201ca\u00f1o superelectoral\u201d a escala estatal y supraestatal, varios pa\u00edses, entre ellos B\u00e9lgica, Brasil, Costa Rica, El Salvador, Jamaica, Malta, M\u00e9xico, Turqu\u00eda y el Reino Unido, se disponen a elegir a sus representantes locales en 2024. Ciudades [&hellip;]\" \/>\n<meta property=\"og:url\" content=\"https:\/\/urbanjournalism.institute\/forecast-es\/forecast-2024\/a-vote-for-democracy\/local-leadership\/\" \/>\n<meta property=\"og:site_name\" content=\"Municipal Forecast - Espa\u00f1ol\" \/>\n<meta property=\"article:modified_time\" content=\"2024-03-06T11:46:36+00:00\" \/>\n<meta name=\"twitter:card\" content=\"summary_large_image\" \/>\n<meta name=\"twitter:label1\" content=\"Tiempo de lectura\" \/>\n\t<meta name=\"twitter:data1\" content=\"6 minutos\" \/>\n<script type=\"application\/ld+json\" class=\"yoast-schema-graph\">{\"@context\":\"https:\/\/schema.org\",\"@graph\":[{\"@type\":\"WebPage\",\"@id\":\"https:\/\/urbanjournalism.institute\/forecast-es\/forecast-2024\/a-vote-for-democracy\/local-leadership\/\",\"url\":\"https:\/\/urbanjournalism.institute\/forecast-es\/forecast-2024\/a-vote-for-democracy\/local-leadership\/\",\"name\":\"Liderazgo local - Municipal Forecast - Espa\u00f1ol\",\"isPartOf\":{\"@id\":\"https:\/\/urbanjournalism.institute\/forecast-es\/#website\"},\"datePublished\":\"2024-02-18T09:30:05+00:00\",\"dateModified\":\"2024-03-06T11:46:36+00:00\",\"breadcrumb\":{\"@id\":\"https:\/\/urbanjournalism.institute\/forecast-es\/forecast-2024\/a-vote-for-democracy\/local-leadership\/#breadcrumb\"},\"inLanguage\":\"es\",\"potentialAction\":[{\"@type\":\"ReadAction\",\"target\":[\"https:\/\/urbanjournalism.institute\/forecast-es\/forecast-2024\/a-vote-for-democracy\/local-leadership\/\"]}]},{\"@type\":\"BreadcrumbList\",\"@id\":\"https:\/\/urbanjournalism.institute\/forecast-es\/forecast-2024\/a-vote-for-democracy\/local-leadership\/#breadcrumb\",\"itemListElement\":[{\"@type\":\"ListItem\",\"position\":1,\"name\":\"Forecast 2024\",\"item\":\"https:\/\/urbanjournalism.institute\/forecast-es\/\"},{\"@type\":\"ListItem\",\"position\":2,\"name\":\"Un voto por la democracia\",\"item\":\"https:\/\/urbanjournalism.institute\/forecast-es\/forecast-2024\/a-vote-for-democracy\/\"},{\"@type\":\"ListItem\",\"position\":3,\"name\":\"Liderazgo local\"}]},{\"@type\":\"WebSite\",\"@id\":\"https:\/\/urbanjournalism.institute\/forecast-es\/#website\",\"url\":\"https:\/\/urbanjournalism.institute\/forecast-es\/\",\"name\":\"Municipal Forecast - Espa\u00f1ol\",\"description\":\"\",\"potentialAction\":[{\"@type\":\"SearchAction\",\"target\":{\"@type\":\"EntryPoint\",\"urlTemplate\":\"https:\/\/urbanjournalism.institute\/forecast-es\/?s={search_term_string}\"},\"query-input\":{\"@type\":\"PropertyValueSpecification\",\"valueRequired\":true,\"valueName\":\"search_term_string\"}}],\"inLanguage\":\"es\"}]}<\/script>\n<!-- \/ Yoast SEO plugin. -->","yoast_head_json":{"title":"Liderazgo local - Municipal Forecast - Espa\u00f1ol","robots":{"index":"index","follow":"follow","max-snippet":"max-snippet:-1","max-image-preview":"max-image-preview:large","max-video-preview":"max-video-preview:-1"},"canonical":"https:\/\/urbanjournalism.institute\/forecast-es\/forecast-2024\/a-vote-for-democracy\/local-leadership\/","og_locale":"es_ES","og_type":"article","og_title":"Liderazgo local - Municipal Forecast - Espa\u00f1ol","og_description":"Liderazgo local ELECCIONES LOCALES EN 2024 Si bien las elecciones locales y regionales pueden verse eclipsadas por el abrumador \u201ca\u00f1o superelectoral\u201d a escala estatal y supraestatal, varios pa\u00edses, entre ellos B\u00e9lgica, Brasil, Costa Rica, El Salvador, Jamaica, Malta, M\u00e9xico, Turqu\u00eda y el Reino Unido, se disponen a elegir a sus representantes locales en 2024. Ciudades [&hellip;]","og_url":"https:\/\/urbanjournalism.institute\/forecast-es\/forecast-2024\/a-vote-for-democracy\/local-leadership\/","og_site_name":"Municipal Forecast - Espa\u00f1ol","article_modified_time":"2024-03-06T11:46:36+00:00","twitter_card":"summary_large_image","twitter_misc":{"Tiempo de lectura":"6 minutos"},"schema":{"@context":"https:\/\/schema.org","@graph":[{"@type":"WebPage","@id":"https:\/\/urbanjournalism.institute\/forecast-es\/forecast-2024\/a-vote-for-democracy\/local-leadership\/","url":"https:\/\/urbanjournalism.institute\/forecast-es\/forecast-2024\/a-vote-for-democracy\/local-leadership\/","name":"Liderazgo local - Municipal Forecast - Espa\u00f1ol","isPartOf":{"@id":"https:\/\/urbanjournalism.institute\/forecast-es\/#website"},"datePublished":"2024-02-18T09:30:05+00:00","dateModified":"2024-03-06T11:46:36+00:00","breadcrumb":{"@id":"https:\/\/urbanjournalism.institute\/forecast-es\/forecast-2024\/a-vote-for-democracy\/local-leadership\/#breadcrumb"},"inLanguage":"es","potentialAction":[{"@type":"ReadAction","target":["https:\/\/urbanjournalism.institute\/forecast-es\/forecast-2024\/a-vote-for-democracy\/local-leadership\/"]}]},{"@type":"BreadcrumbList","@id":"https:\/\/urbanjournalism.institute\/forecast-es\/forecast-2024\/a-vote-for-democracy\/local-leadership\/#breadcrumb","itemListElement":[{"@type":"ListItem","position":1,"name":"Forecast 2024","item":"https:\/\/urbanjournalism.institute\/forecast-es\/"},{"@type":"ListItem","position":2,"name":"Un voto por la democracia","item":"https:\/\/urbanjournalism.institute\/forecast-es\/forecast-2024\/a-vote-for-democracy\/"},{"@type":"ListItem","position":3,"name":"Liderazgo local"}]},{"@type":"WebSite","@id":"https:\/\/urbanjournalism.institute\/forecast-es\/#website","url":"https:\/\/urbanjournalism.institute\/forecast-es\/","name":"Municipal Forecast - Espa\u00f1ol","description":"","potentialAction":[{"@type":"SearchAction","target":{"@type":"EntryPoint","urlTemplate":"https:\/\/urbanjournalism.institute\/forecast-es\/?s={search_term_string}"},"query-input":{"@type":"PropertyValueSpecification","valueRequired":true,"valueName":"search_term_string"}}],"inLanguage":"es"}]}},"_links":{"self":[{"href":"https:\/\/urbanjournalism.institute\/forecast-es\/wp-json\/wp\/v2\/pages\/61","targetHints":{"allow":["GET"]}}],"collection":[{"href":"https:\/\/urbanjournalism.institute\/forecast-es\/wp-json\/wp\/v2\/pages"}],"about":[{"href":"https:\/\/urbanjournalism.institute\/forecast-es\/wp-json\/wp\/v2\/types\/page"}],"author":[{"embeddable":true,"href":"https:\/\/urbanjournalism.institute\/forecast-es\/wp-json\/wp\/v2\/users\/1"}],"replies":[{"embeddable":true,"href":"https:\/\/urbanjournalism.institute\/forecast-es\/wp-json\/wp\/v2\/comments?post=61"}],"version-history":[{"count":2,"href":"https:\/\/urbanjournalism.institute\/forecast-es\/wp-json\/wp\/v2\/pages\/61\/revisions"}],"predecessor-version":[{"id":221,"href":"https:\/\/urbanjournalism.institute\/forecast-es\/wp-json\/wp\/v2\/pages\/61\/revisions\/221"}],"up":[{"embeddable":true,"href":"https:\/\/urbanjournalism.institute\/forecast-es\/wp-json\/wp\/v2\/pages\/60"}],"wp:attachment":[{"href":"https:\/\/urbanjournalism.institute\/forecast-es\/wp-json\/wp\/v2\/media?parent=61"}],"curies":[{"name":"wp","href":"https:\/\/api.w.org\/{rel}","templated":true}]}}