{"id":69,"date":"2024-02-18T09:30:05","date_gmt":"2024-02-18T09:30:05","guid":{"rendered":"https:\/\/urbanjournalism.institute\/forecast-es\/forecast-2024\/urban-walks\/celebrating-jane-jacobs\/"},"modified":"2024-03-06T11:50:44","modified_gmt":"2024-03-06T11:50:44","slug":"celebrating-jane-jacobs","status":"publish","type":"page","link":"https:\/\/urbanjournalism.institute\/forecast-es\/forecast-2024\/urban-walks\/celebrating-jane-jacobs\/","title":{"rendered":"Celebraci\u00f3n de Jane Jacobs"},"content":{"rendered":"\n<div class=\"wp-block-group pt-5\"><div class=\"wp-block-group__inner-container is-layout-constrained wp-block-group-is-layout-constrained\">\n<h1 class=\"wp-block-heading\">URBAN WALKS<\/h1>\n\n\n\n<h4 class=\"wp-block-heading mb-5\"><em>Celebraci\u00f3n de Jane Jacobs<\/em><\/h4>\n\n\n\n<figure class=\"wp-block-image size-large mb-10\"><a href=\"\/wp-content\/themes\/uji\/img\/mf24\/celebrating-jane-jacobs.jpg\" target=\"_blank\" rel=\"noreferrer noopener\"><img decoding=\"async\" src=\"\/wp-content\/themes\/uji\/img\/mf24\/celebrating-jane-jacobs.jpg\" alt=\"\" \/><\/a><figcaption class=\"wp-element-caption\"><em>\u00a9Jane Jacobs Walk. Filipinas: WE MOVE: Ruta gastron\u00f3mica hist\u00f3rica del barrio chino de Davao<\/em><\/figcaption><\/figure>\n\n\n\n<div class=\"wp-block-columns is-layout-flex wp-container-core-columns-is-layout-9d6595d7 wp-block-columns-is-layout-flex\">\n<div class=\"wp-block-column is-layout-flow wp-block-column-is-layout-flow\">\n<p>Las ciudades son organismos vivos, intrincados y en constante evoluci\u00f3n. Cada calle, cada edifi cio y cada rinc\u00f3n cuentan su propia historia. Jane Jacobs, la famosa periodista, urbanista y activista social estadounidense-canadiense, comprendi\u00f3 la importancia de apreciar y comprender la vida urbana desde una perspectiva local. Su legado perdura a trav\u00e9s de los \u201c<a href=\"https:\/\/www.janejacobswalk.org\/\" target=\"_blank\" rel=\"noreferrer noopener\"><em>Jane Jacobs Walks<\/em><\/a>\u201d, actos comunitarios que invitan a explorar, dialogar y apreciar la riqueza que a menudo se pasa por alto en nuestras ciudades. <\/p>\n\n\n\n<p>Los <em>Jane Jacobs Walks<\/em> no son meros paseos por la ciudad, sino manifestaciones de la conexi\u00f3n de las personas con su entorno urbano. Celebrados en todo el mundo a partir del primer fi n de semana de mayo, coincidiendo con el cumplea\u00f1os de Jacobs, estos eventos pretenden revivir la visi\u00f3n de la activista de ciudades centradas en las personas, donde las comunidades locales moldean activamente su entorno. Dirigidos por\u00a0voluntarios locales, estos paseos comparten an\u00e9cdotas y puntos de vista sobre los barrios, fomentando la participaci\u00f3n y la comprensi\u00f3n de los retos y oportunidades a los que se enfrentan las ciudades. <\/p>\n\n\n\n<p>El a\u00f1o pasado, uno de los muchos <em>Jane Jacobs Walks<\/em> tuvo lugar en Davao (Filipinas). Davao, con cerca de 1,8 millones de habitantes, es la mayor ciudad de Mindanao, la tercera m\u00e1s poblada de Filipinas y la segunda \u00e1rea metropolitana. Es conocida por su diversidad cultural, su industria agr\u00edcola y su ambiente acogedor. Entre sus diversos barrios, el paseo que puso de relieve la esencia del <em>Jane Jacobs Walks<\/em> fue el recorrido por el distrito de Chinatown, el \u00fanico de Mindanao y el mayor de Filipinas, con una extensi\u00f3n aproximada de 44 hect\u00e1reas.<\/p>\n\n\n\n<p>Como crisol de culturas, Davao alberga un bullicioso barrio chino que refleja la riqueza hist\u00f3rica y la diversidad de la ciudad, un lugar donde explorar las tradiciones culturales entremezcladas en el tejido comunitario. Fue el alcalde Rodrigo Duterte, m\u00e1s tarde primer presidente de Filipinas originario de Mindanao, quien promulg\u00f3 una orden ejecutiva por la que se declaraba que parte de las residencias y negocios filipino-chinos se concentraban en el Barrio Chino de la ciudad.&nbsp;<\/p>\n<\/div>\n\n\n\n<div class=\"wp-block-column is-layout-flow wp-block-column-is-layout-flow\">\n<p>Los participantes del <em>Jane Jacobs Walk<\/em> de Davao tuvieron la oportunidad de sumergirse en la historia de los residentes, descubriendo la influencia china en la cocina local, la arquitectura de los edificios hist\u00f3ricos y la evoluci\u00f3n de la comunidad.\u00a0<\/p>\n\n\n\n<p>Comenzando en el Davao Famous Restaurant y concluyendo en el Shaxian County Snacks, el Davao <em>Jane Jacobs Walk <\/em>subray\u00f3 la importancia de reconocer la diversidad cultural y entrelazar la gastronom\u00eda y los elementos urbanos como activos inestimables para el desarrollo de la ciudad.<\/p>\n\n\n\n<p>Estos paseos brindan la oportunidad de redescubrir y apreciar la vida urbana y capacitan a las comunidades locales para ser agentes activos en la configuraci\u00f3n de su entorno. A trav\u00e9s de la interacci\u00f3n directa con la&nbsp;gente, los participantes comprenden mejor la din\u00e1mica social y econ\u00f3mica, fomentando un di\u00e1logo enriquecedor sobre la preservaci\u00f3n y el fortalecimiento de la identidad cultural de las ciudades en medio del crecimiento y la globalizaci\u00f3n.&nbsp;<\/p>\n\n\n\n<p>Al participar en un <em>Jane Jacobs Walk<\/em>, las ciudades pueden fomentar las conexiones entre los residentes y crear un sentimiento compartido de pertenencia. Estos paseos ofrecen una plataforma \u00fanica para que l\u00edderes comunitarios, planificadores urbanos y ciudadanos colaboren en la construcci\u00f3n de espacios urbanos m\u00e1s sostenibles, inclusivos y humanos.\u00a0<\/p>\n\n\n\n<p>Invitamos a ciudades de todo el mundo a unirse a este movimiento mundial participando y organizando sus propios<em> Jane Jacobs Walks<\/em> en mayo de 2024.<\/p>\n\n\n\n<p><strong><a href=\"https:\/\/www.janejacobswalk.org\" target=\"_blank\" rel=\"noreferrer noopener\">Para unirse o inscribirse en un Jane Jacobs Walk en su ciudad, <\/a><\/strong><font color=\"#2271b1\"><span><b><u>visit<\/u><\/b><\/span><\/font><strong> <a href=\"https:\/\/www.janejacobswalk.org\" target=\"_blank\" rel=\"noreferrer noopener\">el sitio web oficial y siga los sencillos pasos para organizar un evento.<\/a><\/strong><\/p>\n<\/div>\n<\/div>\n<\/div><\/div>\n\n\n\n<figure class=\"wp-block-image size-large\"><img decoding=\"async\" src=\"\/wp-content\/themes\/uji\/img\/mf24\/celebrating-jane-jacobs-2.jpg\" alt=\"\" \/><figcaption class=\"wp-element-caption\"><em>\u00a9 Phyrrhus Cunanan<\/em><\/figcaption><\/figure>\n","protected":false},"excerpt":{"rendered":"<p>URBAN WALKS Celebraci\u00f3n de Jane Jacobs Las ciudades son organismos vivos, intrincados y en constante evoluci\u00f3n. Cada calle, cada edifi cio y cada rinc\u00f3n cuentan su propia historia. Jane Jacobs, la famosa periodista, urbanista y activista social estadounidense-canadiense, comprendi\u00f3 la importancia de apreciar y comprender la vida urbana desde una perspectiva local. Su legado perdura [&hellip;]<\/p>\n","protected":false},"author":1,"featured_media":0,"parent":68,"menu_order":0,"comment_status":"closed","ping_status":"closed","template":"","meta":{"footnotes":""},"class_list":["post-69","page","type-page","status-publish","hentry"],"yoast_head":"<!-- This site is optimized with the Yoast SEO plugin v27.0 - https:\/\/yoast.com\/product\/yoast-seo-wordpress\/ -->\n<title>Celebraci\u00f3n de Jane Jacobs - Municipal Forecast - Espa\u00f1ol<\/title>\n<meta name=\"robots\" content=\"index, follow, max-snippet:-1, max-image-preview:large, max-video-preview:-1\" \/>\n<link rel=\"canonical\" href=\"https:\/\/urbanjournalism.institute\/forecast-es\/forecast-2024\/urban-walks\/celebrating-jane-jacobs\/\" \/>\n<meta property=\"og:locale\" content=\"es_ES\" \/>\n<meta property=\"og:type\" content=\"article\" \/>\n<meta property=\"og:title\" content=\"Celebraci\u00f3n de Jane Jacobs - Municipal Forecast - Espa\u00f1ol\" \/>\n<meta property=\"og:description\" content=\"URBAN WALKS Celebraci\u00f3n de Jane Jacobs Las ciudades son organismos vivos, intrincados y en constante evoluci\u00f3n. Cada calle, cada edifi cio y cada rinc\u00f3n cuentan su propia historia. Jane Jacobs, la famosa periodista, urbanista y activista social estadounidense-canadiense, comprendi\u00f3 la importancia de apreciar y comprender la vida urbana desde una perspectiva local. Su legado perdura [&hellip;]\" \/>\n<meta property=\"og:url\" content=\"https:\/\/urbanjournalism.institute\/forecast-es\/forecast-2024\/urban-walks\/celebrating-jane-jacobs\/\" \/>\n<meta property=\"og:site_name\" content=\"Municipal Forecast - Espa\u00f1ol\" \/>\n<meta property=\"article:modified_time\" content=\"2024-03-06T11:50:44+00:00\" \/>\n<meta name=\"twitter:card\" content=\"summary_large_image\" \/>\n<meta name=\"twitter:label1\" content=\"Tiempo de lectura\" \/>\n\t<meta name=\"twitter:data1\" content=\"4 minutos\" \/>\n<script type=\"application\/ld+json\" class=\"yoast-schema-graph\">{\"@context\":\"https:\/\/schema.org\",\"@graph\":[{\"@type\":\"WebPage\",\"@id\":\"https:\/\/urbanjournalism.institute\/forecast-es\/forecast-2024\/urban-walks\/celebrating-jane-jacobs\/\",\"url\":\"https:\/\/urbanjournalism.institute\/forecast-es\/forecast-2024\/urban-walks\/celebrating-jane-jacobs\/\",\"name\":\"Celebraci\u00f3n de Jane Jacobs - Municipal Forecast - Espa\u00f1ol\",\"isPartOf\":{\"@id\":\"https:\/\/urbanjournalism.institute\/forecast-es\/#website\"},\"datePublished\":\"2024-02-18T09:30:05+00:00\",\"dateModified\":\"2024-03-06T11:50:44+00:00\",\"breadcrumb\":{\"@id\":\"https:\/\/urbanjournalism.institute\/forecast-es\/forecast-2024\/urban-walks\/celebrating-jane-jacobs\/#breadcrumb\"},\"inLanguage\":\"es\",\"potentialAction\":[{\"@type\":\"ReadAction\",\"target\":[\"https:\/\/urbanjournalism.institute\/forecast-es\/forecast-2024\/urban-walks\/celebrating-jane-jacobs\/\"]}]},{\"@type\":\"BreadcrumbList\",\"@id\":\"https:\/\/urbanjournalism.institute\/forecast-es\/forecast-2024\/urban-walks\/celebrating-jane-jacobs\/#breadcrumb\",\"itemListElement\":[{\"@type\":\"ListItem\",\"position\":1,\"name\":\"Forecast 2024\",\"item\":\"https:\/\/urbanjournalism.institute\/forecast-es\/\"},{\"@type\":\"ListItem\",\"position\":2,\"name\":\"Urban Walks\",\"item\":\"https:\/\/urbanjournalism.institute\/forecast-es\/forecast-2024\/urban-walks\/\"},{\"@type\":\"ListItem\",\"position\":3,\"name\":\"Celebraci\u00f3n de Jane Jacobs\"}]},{\"@type\":\"WebSite\",\"@id\":\"https:\/\/urbanjournalism.institute\/forecast-es\/#website\",\"url\":\"https:\/\/urbanjournalism.institute\/forecast-es\/\",\"name\":\"Municipal Forecast - Espa\u00f1ol\",\"description\":\"\",\"potentialAction\":[{\"@type\":\"SearchAction\",\"target\":{\"@type\":\"EntryPoint\",\"urlTemplate\":\"https:\/\/urbanjournalism.institute\/forecast-es\/?s={search_term_string}\"},\"query-input\":{\"@type\":\"PropertyValueSpecification\",\"valueRequired\":true,\"valueName\":\"search_term_string\"}}],\"inLanguage\":\"es\"}]}<\/script>\n<!-- \/ Yoast SEO plugin. -->","yoast_head_json":{"title":"Celebraci\u00f3n de Jane Jacobs - Municipal Forecast - Espa\u00f1ol","robots":{"index":"index","follow":"follow","max-snippet":"max-snippet:-1","max-image-preview":"max-image-preview:large","max-video-preview":"max-video-preview:-1"},"canonical":"https:\/\/urbanjournalism.institute\/forecast-es\/forecast-2024\/urban-walks\/celebrating-jane-jacobs\/","og_locale":"es_ES","og_type":"article","og_title":"Celebraci\u00f3n de Jane Jacobs - Municipal Forecast - Espa\u00f1ol","og_description":"URBAN WALKS Celebraci\u00f3n de Jane Jacobs Las ciudades son organismos vivos, intrincados y en constante evoluci\u00f3n. Cada calle, cada edifi cio y cada rinc\u00f3n cuentan su propia historia. Jane Jacobs, la famosa periodista, urbanista y activista social estadounidense-canadiense, comprendi\u00f3 la importancia de apreciar y comprender la vida urbana desde una perspectiva local. Su legado perdura [&hellip;]","og_url":"https:\/\/urbanjournalism.institute\/forecast-es\/forecast-2024\/urban-walks\/celebrating-jane-jacobs\/","og_site_name":"Municipal Forecast - Espa\u00f1ol","article_modified_time":"2024-03-06T11:50:44+00:00","twitter_card":"summary_large_image","twitter_misc":{"Tiempo de lectura":"4 minutos"},"schema":{"@context":"https:\/\/schema.org","@graph":[{"@type":"WebPage","@id":"https:\/\/urbanjournalism.institute\/forecast-es\/forecast-2024\/urban-walks\/celebrating-jane-jacobs\/","url":"https:\/\/urbanjournalism.institute\/forecast-es\/forecast-2024\/urban-walks\/celebrating-jane-jacobs\/","name":"Celebraci\u00f3n de Jane Jacobs - Municipal Forecast - Espa\u00f1ol","isPartOf":{"@id":"https:\/\/urbanjournalism.institute\/forecast-es\/#website"},"datePublished":"2024-02-18T09:30:05+00:00","dateModified":"2024-03-06T11:50:44+00:00","breadcrumb":{"@id":"https:\/\/urbanjournalism.institute\/forecast-es\/forecast-2024\/urban-walks\/celebrating-jane-jacobs\/#breadcrumb"},"inLanguage":"es","potentialAction":[{"@type":"ReadAction","target":["https:\/\/urbanjournalism.institute\/forecast-es\/forecast-2024\/urban-walks\/celebrating-jane-jacobs\/"]}]},{"@type":"BreadcrumbList","@id":"https:\/\/urbanjournalism.institute\/forecast-es\/forecast-2024\/urban-walks\/celebrating-jane-jacobs\/#breadcrumb","itemListElement":[{"@type":"ListItem","position":1,"name":"Forecast 2024","item":"https:\/\/urbanjournalism.institute\/forecast-es\/"},{"@type":"ListItem","position":2,"name":"Urban Walks","item":"https:\/\/urbanjournalism.institute\/forecast-es\/forecast-2024\/urban-walks\/"},{"@type":"ListItem","position":3,"name":"Celebraci\u00f3n de Jane Jacobs"}]},{"@type":"WebSite","@id":"https:\/\/urbanjournalism.institute\/forecast-es\/#website","url":"https:\/\/urbanjournalism.institute\/forecast-es\/","name":"Municipal Forecast - Espa\u00f1ol","description":"","potentialAction":[{"@type":"SearchAction","target":{"@type":"EntryPoint","urlTemplate":"https:\/\/urbanjournalism.institute\/forecast-es\/?s={search_term_string}"},"query-input":{"@type":"PropertyValueSpecification","valueRequired":true,"valueName":"search_term_string"}}],"inLanguage":"es"}]}},"_links":{"self":[{"href":"https:\/\/urbanjournalism.institute\/forecast-es\/wp-json\/wp\/v2\/pages\/69","targetHints":{"allow":["GET"]}}],"collection":[{"href":"https:\/\/urbanjournalism.institute\/forecast-es\/wp-json\/wp\/v2\/pages"}],"about":[{"href":"https:\/\/urbanjournalism.institute\/forecast-es\/wp-json\/wp\/v2\/types\/page"}],"author":[{"embeddable":true,"href":"https:\/\/urbanjournalism.institute\/forecast-es\/wp-json\/wp\/v2\/users\/1"}],"replies":[{"embeddable":true,"href":"https:\/\/urbanjournalism.institute\/forecast-es\/wp-json\/wp\/v2\/comments?post=69"}],"version-history":[{"count":6,"href":"https:\/\/urbanjournalism.institute\/forecast-es\/wp-json\/wp\/v2\/pages\/69\/revisions"}],"predecessor-version":[{"id":226,"href":"https:\/\/urbanjournalism.institute\/forecast-es\/wp-json\/wp\/v2\/pages\/69\/revisions\/226"}],"up":[{"embeddable":true,"href":"https:\/\/urbanjournalism.institute\/forecast-es\/wp-json\/wp\/v2\/pages\/68"}],"wp:attachment":[{"href":"https:\/\/urbanjournalism.institute\/forecast-es\/wp-json\/wp\/v2\/media?parent=69"}],"curies":[{"name":"wp","href":"https:\/\/api.w.org\/{rel}","templated":true}]}}