{"id":71,"date":"2024-02-18T09:30:05","date_gmt":"2024-02-18T09:30:05","guid":{"rendered":"https:\/\/urbanjournalism.institute\/forecast-es\/forecast-2024\/paris-2024\/olympic-city-diplomacy\/"},"modified":"2024-08-26T10:53:34","modified_gmt":"2024-08-26T10:53:34","slug":"olympic-city-diplomacy","status":"publish","type":"page","link":"https:\/\/urbanjournalism.institute\/forecast-es\/forecast-2024\/paris-2024\/olympic-city-diplomacy\/","title":{"rendered":"Diplomacia de las ciudades ol\u00edmpicas"},"content":{"rendered":"\n<div class=\"wp-block-group py-5\"><div class=\"wp-block-group__inner-container is-layout-constrained wp-block-group-is-layout-constrained\">\n<h1 class=\"wp-block-heading has-x-large-font-size\">Par\u00eds 2024<\/h1>\n\n\n\n<p class=\"has-large-font-size\">DIPLOMACIA DE LAS CIUDADES<\/p>\n\n\n\n<p class=\"has-large-font-size\">OL\u00cdMPICAS<\/p>\n<\/div><\/div>\n\n\n\n<div class=\"wp-block-group\"><div class=\"wp-block-group__inner-container is-layout-constrained wp-block-group-is-layout-constrained\">\n<div class=\"wp-block-columns is-layout-flex wp-container-core-columns-is-layout-9d6595d7 wp-block-columns-is-layout-flex\">\n<div class=\"wp-block-column is-layout-flow wp-block-column-is-layout-flow\" style=\"flex-basis:33.33%\"><\/div>\n\n\n\n<div class=\"wp-block-column is-layout-flow wp-block-column-is-layout-flow\" style=\"flex-basis:66.66%\">\n<p>En pleno a\u00f1o ol\u00edmpico, Par\u00eds se prepara para acoger sus terceros Juegos, siguiendo los pasos de los celebrados en 1900 y en 1924. Solo Londres ha igualado esta haza\u00f1a, organizando tres Juegos Ol\u00edmpicos: 1908, 1948 y 2012. Los \u00c1ngeles se unir\u00e1 a este exclusivo club en 2028, tras haber sido la sede tambi\u00e9n en 1932 y 1984.\u00a0<\/p>\n\n\n\n<p>A partir de los Juegos Ol\u00edmpicos de 2024 y hasta 2032, se abre un periodo \u00fanico que finaliza con Brisbane como sede de los \u00faltimos. Este lapso destacar\u00e1 tres ciudades comprometidas con la sostenibilidad y la diplomacia de las ciudades, haciendo hincapi\u00e9 en el papel crucial de las ciudades y los territorios locales en un panorama ensombrecido por la geopol\u00edtica nacional.&nbsp;<\/p>\n\n\n\n<p>Par\u00eds es l\u00edder en la aplicaci\u00f3n de varias agendas de sostenibilidad, aunque lo m\u00e1s importante es su enfoque integrador sobre c\u00f3mo deben afrontar las ciudades el cambio clim\u00e1tico. Tambi\u00e9n ha sido un actor clave en la diplomacia de las ciudades y los espacios multilaterales, abogando por que los gobiernos locales se sienten a la mesa de toma de decisiones, y no solo como invitados.<\/p>\n<\/div>\n<\/div>\n<\/div><\/div>\n\n\n\n<figure class=\"wp-block-image size-large\"><img decoding=\"async\" src=\"\/wp-content\/themes\/uji\/img\/mf24\/olympic-city-diplomacy.jpg\" alt=\"\" \/><figcaption class=\"wp-element-caption\"><em>\u00a9Florian Hulleu. Par\u00cds 2024<\/em><\/figcaption><\/figure>\n\n\n\n<div class=\"wp-block-group\"><div class=\"wp-block-group__inner-container is-layout-constrained wp-block-group-is-layout-constrained\">\n<div class=\"wp-block-columns is-layout-flex wp-container-core-columns-is-layout-9d6595d7 wp-block-columns-is-layout-flex\">\n<div class=\"wp-block-column is-layout-flow wp-block-column-is-layout-flow\">\n<p>Anne Hidalgo, la actual alcaldesa y reciente galardonada con el Premio ULI 2023 para Visionarios del Desarrollo Urbano, lidera estos esfuerzos desde 2014, sucediendo a su predecesor, Bertrand Delano\u00eb, que fue alcalde entre 2001 y 2014. Hidalgo fue teniente de alcalde de Delano\u00eb desde 2001, lo que significa que lleva 23 a\u00f1os en un puesto de alta responsabilidad en la capital francesa. Pocos pueden entender, como ella, lo que significa organizar estos Juegos para garantizar un legado a los ciudadanos parisinos y de todo el mundo.&nbsp;<\/p>\n\n\n\n<p><strong>La ciudad, en el centro de la narraci\u00f3n&nbsp;<\/strong><\/p>\n\n\n\n<p>Si hab\u00eda dudas sobre si Par\u00eds aprovechar\u00eda esta oportunidad \u00fanica para transmitir un mensaje, se disiparon cuando se desvelaron los planes para la ceremonia de inauguraci\u00f3n. Por primera vez, no se celebrar\u00e1 en el Estadio Ol\u00edmpico. El 26 de julio de 2024, los atletas desfilar\u00e1n a lo largo del r\u00edo Sena en embarcaciones designadas para cada delegaci\u00f3n nacional, equipadas con c\u00e1maras que permitir\u00e1n a los telespectadores y al p\u00fablico en l\u00ednea ver de cerca a los deportistas. El recorrido de seis kil\u00f3metros concluir\u00e1 frente al Trocadero, un barrio cercano a la Torre Eiffel, donde se desarrollar\u00e1n los restantes actos del protocolo ol\u00edmpico y el final del espect\u00e1culo.&nbsp;<\/p>\n\n\n\n<p>Ya sea la ic\u00f3nica imagen del saltador de trampol\u00edn con la Sagrada Familia de fondo de Barcelona\u201992, las maravillas arquitect\u00f3nicas de estadios e infraestructuras deportivas o los maratonianos recorriendo las calles de las ciudades ol\u00edmpicas imitando la carrera de Fil\u00edpides de Marat\u00f3n a Atenas para llevar a los atenienses la noticia de la victoria griega, los Juegos Ol\u00edmpicos de Par\u00eds 2024 est\u00e1n destinados a convertirse en una de esas im\u00e1genes hist\u00f3ricas.<\/p>\n<\/div>\n\n\n\n<div class=\"wp-block-column is-layout-flow wp-block-column-is-layout-flow\">\n<p>Con el Sena como punto central de los Juegos y albergando tanto la ceremonia de inauguraci\u00f3n como algunas competiciones, junto con otros lugares emblem\u00e1ticos de Par\u00eds como el Campo de Marte o el Trocadero, el acontecimiento se acerca a los parisinos. Podr\u00e1n disfrutarlo de forma accesible, en pleno centro de la ciudad, ahora con una trascendencia que desarrollar\u00e1 nuevas formas de relaci\u00f3n entre los ciudadanos y el espacio p\u00fablico que habitan. Es una forma de capitalizar las acciones de saneamiento y regeneraci\u00f3n para mejorar la ciudad, implicar al espacio e impregnarlo de un mensaje que perdurar\u00e1 durante d\u00e9cadas.&nbsp;<\/p>\n\n\n\n<p>Otras sedes y edificios al aire libre en el coraz\u00f3n de la ciudad ser\u00e1n la plaza de la Concordia, la explanada de Los Inv\u00e1lidos o el Grand Palais, este \u00faltimo con competiciones como la esgrima o taekwondo. Pero los Juegos tambi\u00e9n tendr\u00e1n sedes en toda la regi\u00f3n de \u00cele-de-France, desde Yvelines hasta Hauts-de-Seine, Seine-et-Marne y Seine-Saint-Denis. Esta \u00faltima albergar\u00e1 la Villa Ol\u00edmpica y Paral\u00edmpica, la Villa de los Medios de Comunicaci\u00f3n y seis deportes.&nbsp;<\/p>\n\n\n\n<p>Todo el mundo espera m\u00e1s sorpresas durante la ceremonia de inauguraci\u00f3n, aquellas que puedan enviar un mensaje de paz, solidaridad y esperanza. Los valores relacionados con el movimiento ol\u00edmpico siempre se ponen de relieve en los momentos estelares de los Juegos, y probablemente ser\u00e1 a\u00fan m\u00e1s evidente en Par\u00eds, dado el actual contexto mundial y al tratarse de una ciudad que no ha esquivado sus compromisos y responsabilidades en las \u00faltimas d\u00e9cadas.<\/p>\n<\/div>\n<\/div>\n\n\n\n<hr class=\"wp-block-separator has-alpha-channel-opacity is-style-dots mt-10\" \/>\n\n\n\n<div class=\"wp-block-columns mt-10 is-layout-flex wp-container-core-columns-is-layout-9d6595d7 wp-block-columns-is-layout-flex\">\n<div class=\"wp-block-column is-layout-flow wp-block-column-is-layout-flow\">\n<p>El valor no tan claro de la igualdad de g\u00e9nero en los or\u00edgenes del movimiento ol\u00edmpico tambi\u00e9n ha sido uno de los objetivos de los organizadores de Par\u00eds y del COI. Sin duda veremos m\u00e1s sobre este tema durante la ceremonia de inauguraci\u00f3n. En un intento por cumplir las normas exigidas a una organizaci\u00f3n internacional, el COI puso en marcha en 2021 un plan para consolidar los Juegos Ol\u00edmpicos como una de las plataformas mundiales m\u00e1s influyentes en la promoci\u00f3n de la igualdad de g\u00e9nero. En 2022, la Comisi\u00f3n Ejecutiva del COI alcanz\u00f3 la paridad de g\u00e9nero, con el 50 % de los cargos ocupados por mujeres. El COI tambi\u00e9n aboga por abanderados conjuntos masculinos y femeninos. Esta fue tambi\u00e9n una petici\u00f3n en los Juegos de Tokio, y el 91% de los comit\u00e9s nacionales participantes cumplieron.&nbsp;<\/p>\n\n\n\n<p>El Equipo Ol\u00edmpico de Refugiados del COI tambi\u00e9n tendr\u00e1 un papel estelar en la inauguraci\u00f3n, record\u00e1ndonos la dram\u00e1tica experiencia del desplazamiento para millones de personas. Atletas de Afganist\u00e1n, Eritrea, Etiop\u00eda, Ir\u00e1n, Sud\u00e1n del Sur y Siria competir\u00e1n bajo la bandera del Comit\u00e9 Ol\u00edmpico Internacional.&nbsp;<\/p>\n\n\n\n<p>El placer visual del momento y el hito en la historia de la retransmisi\u00f3n, con la complejidad de cubrir un espacio abierto y el r\u00edo como centro, se centrar\u00e1n en el poderoso y significativo mensaje que sin duda transmitir\u00e1 Par\u00eds.&nbsp;<\/p>\n\n\n\n<p>Hidalgo se enfrentar\u00e1, en cualquier caso, a la depresi\u00f3n posterior a los Juegos, cuando la escena mundial haya pasado a mejor vida. Resulta dif\u00edcil para los ciudadanos comprender los grandes esfuerzos, expresados principalmente en los n\u00fameros rojos, que se invierten en semejante empresa. Este podr\u00eda ser un momento oportuno para dilucidar cu\u00e1nto gastan diariamente las autoridades locales en prestar servicios a los ciudadanos y qu\u00e9 poco reciben del gobierno nacional. Estos Juegos Ol\u00edmpicos deber\u00edan mostrar lo que algunas ciudades est\u00e1n haciendo en beneficio de todos, ejemplificando el compromiso a largo plazo de Par\u00eds con la agenda medioambiental y social.<\/p>\n<\/div>\n\n\n\n<div class=\"wp-block-column p-6 has-vivid-cyan-blue-color has-light-green-cyan-background-color has-text-color has-background has-link-color wp-elements-4c9454c18d437770dd77bfebf5a55d59 is-layout-flow wp-block-column-is-layout-flow\">\n<h2 class=\"wp-block-heading text-underline font-normal has-large-font-size\">En primer plano<\/h2>\n\n\n\n<p>Varias iniciativas dignas de menci\u00f3n est\u00e1n en juego en lo que prometen ser los Juegos Ol\u00edmpicos m\u00e1s respetuosos con el medio ambiente. Una de ellas es la construcci\u00f3n del dep\u00f3sito de aguas pluviales de Austerlitz, perfectamente integrado en una red de dep\u00f3sitos y depuradoras de toda la capital y sus alrededores. Este sistema garantiza que todas las embarcaciones en el r\u00edo y las estructuras flotantes est\u00e9n perfectamente conectadas a la red de drenaje y saneamiento, asegurando la calidad del agua para su disfrute durante los Juegos y el posterior uso en el Sena por los ciudadanos.&nbsp;<\/p>\n\n\n\n<p>Otros esfuerzos, como el programa \u201c<em>R\u00e9inventer Paris<\/em>\u201d, que promueve la construcci\u00f3n sostenible y la agricultura urbana, la creaci\u00f3n de un carril bici que conecte las sedes ol\u00edmpicas y la aplicaci\u00f3n del concepto de \u201cciudad en 15 minutos\u201d mediante una nueva l\u00ednea de transporte r\u00e1pido de este a oeste, pretenden crear un legado duradero para Par\u00eds. En consecuencia, los organizadores del evento se han comprometido a reducir las emisiones de carbono en un 50 %. Un enfoque innovador consiste en utilizar pl\u00e1stico reciclado de los contenedores de Seine-Saint-Denis para fabricar los asientos para los espectadores del evento.&nbsp;<\/p>\n\n\n\n<p>A medida que Par\u00eds se prepara para los Juegos Ol\u00edmpicos de 2024, surge una estrategia distintiva que hace hincapi\u00e9 en la utilizaci\u00f3n de las estructuras existentes y las sedes temporales para minimizar la necesidad de nuevos proyectos arquitect\u00f3nicos. La atenci\u00f3n se centra en la ciudad, incluida la esperada \u201creconquista\u201d del Sena, con planes para limpiar el r\u00edo y crear nuevos espacios recreativos.<\/p>\n<\/div>\n<\/div>\n<\/div><\/div>\n","protected":false},"excerpt":{"rendered":"<p>Par\u00eds 2024 DIPLOMACIA DE LAS CIUDADES OL\u00cdMPICAS En pleno a\u00f1o ol\u00edmpico, Par\u00eds se prepara para acoger sus terceros Juegos, siguiendo los pasos de los celebrados en 1900 y en 1924. Solo Londres ha igualado esta haza\u00f1a, organizando tres Juegos Ol\u00edmpicos: 1908, 1948 y 2012. Los \u00c1ngeles se unir\u00e1 a este exclusivo club en 2028, tras [&hellip;]<\/p>\n","protected":false},"author":1,"featured_media":0,"parent":70,"menu_order":0,"comment_status":"closed","ping_status":"closed","template":"","meta":{"footnotes":""},"class_list":["post-71","page","type-page","status-publish","hentry"],"yoast_head":"<!-- This site is optimized with the Yoast SEO plugin v27.0 - https:\/\/yoast.com\/product\/yoast-seo-wordpress\/ -->\n<title>Diplomacia de las ciudades ol\u00edmpicas - Municipal Forecast - Espa\u00f1ol<\/title>\n<meta name=\"robots\" content=\"index, follow, max-snippet:-1, max-image-preview:large, max-video-preview:-1\" \/>\n<link rel=\"canonical\" href=\"https:\/\/urbanjournalism.institute\/forecast-es\/forecast-2024\/paris-2024\/olympic-city-diplomacy\/\" \/>\n<meta property=\"og:locale\" content=\"es_ES\" \/>\n<meta property=\"og:type\" content=\"article\" \/>\n<meta property=\"og:title\" content=\"Diplomacia de las ciudades ol\u00edmpicas - Municipal Forecast - Espa\u00f1ol\" \/>\n<meta property=\"og:description\" content=\"Par\u00eds 2024 DIPLOMACIA DE LAS CIUDADES OL\u00cdMPICAS En pleno a\u00f1o ol\u00edmpico, Par\u00eds se prepara para acoger sus terceros Juegos, siguiendo los pasos de los celebrados en 1900 y en 1924. Solo Londres ha igualado esta haza\u00f1a, organizando tres Juegos Ol\u00edmpicos: 1908, 1948 y 2012. Los \u00c1ngeles se unir\u00e1 a este exclusivo club en 2028, tras [&hellip;]\" \/>\n<meta property=\"og:url\" content=\"https:\/\/urbanjournalism.institute\/forecast-es\/forecast-2024\/paris-2024\/olympic-city-diplomacy\/\" \/>\n<meta property=\"og:site_name\" content=\"Municipal Forecast - Espa\u00f1ol\" \/>\n<meta property=\"article:modified_time\" content=\"2024-08-26T10:53:34+00:00\" \/>\n<meta name=\"twitter:card\" content=\"summary_large_image\" \/>\n<meta name=\"twitter:label1\" content=\"Tiempo de lectura\" \/>\n\t<meta name=\"twitter:data1\" content=\"7 minutos\" \/>\n<script type=\"application\/ld+json\" class=\"yoast-schema-graph\">{\"@context\":\"https:\/\/schema.org\",\"@graph\":[{\"@type\":\"WebPage\",\"@id\":\"https:\/\/urbanjournalism.institute\/forecast-es\/forecast-2024\/paris-2024\/olympic-city-diplomacy\/\",\"url\":\"https:\/\/urbanjournalism.institute\/forecast-es\/forecast-2024\/paris-2024\/olympic-city-diplomacy\/\",\"name\":\"Diplomacia de las ciudades ol\u00edmpicas - Municipal Forecast - Espa\u00f1ol\",\"isPartOf\":{\"@id\":\"https:\/\/urbanjournalism.institute\/forecast-es\/#website\"},\"datePublished\":\"2024-02-18T09:30:05+00:00\",\"dateModified\":\"2024-08-26T10:53:34+00:00\",\"breadcrumb\":{\"@id\":\"https:\/\/urbanjournalism.institute\/forecast-es\/forecast-2024\/paris-2024\/olympic-city-diplomacy\/#breadcrumb\"},\"inLanguage\":\"es\",\"potentialAction\":[{\"@type\":\"ReadAction\",\"target\":[\"https:\/\/urbanjournalism.institute\/forecast-es\/forecast-2024\/paris-2024\/olympic-city-diplomacy\/\"]}]},{\"@type\":\"BreadcrumbList\",\"@id\":\"https:\/\/urbanjournalism.institute\/forecast-es\/forecast-2024\/paris-2024\/olympic-city-diplomacy\/#breadcrumb\",\"itemListElement\":[{\"@type\":\"ListItem\",\"position\":1,\"name\":\"Forecast 2024\",\"item\":\"https:\/\/urbanjournalism.institute\/forecast-es\/\"},{\"@type\":\"ListItem\",\"position\":2,\"name\":\"Par\u00eds 2024\",\"item\":\"https:\/\/urbanjournalism.institute\/forecast-es\/forecast-2024\/paris-2024\/\"},{\"@type\":\"ListItem\",\"position\":3,\"name\":\"Diplomacia de las ciudades ol\u00edmpicas\"}]},{\"@type\":\"WebSite\",\"@id\":\"https:\/\/urbanjournalism.institute\/forecast-es\/#website\",\"url\":\"https:\/\/urbanjournalism.institute\/forecast-es\/\",\"name\":\"Municipal Forecast - Espa\u00f1ol\",\"description\":\"\",\"potentialAction\":[{\"@type\":\"SearchAction\",\"target\":{\"@type\":\"EntryPoint\",\"urlTemplate\":\"https:\/\/urbanjournalism.institute\/forecast-es\/?s={search_term_string}\"},\"query-input\":{\"@type\":\"PropertyValueSpecification\",\"valueRequired\":true,\"valueName\":\"search_term_string\"}}],\"inLanguage\":\"es\"}]}<\/script>\n<!-- \/ Yoast SEO plugin. -->","yoast_head_json":{"title":"Diplomacia de las ciudades ol\u00edmpicas - Municipal Forecast - Espa\u00f1ol","robots":{"index":"index","follow":"follow","max-snippet":"max-snippet:-1","max-image-preview":"max-image-preview:large","max-video-preview":"max-video-preview:-1"},"canonical":"https:\/\/urbanjournalism.institute\/forecast-es\/forecast-2024\/paris-2024\/olympic-city-diplomacy\/","og_locale":"es_ES","og_type":"article","og_title":"Diplomacia de las ciudades ol\u00edmpicas - Municipal Forecast - Espa\u00f1ol","og_description":"Par\u00eds 2024 DIPLOMACIA DE LAS CIUDADES OL\u00cdMPICAS En pleno a\u00f1o ol\u00edmpico, Par\u00eds se prepara para acoger sus terceros Juegos, siguiendo los pasos de los celebrados en 1900 y en 1924. Solo Londres ha igualado esta haza\u00f1a, organizando tres Juegos Ol\u00edmpicos: 1908, 1948 y 2012. Los \u00c1ngeles se unir\u00e1 a este exclusivo club en 2028, tras [&hellip;]","og_url":"https:\/\/urbanjournalism.institute\/forecast-es\/forecast-2024\/paris-2024\/olympic-city-diplomacy\/","og_site_name":"Municipal Forecast - Espa\u00f1ol","article_modified_time":"2024-08-26T10:53:34+00:00","twitter_card":"summary_large_image","twitter_misc":{"Tiempo de lectura":"7 minutos"},"schema":{"@context":"https:\/\/schema.org","@graph":[{"@type":"WebPage","@id":"https:\/\/urbanjournalism.institute\/forecast-es\/forecast-2024\/paris-2024\/olympic-city-diplomacy\/","url":"https:\/\/urbanjournalism.institute\/forecast-es\/forecast-2024\/paris-2024\/olympic-city-diplomacy\/","name":"Diplomacia de las ciudades ol\u00edmpicas - Municipal Forecast - Espa\u00f1ol","isPartOf":{"@id":"https:\/\/urbanjournalism.institute\/forecast-es\/#website"},"datePublished":"2024-02-18T09:30:05+00:00","dateModified":"2024-08-26T10:53:34+00:00","breadcrumb":{"@id":"https:\/\/urbanjournalism.institute\/forecast-es\/forecast-2024\/paris-2024\/olympic-city-diplomacy\/#breadcrumb"},"inLanguage":"es","potentialAction":[{"@type":"ReadAction","target":["https:\/\/urbanjournalism.institute\/forecast-es\/forecast-2024\/paris-2024\/olympic-city-diplomacy\/"]}]},{"@type":"BreadcrumbList","@id":"https:\/\/urbanjournalism.institute\/forecast-es\/forecast-2024\/paris-2024\/olympic-city-diplomacy\/#breadcrumb","itemListElement":[{"@type":"ListItem","position":1,"name":"Forecast 2024","item":"https:\/\/urbanjournalism.institute\/forecast-es\/"},{"@type":"ListItem","position":2,"name":"Par\u00eds 2024","item":"https:\/\/urbanjournalism.institute\/forecast-es\/forecast-2024\/paris-2024\/"},{"@type":"ListItem","position":3,"name":"Diplomacia de las ciudades ol\u00edmpicas"}]},{"@type":"WebSite","@id":"https:\/\/urbanjournalism.institute\/forecast-es\/#website","url":"https:\/\/urbanjournalism.institute\/forecast-es\/","name":"Municipal Forecast - Espa\u00f1ol","description":"","potentialAction":[{"@type":"SearchAction","target":{"@type":"EntryPoint","urlTemplate":"https:\/\/urbanjournalism.institute\/forecast-es\/?s={search_term_string}"},"query-input":{"@type":"PropertyValueSpecification","valueRequired":true,"valueName":"search_term_string"}}],"inLanguage":"es"}]}},"_links":{"self":[{"href":"https:\/\/urbanjournalism.institute\/forecast-es\/wp-json\/wp\/v2\/pages\/71","targetHints":{"allow":["GET"]}}],"collection":[{"href":"https:\/\/urbanjournalism.institute\/forecast-es\/wp-json\/wp\/v2\/pages"}],"about":[{"href":"https:\/\/urbanjournalism.institute\/forecast-es\/wp-json\/wp\/v2\/types\/page"}],"author":[{"embeddable":true,"href":"https:\/\/urbanjournalism.institute\/forecast-es\/wp-json\/wp\/v2\/users\/1"}],"replies":[{"embeddable":true,"href":"https:\/\/urbanjournalism.institute\/forecast-es\/wp-json\/wp\/v2\/comments?post=71"}],"version-history":[{"count":4,"href":"https:\/\/urbanjournalism.institute\/forecast-es\/wp-json\/wp\/v2\/pages\/71\/revisions"}],"predecessor-version":[{"id":255,"href":"https:\/\/urbanjournalism.institute\/forecast-es\/wp-json\/wp\/v2\/pages\/71\/revisions\/255"}],"up":[{"embeddable":true,"href":"https:\/\/urbanjournalism.institute\/forecast-es\/wp-json\/wp\/v2\/pages\/70"}],"wp:attachment":[{"href":"https:\/\/urbanjournalism.institute\/forecast-es\/wp-json\/wp\/v2\/media?parent=71"}],"curies":[{"name":"wp","href":"https:\/\/api.w.org\/{rel}","templated":true}]}}