{"id":15,"date":"2023-02-20T07:40:59","date_gmt":"2023-02-20T07:40:59","guid":{"rendered":"https:\/\/urbanjournalism.institute\/forecast\/fr\/forecast-2023\/journalisme-urbain\/comprendre-le-local\/"},"modified":"2023-02-20T07:40:59","modified_gmt":"2023-02-20T07:40:59","slug":"comprendre-le-local","status":"publish","type":"page","link":"https:\/\/urbanjournalism.institute\/forecast-fr\/forecast-2023\/journalisme-urbain\/comprendre-le-local\/","title":{"rendered":"Compr\u00e9hension locale"},"content":{"rendered":"\n<header class=\"wp-block-group\"><div class=\"wp-block-group__inner-container is-layout-constrained wp-block-group-is-layout-constrained\">\n<h1 class=\"wp-block-heading\">Urban&nbsp;Journalism<\/h1>\n\n\n\n<h4 class=\"wp-block-heading\"><em>Compr\u00e9hension locale<\/em><\/h4>\n<\/div><\/header>\n\n\n\n<div class=\"wp-block-group\"><div class=\"wp-block-group__inner-container is-layout-constrained wp-block-group-is-layout-constrained\">\n<div class=\"wp-block-columns is-layout-flex wp-container-core-columns-is-layout-9d6595d7 wp-block-columns-is-layout-flex\">\n<div class=\"wp-block-column is-layout-flow wp-block-column-is-layout-flow\">\n<p>Fin 2022, Google a r\u00e9v\u00e9l\u00e9 la quantit\u00e9 d\u2019eau que ses \u201cdatacenters\u201d utilisent chaque ann\u00e9e pour refroidir les ordinateurs du monde entier. Les donn\u00e9es ont \u00e9t\u00e9 publi\u00e9es apr\u00e8s la contrainte exerc\u00e9e sur le conseil municipal de la ville de The Dalles par&nbsp;<em>The Oregonian<\/em>, un quotidien bas\u00e9 \u00e0 Portland, pour rendre transparent l\u2019accord relatif \u00e0 l\u2019usage de l\u2019eau.&nbsp;<\/p>\n\n\n\n<figure class=\"wp-block-image size-large\"><img decoding=\"async\" src=\"https:\/\/urbanjournalism.institute\/forecast\/wp-content\/themes\/forecast\/dist\/assets\/images\/editorial\/page-4-portrait.jpg\" alt=\"\" \/><\/figure>\n\n\n\n<p>Lorsqu\u2019en novembre 2021, le conseil municipal de The Dalles a annonc\u00e9 un accord avec Google pour fournir de l\u2019eau \u00e0 deux datacenters suppl\u00e9mentaires,&nbsp;<em>The Oregonian&nbsp;<\/em>a demand\u00e9 \u00e0 la ville des documents publics sur l\u2019utilisation de l\u2019eau et son impact sur le territoire, frapp\u00e9 par la s\u00e9cheresse.<\/p>\n\n\n\n<p>Le conseil municipal de The Dalles a non seulement refus\u00e9 de fournir les chiffres, arguant qu\u2019il s\u2019agissait d\u2019un \u201csecret commercial\u201d, mais a poursuivi le journal en justice. Apr\u00e8s une bataille juridique de 13 mois, un accord entre les deux parties a permis au public d\u2019acc\u00e9der \u00e0 10 ans de donn\u00e9es sur l\u2019utilisation de l\u2019eau par Google et a entra\u00een\u00e9 l\u2019obligation de les maintenir disponibles \u00e0 l\u2019avenir. Cet accord est intervenu quelques semaines apr\u00e8s la publication sur le blog de Google d\u2019un article sur le refroidissement des centres de donn\u00e9es dits \u201crespectueux du climat\u201d, dans lequel figuraient les chiffres relatifs \u00e0 la consommation d\u2019eau pour 2021. Le parc mondial de datacenters a consomm\u00e9 plus de 15 milliards de litres d\u2019eau, dont pr\u00e8s de 80 % aux \u00c9tats-Unis. Dans le cas de The Dalles, la consommation s\u2019\u00e9l\u00e8ve \u00e0 1,25 milliard de litres d\u2019eau en 2021, soit 29 % de la consommation totale d\u2019eau de la ville, ce qui repr\u00e9sente un triplement par rapport \u00e0 la d\u00e9cennie pr\u00e9c\u00e9dente.<\/p>\n\n\n\n<p>Cet accord judiciaire est une bonne nouvelle pour le journalisme et pour les citoyens. En g\u00e9n\u00e9ral, les d\u00e9cisions prises par les gouvernements nationaux, r\u00e9gionaux ou locaux ont un impact sur la physionomie de la ville, sa durabilit\u00e9 \u00e9conomique et son coh\u00e9sion sociale. N\u00e9anmoins, pour sensibiliser \u00e0 ces dynamiques, il faut non seulement des journalistes form\u00e9s et des m\u00e9dias engag\u00e9s, mais aussi des communicants capables de d\u00e9livrer des messages efficaces sur l\u2019impact positif des transformations urbaines sur les populations locales. Cela signifie que les m\u00e9dias, les journalistes et les responsables de la communication doivent faire un effort pour comprendre comment les villes sont planifi\u00e9es, g\u00e9r\u00e9es et gouvern\u00e9es.<\/p>\n\n\n\n<p>&nbsp;<\/p>\n\n\n\n<p><\/p>\n\n\n\n<p>&nbsp;<\/p>\n<\/div>\n\n\n\n<div class=\"wp-block-column is-layout-flow wp-block-column-is-layout-flow\">\n<p>Pour atteindre l\u2019objectif de rendre les villes et les territoires durables, un engagement est n\u00e9cessaire de la part des gouvernements, mais c\u2019est aussi un changement profond dans la narration des r\u00e9cits urbains et dans la sensibilisation de la population au d\u00e9veloppement durable des villes. Les m\u00e9dias ont un r\u00f4le d\u00e9cisif \u00e0 jouer dans la diffusion de ces enjeux.<\/p>\n\n\n\n<p>C\u2019est la raison pour laquelle OnCities2030 a fond\u00e9 l\u2019Institut de Journalisme Urbain (Urban Journalism Institute). Le concept de&nbsp;<strong>journalisme urbain&nbsp;<\/strong>va au-del\u00e0 des nouvelles centr\u00e9es sur les villes ou du contenu produit par les m\u00e9dias locaux. Il s\u2019agit&nbsp;d\u2019un&nbsp;<strong>journalisme qui couvre sp\u00e9cifiquement les dynamiques urbaines<\/strong>, qui d\u00e9terminent si une ville est durable ou non, mais surtout si la gestion de la ville affecte sa durabilit\u00e9 et ses citoyens.<\/p>\n\n\n\n<p>Le\u00a0<strong><em>Municipal Forecast 2023\u00a0<\/em><\/strong>a pour objet d\u2019offrir un aper\u00e7u des priorit\u00e9s des collectivit\u00e9s locales et r\u00e9gionales, de leurs associations et de leurs r\u00e9seaux. Elles offrent une perspective nouvelle sur les tendances mondiales et encouragent les m\u00e9dias et les communicants du monde entier \u00e0 s\u2019en inspirer pour expliquer et informer les citoyens sur des ph\u00e9nom\u00e8nes complexes et souvent peu document\u00e9s.<\/p>\n\n\n\n<p>Cet effort s\u2019inscrit dans le cadre de la campagne mondiale&nbsp;<strong>Media for Cities&nbsp;<\/strong>(des M\u00e9dias pour les Villes), lanc\u00e9e avec le soutien d\u00e9cisif de CGLU lors du Congr\u00e8s Mondial de Daejeon en octobre 2022. Promouvoir le journalisme urbain et les sujets li\u00e9s aux villes au sein des r\u00e9dactions peut acc\u00e9l\u00e9rer des politiques et entra\u00eener une am\u00e9lioration \u00e0 long terme de la vie des citoyens.&nbsp;<\/p>\n\n\n\n<p>C\u2019est aussi \u00e0 Daejeon que la premi\u00e8re \u00e9dition du&nbsp;<strong><em>Municipal Times Journal&nbsp;<\/em><\/strong>a \u00e9t\u00e9 publi\u00e9e. Ce m\u00e9dia a unifi\u00e9 deux objectifs compl\u00e9mentaires : la mission essentielle de CGLU, qui est d\u2019amplifier les voix du mouvement municipal, et la vocation de l\u2019Institut de journalisme urbain, qui est de favoriser la diffusion d\u2019informations sur le d\u00e9veloppement durable des villes. Le Congr\u00e8s Mondial de CGLU en 2022 fut le th\u00e9\u00e2tre d\u2019une exp\u00e9rimentation pilote de diffusion en temps r\u00e9el des messages cl\u00e9s issus de l\u2019\u00e9v\u00e9nement. La Retraite de CGLU \u00e0 Barcelone suivra en f\u00e9vrier 2023, b\u00e2tissant ainsi un patrimoine riche de r\u00e9f\u00e9rences tir\u00e9es des \u00e9v\u00e9nements consacr\u00e9s aux villes et de solutions tourn\u00e9es vers l\u2019action.<\/p>\n\n\n\n<p>Media for Cities ajoutera au Forecast deux initiatives. La Retraite de CGLU \u00e0 Barcelone en f\u00e9vrier 2023 et le Bureau ex\u00e9cutif de CGLU \u00e0 Bruxelles en juin 2023 incluront ainsi un d\u00e9bat public avec des repr\u00e9sentants influents des m\u00e9dias pour \u00e9laborer des strat\u00e9gies sur la fa\u00e7on de d\u00e9velopper durablement les villes. Une formation d\u00e9di\u00e9e au journalisme urbain sera propos\u00e9e aux journalistes, aux communicants et aux responsables m\u00e9dias \u00e0 Bruxelles en juin 2023.<\/p>\n\n\n\n<p>Toute en couvrant les urgences de notre \u00e9poque, la crise \u00e9conomique, la d\u00e9tresse des r\u00e9fugi\u00e9s et des migrants, les luttes des femmes ou les catastrophes naturelles, les m\u00e9dias parlent aussi de la fa\u00e7on dont les villes sont planifi\u00e9es, g\u00e9r\u00e9es et habit\u00e9es. Comme cela s\u2019est observ\u00e9 \u00e0 partir des ann\u00e9es 1960 avec le journalisme environnemental, il est d\u00e9sormais urgent de renforcer et soutenir le journalisme urbain afin d\u2019informer et de sensibiliser au d\u00e9veloppement urbain durable et au r\u00f4le d\u00e9terminant des collectivit\u00e9s locales et r\u00e9gionales face aux d\u00e9fis mondiaux.<\/p>\n\n\n\n<figure class=\"wp-block-image size-large\"><img decoding=\"async\" src=\"https:\/\/urbanjournalism.institute\/forecast\/wp-content\/themes\/forecast\/dist\/assets\/images\/editorial\/page-5-landscape.jpg\" alt=\"\" \/><figcaption class=\"wp-element-caption\"><em>\u00a9 enginakyurt<\/em><\/figcaption><\/figure>\n<\/div>\n<\/div>\n<\/div><\/div>\n\n\n\n<figure class=\"wp-block-image size-large\"><img decoding=\"async\" src=\"https:\/\/urbanjournalism.institute\/forecast\/wp-content\/themes\/forecast\/dist\/assets\/images\/layouts\/full%20screen.png\" alt=\"\" \/><\/figure>\n\n\n\n<div class=\"wp-block-group narrow-group has-pale-pink-background-color has-background\"><div class=\"wp-block-group__inner-container is-layout-constrained wp-block-group-is-layout-constrained\">\n<h2 class=\"wp-block-heading text-decoration-underline has-vivid-red-color has-text-color\"><strong>Pour aller plus loin<\/strong><\/h2>\n\n\n\n<p class=\"lead has-vivid-red-color has-text-color\">Les conf\u00e9rences, les congr\u00e8s, les forums, les d\u00e9bats, les ateliers ont la triste r\u00e9putation d\u2019\u00eatre des \u00e9v\u00e9nements bavards ne m\u00e9ritant pas d\u2019\u00eatre couverts. Cependant, si vous souhaitez comprendre comment les collectivit\u00e9s locales et r\u00e9gionales contribuent \u00e0 revitaliser le syst\u00e8me multilat\u00e9ral et \u00e0 faire entendre la voix de tous dans le processus d\u00e9cisionnel, voici les lieux o\u00f9 vous rendre.&nbsp;<\/p>\n\n\n\n<div style=\"height:30px\" aria-hidden=\"true\" class=\"wp-block-spacer\"><\/div>\n\n\n\n<div class=\"wp-block-columns is-layout-flex wp-container-core-columns-is-layout-9d6595d7 wp-block-columns-is-layout-flex\">\n<div class=\"wp-block-column is-layout-flow wp-block-column-is-layout-flow\">\n<div class=\"wp-block-group event-item has-vivid-red-color has-text-color\"><div class=\"wp-block-group__inner-container is-layout-constrained wp-block-group-is-layout-constrained\">\n<h4 class=\"wp-block-heading\">2 mars<\/h4>\n\n\n\n<p><strong>Sommet des Maires du Groupe U7<\/strong><\/p>\n\n\n\n<p>Tokyo (Jap\u00f3n)<\/p>\n<\/div><\/div>\n\n\n\n<div class=\"wp-block-group event-item has-vivid-red-color has-text-color\"><div class=\"wp-block-group__inner-container is-layout-constrained wp-block-group-is-layout-constrained\">\n<h4 class=\"wp-block-heading\">6-17 mars<\/h4>\n\n\n\n<p><strong><strong>67e Session de la Commission de la Condition de la Femme<\/strong><\/strong><\/p>\n\n\n\n<p>New York City (\u00c9tats-Unis d&rsquo;Am\u00e9rique)<\/p>\n<\/div><\/div>\n\n\n\n<div class=\"wp-block-group event-item has-vivid-red-color has-text-color\"><div class=\"wp-block-group__inner-container is-layout-constrained wp-block-group-is-layout-constrained\">\n<h4 class=\"wp-block-heading\">22-24 Mars<\/h4>\n\n\n\n<p><strong><strong>Conf\u00e9rence des Nations unies sur l&rsquo;Eau<\/strong><\/strong><\/p>\n\n\n\n<p>New York City (\u00c9tats-Unis d&rsquo;Am\u00e9rique)<\/p>\n<\/div><\/div>\n\n\n\n<div class=\"wp-block-group event-item has-vivid-red-color has-text-color\"><div class=\"wp-block-group__inner-container is-layout-constrained wp-block-group-is-layout-constrained\">\n<h4 class=\"wp-block-heading\">26 &#8211; 30 avril<\/h4>\n\n\n\n<p><strong><strong>Premier some des villes des Am\u00e9riques<\/strong><\/strong><\/p>\n\n\n\n<p>Denver (\u00c9tats-Unis d&rsquo;Am\u00e9rique)<\/p>\n<\/div><\/div>\n\n\n\n<div class=\"wp-block-group event-item has-vivid-red-color has-text-color\"><div class=\"wp-block-group__inner-container is-layout-constrained wp-block-group-is-layout-constrained\">\n<h4 class=\"wp-block-heading\">5-9 juin<\/h4>\n\n\n\n<p><strong><strong>Assembl\u00e9e d&rsquo;ONU-Habitat et Assembl\u00e9e mondiale des gouvernements locaux et r\u00e9gionaux<\/strong><\/strong><\/p>\n\n\n\n<p>Nairobi (Kenia)<\/p>\n<\/div><\/div>\n<\/div>\n\n\n\n<div class=\"wp-block-column is-layout-flow wp-block-column-is-layout-flow\">\n<div class=\"wp-block-group event-item has-vivid-red-color has-text-color\"><div class=\"wp-block-group__inner-container is-layout-constrained wp-block-group-is-layout-constrained\">\n<h4 class=\"wp-block-heading\">12 &#8211; 15 juin<\/h4>\n\n\n\n<p><strong><strong>Sommet Urbain de Bruxelles Bureau ex\u00e9cutif de CGLU et Congr\u00e8s Metropolis<\/strong><\/strong><\/p>\n\n\n\n<p>Bruxelles (Belgique)<\/p>\n<\/div><\/div>\n\n\n\n<div class=\"wp-block-group event-item has-vivid-red-color has-text-color\"><div class=\"wp-block-group__inner-container is-layout-constrained wp-block-group-is-layout-constrained\">\n<h4 class=\"wp-block-heading\">27 &#8211; 28 juin<\/h4>\n\n\n\n<p><strong><strong>Le Forum des Villes et des Territoires en Paix<\/strong><\/strong><\/p>\n\n\n\n<p>Bogot\u00e1 (Colombie)<\/p>\n<\/div><\/div>\n\n\n\n<div class=\"wp-block-group event-item has-vivid-red-color has-text-color\"><div class=\"wp-block-group__inner-container is-layout-constrained wp-block-group-is-layout-constrained\">\n<h4 class=\"wp-block-heading\">7-8 juillet<\/h4>\n\n\n\n<p><strong>Sommet des maires<\/strong><\/p>\n\n\n\n<p>Ahmedabad (Inde)<\/p>\n<\/div><\/div>\n\n\n\n<div class=\"wp-block-group event-item has-vivid-red-color has-text-color\"><div class=\"wp-block-group__inner-container is-layout-constrained wp-block-group-is-layout-constrained\">\n<h4 class=\"wp-block-heading\">12-21 juillet<\/h4>\n\n\n\n<p><strong><strong>HLPF et Forum des Gouvernements Locaux et R\u00e9gionaux<\/strong><\/strong>s<\/p>\n\n\n\n<p>New York City (\u00c9tats-Unis d&rsquo;Am\u00e9rique)<\/p>\n<\/div><\/div>\n<\/div>\n\n\n\n<div class=\"wp-block-column is-layout-flow wp-block-column-is-layout-flow\">\n<div class=\"wp-block-group event-item has-vivid-red-color has-text-color\"><div class=\"wp-block-group__inner-container is-layout-constrained wp-block-group-is-layout-constrained\">\n<h4 class=\"wp-block-heading\">18 septembre&nbsp;<\/h4>\n\n\n\n<p><strong><strong>R\u00e9union minist\u00e9rielle pr\u00e9paratoire au Sommet de l&rsquo;avenir<\/strong><\/strong><\/p>\n\n\n\n<p>New York City (\u00c9tats-Unis d&rsquo;Am\u00e9rique)<\/p>\n<\/div><\/div>\n\n\n\n<div class=\"wp-block-group event-item has-vivid-red-color has-text-color\"><div class=\"wp-block-group__inner-container is-layout-constrained wp-block-group-is-layout-constrained\">\n<h4 class=\"wp-block-heading\"><strong>19-20 septembre&nbsp;<\/strong><\/h4>\n\n\n\n<p><strong><strong>Sommet sur les ODD et Assembl\u00e9e Mondale des gouvernements locaux et r\u00e9gionaux<\/strong><\/strong><\/p>\n\n\n\n<p>New York City (\u00c9tats-Unis d&rsquo;Am\u00e9rique)<\/p>\n<\/div><\/div>\n\n\n\n<div class=\"wp-block-group event-item has-vivid-red-color has-text-color\"><div class=\"wp-block-group__inner-container is-layout-constrained wp-block-group-is-layout-constrained\">\n<h4 class=\"wp-block-heading\">27 november &#8211;<br>1 d\u00e9cember<\/h4>\n\n\n\n<p><strong>5\u00e8me Sommet de la Culture de CGLU<\/strong><\/p>\n\n\n\n<p>Dublin (Irlande)<\/p>\n<\/div><\/div>\n\n\n\n<div class=\"wp-block-group event-item has-vivid-red-color has-text-color\"><div class=\"wp-block-group__inner-container is-layout-constrained wp-block-group-is-layout-constrained\">\n<h4 class=\"wp-block-heading\">30 novembre<br>\u2013 12 d\u00e9cember<\/h4>\n\n\n\n<p><strong>COP28<\/strong><\/p>\n\n\n\n<p>Dubai (EAU)<\/p>\n<\/div><\/div>\n<\/div>\n<\/div>\n<\/div><\/div>\n","protected":false},"excerpt":{"rendered":"<p>Urban&nbsp;Journalism Compr\u00e9hension locale Fin 2022, Google a r\u00e9v\u00e9l\u00e9 la quantit\u00e9 d\u2019eau que ses \u201cdatacenters\u201d utilisent chaque ann\u00e9e pour refroidir les ordinateurs du monde entier. Les donn\u00e9es ont \u00e9t\u00e9 publi\u00e9es apr\u00e8s la contrainte exerc\u00e9e sur le conseil municipal de la ville de The Dalles par&nbsp;The Oregonian, un quotidien bas\u00e9 \u00e0 Portland, pour rendre transparent l\u2019accord relatif [&hellip;]<\/p>\n","protected":false},"author":1,"featured_media":0,"parent":14,"menu_order":0,"comment_status":"closed","ping_status":"closed","template":"","meta":{"footnotes":""},"class_list":["post-15","page","type-page","status-publish","hentry"],"yoast_head":"<!-- This site is optimized with the Yoast SEO plugin v27.0 - https:\/\/yoast.com\/product\/yoast-seo-wordpress\/ -->\n<title>Compr\u00e9hension locale - Municipal Forecast - Fran\u00e7ais<\/title>\n<meta name=\"robots\" content=\"index, follow, max-snippet:-1, max-image-preview:large, max-video-preview:-1\" \/>\n<link rel=\"canonical\" href=\"https:\/\/urbanjournalism.institute\/forecast-fr\/forecast-2023\/journalisme-urbain\/comprendre-le-local\/\" \/>\n<meta property=\"og:locale\" content=\"fr_FR\" \/>\n<meta property=\"og:type\" content=\"article\" \/>\n<meta property=\"og:title\" content=\"Compr\u00e9hension locale - Municipal Forecast - Fran\u00e7ais\" \/>\n<meta property=\"og:description\" content=\"Urban&nbsp;Journalism Compr\u00e9hension locale Fin 2022, Google a r\u00e9v\u00e9l\u00e9 la quantit\u00e9 d\u2019eau que ses \u201cdatacenters\u201d utilisent chaque ann\u00e9e pour refroidir les ordinateurs du monde entier. Les donn\u00e9es ont \u00e9t\u00e9 publi\u00e9es apr\u00e8s la contrainte exerc\u00e9e sur le conseil municipal de la ville de The Dalles par&nbsp;The Oregonian, un quotidien bas\u00e9 \u00e0 Portland, pour rendre transparent l\u2019accord relatif [&hellip;]\" \/>\n<meta property=\"og:url\" content=\"https:\/\/urbanjournalism.institute\/forecast-fr\/forecast-2023\/journalisme-urbain\/comprendre-le-local\/\" \/>\n<meta property=\"og:site_name\" content=\"Municipal Forecast - Fran\u00e7ais\" \/>\n<meta property=\"og:image\" content=\"https:\/\/urbanjournalism.institute\/forecast\/wp-content\/themes\/forecast\/dist\/assets\/images\/editorial\/page-4-portrait.jpg\" \/>\n<meta name=\"twitter:card\" content=\"summary_large_image\" \/>\n<meta name=\"twitter:label1\" content=\"Dur\u00e9e de lecture estim\u00e9e\" \/>\n\t<meta name=\"twitter:data1\" content=\"6 minutes\" \/>\n<script type=\"application\/ld+json\" class=\"yoast-schema-graph\">{\"@context\":\"https:\/\/schema.org\",\"@graph\":[{\"@type\":\"WebPage\",\"@id\":\"https:\/\/urbanjournalism.institute\/forecast-fr\/forecast-2023\/journalisme-urbain\/comprendre-le-local\/\",\"url\":\"https:\/\/urbanjournalism.institute\/forecast-fr\/forecast-2023\/journalisme-urbain\/comprendre-le-local\/\",\"name\":\"Compr\u00e9hension locale - Municipal Forecast - Fran\u00e7ais\",\"isPartOf\":{\"@id\":\"https:\/\/urbanjournalism.institute\/forecast-fr\/#website\"},\"primaryImageOfPage\":{\"@id\":\"https:\/\/urbanjournalism.institute\/forecast-fr\/forecast-2023\/journalisme-urbain\/comprendre-le-local\/#primaryimage\"},\"image\":{\"@id\":\"https:\/\/urbanjournalism.institute\/forecast-fr\/forecast-2023\/journalisme-urbain\/comprendre-le-local\/#primaryimage\"},\"thumbnailUrl\":\"https:\/\/urbanjournalism.institute\/forecast\/wp-content\/themes\/forecast\/dist\/assets\/images\/editorial\/page-4-portrait.jpg\",\"datePublished\":\"2023-02-20T07:40:59+00:00\",\"breadcrumb\":{\"@id\":\"https:\/\/urbanjournalism.institute\/forecast-fr\/forecast-2023\/journalisme-urbain\/comprendre-le-local\/#breadcrumb\"},\"inLanguage\":\"fr-FR\",\"potentialAction\":[{\"@type\":\"ReadAction\",\"target\":[\"https:\/\/urbanjournalism.institute\/forecast-fr\/forecast-2023\/journalisme-urbain\/comprendre-le-local\/\"]}]},{\"@type\":\"ImageObject\",\"inLanguage\":\"fr-FR\",\"@id\":\"https:\/\/urbanjournalism.institute\/forecast-fr\/forecast-2023\/journalisme-urbain\/comprendre-le-local\/#primaryimage\",\"url\":\"https:\/\/urbanjournalism.institute\/forecast\/wp-content\/themes\/forecast\/dist\/assets\/images\/editorial\/page-4-portrait.jpg\",\"contentUrl\":\"https:\/\/urbanjournalism.institute\/forecast\/wp-content\/themes\/forecast\/dist\/assets\/images\/editorial\/page-4-portrait.jpg\"},{\"@type\":\"BreadcrumbList\",\"@id\":\"https:\/\/urbanjournalism.institute\/forecast-fr\/forecast-2023\/journalisme-urbain\/comprendre-le-local\/#breadcrumb\",\"itemListElement\":[{\"@type\":\"ListItem\",\"position\":1,\"name\":\"Forecast 2023\",\"item\":\"https:\/\/urbanjournalism.institute\/forecast-fr\/forecast-2023\/\"},{\"@type\":\"ListItem\",\"position\":2,\"name\":\"Journalisme urbain\",\"item\":\"https:\/\/urbanjournalism.institute\/forecast-fr\/forecast-2023\/journalisme-urbain\/\"},{\"@type\":\"ListItem\",\"position\":3,\"name\":\"Compr\u00e9hension locale\"}]},{\"@type\":\"WebSite\",\"@id\":\"https:\/\/urbanjournalism.institute\/forecast-fr\/#website\",\"url\":\"https:\/\/urbanjournalism.institute\/forecast-fr\/\",\"name\":\"Municipal Forecast - Fran\u00e7ais\",\"description\":\"\",\"potentialAction\":[{\"@type\":\"SearchAction\",\"target\":{\"@type\":\"EntryPoint\",\"urlTemplate\":\"https:\/\/urbanjournalism.institute\/forecast-fr\/?s={search_term_string}\"},\"query-input\":{\"@type\":\"PropertyValueSpecification\",\"valueRequired\":true,\"valueName\":\"search_term_string\"}}],\"inLanguage\":\"fr-FR\"}]}<\/script>\n<!-- \/ Yoast SEO plugin. -->","yoast_head_json":{"title":"Compr\u00e9hension locale - Municipal Forecast - Fran\u00e7ais","robots":{"index":"index","follow":"follow","max-snippet":"max-snippet:-1","max-image-preview":"max-image-preview:large","max-video-preview":"max-video-preview:-1"},"canonical":"https:\/\/urbanjournalism.institute\/forecast-fr\/forecast-2023\/journalisme-urbain\/comprendre-le-local\/","og_locale":"fr_FR","og_type":"article","og_title":"Compr\u00e9hension locale - Municipal Forecast - Fran\u00e7ais","og_description":"Urban&nbsp;Journalism Compr\u00e9hension locale Fin 2022, Google a r\u00e9v\u00e9l\u00e9 la quantit\u00e9 d\u2019eau que ses \u201cdatacenters\u201d utilisent chaque ann\u00e9e pour refroidir les ordinateurs du monde entier. Les donn\u00e9es ont \u00e9t\u00e9 publi\u00e9es apr\u00e8s la contrainte exerc\u00e9e sur le conseil municipal de la ville de The Dalles par&nbsp;The Oregonian, un quotidien bas\u00e9 \u00e0 Portland, pour rendre transparent l\u2019accord relatif [&hellip;]","og_url":"https:\/\/urbanjournalism.institute\/forecast-fr\/forecast-2023\/journalisme-urbain\/comprendre-le-local\/","og_site_name":"Municipal Forecast - Fran\u00e7ais","og_image":[{"url":"https:\/\/urbanjournalism.institute\/forecast\/wp-content\/themes\/forecast\/dist\/assets\/images\/editorial\/page-4-portrait.jpg","type":"","width":"","height":""}],"twitter_card":"summary_large_image","twitter_misc":{"Dur\u00e9e de lecture estim\u00e9e":"6 minutes"},"schema":{"@context":"https:\/\/schema.org","@graph":[{"@type":"WebPage","@id":"https:\/\/urbanjournalism.institute\/forecast-fr\/forecast-2023\/journalisme-urbain\/comprendre-le-local\/","url":"https:\/\/urbanjournalism.institute\/forecast-fr\/forecast-2023\/journalisme-urbain\/comprendre-le-local\/","name":"Compr\u00e9hension locale - Municipal Forecast - Fran\u00e7ais","isPartOf":{"@id":"https:\/\/urbanjournalism.institute\/forecast-fr\/#website"},"primaryImageOfPage":{"@id":"https:\/\/urbanjournalism.institute\/forecast-fr\/forecast-2023\/journalisme-urbain\/comprendre-le-local\/#primaryimage"},"image":{"@id":"https:\/\/urbanjournalism.institute\/forecast-fr\/forecast-2023\/journalisme-urbain\/comprendre-le-local\/#primaryimage"},"thumbnailUrl":"https:\/\/urbanjournalism.institute\/forecast\/wp-content\/themes\/forecast\/dist\/assets\/images\/editorial\/page-4-portrait.jpg","datePublished":"2023-02-20T07:40:59+00:00","breadcrumb":{"@id":"https:\/\/urbanjournalism.institute\/forecast-fr\/forecast-2023\/journalisme-urbain\/comprendre-le-local\/#breadcrumb"},"inLanguage":"fr-FR","potentialAction":[{"@type":"ReadAction","target":["https:\/\/urbanjournalism.institute\/forecast-fr\/forecast-2023\/journalisme-urbain\/comprendre-le-local\/"]}]},{"@type":"ImageObject","inLanguage":"fr-FR","@id":"https:\/\/urbanjournalism.institute\/forecast-fr\/forecast-2023\/journalisme-urbain\/comprendre-le-local\/#primaryimage","url":"https:\/\/urbanjournalism.institute\/forecast\/wp-content\/themes\/forecast\/dist\/assets\/images\/editorial\/page-4-portrait.jpg","contentUrl":"https:\/\/urbanjournalism.institute\/forecast\/wp-content\/themes\/forecast\/dist\/assets\/images\/editorial\/page-4-portrait.jpg"},{"@type":"BreadcrumbList","@id":"https:\/\/urbanjournalism.institute\/forecast-fr\/forecast-2023\/journalisme-urbain\/comprendre-le-local\/#breadcrumb","itemListElement":[{"@type":"ListItem","position":1,"name":"Forecast 2023","item":"https:\/\/urbanjournalism.institute\/forecast-fr\/forecast-2023\/"},{"@type":"ListItem","position":2,"name":"Journalisme urbain","item":"https:\/\/urbanjournalism.institute\/forecast-fr\/forecast-2023\/journalisme-urbain\/"},{"@type":"ListItem","position":3,"name":"Compr\u00e9hension locale"}]},{"@type":"WebSite","@id":"https:\/\/urbanjournalism.institute\/forecast-fr\/#website","url":"https:\/\/urbanjournalism.institute\/forecast-fr\/","name":"Municipal Forecast - Fran\u00e7ais","description":"","potentialAction":[{"@type":"SearchAction","target":{"@type":"EntryPoint","urlTemplate":"https:\/\/urbanjournalism.institute\/forecast-fr\/?s={search_term_string}"},"query-input":{"@type":"PropertyValueSpecification","valueRequired":true,"valueName":"search_term_string"}}],"inLanguage":"fr-FR"}]}},"_links":{"self":[{"href":"https:\/\/urbanjournalism.institute\/forecast-fr\/wp-json\/wp\/v2\/pages\/15","targetHints":{"allow":["GET"]}}],"collection":[{"href":"https:\/\/urbanjournalism.institute\/forecast-fr\/wp-json\/wp\/v2\/pages"}],"about":[{"href":"https:\/\/urbanjournalism.institute\/forecast-fr\/wp-json\/wp\/v2\/types\/page"}],"author":[{"embeddable":true,"href":"https:\/\/urbanjournalism.institute\/forecast-fr\/wp-json\/wp\/v2\/users\/1"}],"replies":[{"embeddable":true,"href":"https:\/\/urbanjournalism.institute\/forecast-fr\/wp-json\/wp\/v2\/comments?post=15"}],"version-history":[{"count":0,"href":"https:\/\/urbanjournalism.institute\/forecast-fr\/wp-json\/wp\/v2\/pages\/15\/revisions"}],"up":[{"embeddable":true,"href":"https:\/\/urbanjournalism.institute\/forecast-fr\/wp-json\/wp\/v2\/pages\/14"}],"wp:attachment":[{"href":"https:\/\/urbanjournalism.institute\/forecast-fr\/wp-json\/wp\/v2\/media?parent=15"}],"curies":[{"name":"wp","href":"https:\/\/api.w.org\/{rel}","templated":true}]}}