{"id":19,"date":"2023-02-20T07:40:59","date_gmt":"2023-02-20T07:40:59","guid":{"rendered":"https:\/\/urbanjournalism.institute\/forecast\/fr\/forecast-2023\/vers-un-multilateralisme-en-reseau\/evenements-climatiques-cles-vers-une-action-plus-rapide\/"},"modified":"2023-02-20T07:40:59","modified_gmt":"2023-02-20T07:40:59","slug":"evenements-climatiques-cles-vers-une-action-plus-rapide","status":"publish","type":"page","link":"https:\/\/urbanjournalism.institute\/forecast-fr\/forecast-2023\/vers-un-multilateralisme-en-reseau\/evenements-climatiques-cles-vers-une-action-plus-rapide\/","title":{"rendered":"\u00c9v\u00e9nements majeurs de 2023 li\u00e9s au climat : Vers une action plus rapide"},"content":{"rendered":"\n<header class=\"wp-block-group\"><div class=\"wp-block-group__inner-container is-layout-constrained wp-block-group-is-layout-constrained\">\n<div class=\"wp-block-columns is-layout-flex wp-container-core-columns-is-layout-9d6595d7 wp-block-columns-is-layout-flex\">\n<div class=\"wp-block-column is-layout-flow wp-block-column-is-layout-flow\" style=\"flex-basis:66.66%\">\n<h1 class=\"wp-block-heading\">\u00c9v\u00e9nements majeurs de 2023 li\u00e9s au climat : Vers une action plus rapide<\/h1>\n\n\n\n<h4 class=\"wp-block-heading\"><em>Apr\u00e8s le succ\u00e8s de la COP15 sur la biodiversit\u00e9 \u00e0 Montr\u00e9al en d\u00e9cembre 2022, o\u00f9 les participants ont pris la d\u00e9cision de stopper et d\u2019inverser la d\u00e9gradation de la biodiversit\u00e9 d\u2019ici 2030, le moral a bondi. Un mois auparavant, en novembre 2022, la COP27 \u00e0 Sharm El-Sheikh en \u00c9gypte avait \u00e9t\u00e9 une nouvelle occasion manqu\u00e9e de mener une action climatique d\u00e9cisive.&nbsp;<\/em><\/h4>\n<\/div>\n\n\n\n<div class=\"wp-block-column is-layout-flow wp-block-column-is-layout-flow\" style=\"flex-basis:33.33%\"><\/div>\n<\/div>\n\n\n\n<p><\/p>\n<\/div><\/header>\n\n\n\n<div class=\"wp-block-group\"><div class=\"wp-block-group__inner-container is-layout-constrained wp-block-group-is-layout-constrained\">\n<div class=\"wp-block-columns is-layout-flex wp-container-core-columns-is-layout-9d6595d7 wp-block-columns-is-layout-flex\">\n<div class=\"wp-block-column is-layout-flow wp-block-column-is-layout-flow\" style=\"flex-basis:66.66%\">\n<figure class=\"wp-block-image size-large caption-out\"><img decoding=\"async\" src=\"https:\/\/urbanjournalism.institute\/forecast\/wp-content\/themes\/forecast\/dist\/assets\/images\/editorial\/page-8-portrait.jpg\" alt=\"\" \/><figcaption class=\"wp-element-caption\"><em>E<em>gretta garzetta marchant entre de nombreuses bouteilles en plastique et des d\u00e9chets \u00a9 F.C.G&nbsp;<\/em><\/em><\/figcaption><\/figure>\n<\/div>\n\n\n\n<div class=\"wp-block-column is-layout-flow wp-block-column-is-layout-flow\" style=\"flex-basis:33.33%\">\n<p>Les collectivit\u00e9s locales sont les v\u00e9ritables acteurs de la mise en oeuvre des politiques climatiques sur le terrain. Elles sont les plus proches des populations et ont besoin du soutien financier des gouvernements r\u00e9gionaux et nationaux pour mettre en oeuvre les multiples solutions existantes.&nbsp;<\/p>\n\n\n\n<p>Bien qu\u2019il existe un cadre de r\u00e9f\u00e9rence sur la biodiversit\u00e9, les initiatives climatiques en r\u00e9ponse aux Accords de Paris font encore d\u00e9faut dans la plupart des pays. Les collectivit\u00e9s locales ont donc ici l\u2019occasion de montrer que, m\u00eame sans avanc\u00e9es diplomatiques, des efforts acc\u00e9l\u00e9r\u00e9s peuvent (et doivent) \u00eatre d\u00e9ploy\u00e9s \u00e0 partir de 2023.<\/p>\n\n\n\n<p>La prochaine grande conf\u00e9rence des Nations Unies sur le climat aura lieu en novembre et d\u00e9cembre 2023 aux \u00c9mirats Arabes Unis. D\u2019ici l\u00e0, d\u2019autres \u00e9v\u00e9nements marquants se d\u00e9rouleront : la conf\u00e9rence des Nations Unies sur l\u2019eau en mars 2023, la Conf\u00e9rence de Bonn sur le Changement Climatique en juin et la Semaine Mondiale de l\u2019Eau du 27 ao\u00fbt au 1er septembre. Ces \u00e9v\u00e9nements sont des rappels essentiels du travail qu\u2019il reste \u00e0 accomplir.<\/p>\n\n\n\n<p>Des pays comme l\u2019Australie et le Br\u00e9sil, qui ont tous deux connu un changement de gouvernement l\u2019ann\u00e9e derni\u00e8re, montrent \u00e0 quel point la politique climatique peut rapidement se remettre sur le bon chemin. Toutefois, c\u2019est dans les communes que le vrai travail se r\u00e9alise au quotidien. Les h\u00e9ros de tous les jours, des maires aux fonctionnaires, en passant par les citoyens engag\u00e9s et les membres du secteur priv\u00e9, oeuvrent pour des villes et des villages plus verts, en r\u00e9alisant de nouveaux projets et en r\u00e9coltant sans rel\u00e2che des financements. Ils sont la cl\u00e9 pour acc\u00e9l\u00e9rer l\u2019action climatique en 2023.<\/p>\n<\/div>\n<\/div>\n<\/div><\/div>\n\n\n\n<figure class=\"wp-block-image size-large\"><img decoding=\"async\" src=\"https:\/\/urbanjournalism.institute\/forecast\/wp-content\/themes\/forecast\/dist\/assets\/images\/editorial\/page-8-landscape.jpg\" alt=\"\" \/><figcaption class=\"wp-element-caption\"><em><em>Bidonville menac\u00e9 par le changement climatique et la mont\u00e9e du niveau de la mer \u00a9 Richard Carey<\/em><\/em><\/figcaption><\/figure>\n","protected":false},"excerpt":{"rendered":"<p>\u00c9v\u00e9nements majeurs de 2023 li\u00e9s au climat : Vers une action plus rapide Apr\u00e8s le succ\u00e8s de la COP15 sur la biodiversit\u00e9 \u00e0 Montr\u00e9al en d\u00e9cembre 2022, o\u00f9 les participants ont pris la d\u00e9cision de stopper et d\u2019inverser la d\u00e9gradation de la biodiversit\u00e9 d\u2019ici 2030, le moral a bondi. Un mois auparavant, en novembre 2022, [&hellip;]<\/p>\n","protected":false},"author":1,"featured_media":0,"parent":16,"menu_order":20,"comment_status":"closed","ping_status":"closed","template":"","meta":{"footnotes":""},"class_list":["post-19","page","type-page","status-publish","hentry"],"yoast_head":"<!-- This site is optimized with the Yoast SEO plugin v27.0 - https:\/\/yoast.com\/product\/yoast-seo-wordpress\/ -->\n<title>\u00c9v\u00e9nements majeurs de 2023 li\u00e9s au climat : Vers une action plus rapide - Municipal Forecast - Fran\u00e7ais<\/title>\n<meta name=\"robots\" content=\"index, follow, max-snippet:-1, max-image-preview:large, max-video-preview:-1\" \/>\n<link rel=\"canonical\" href=\"https:\/\/urbanjournalism.institute\/forecast-fr\/forecast-2023\/vers-un-multilateralisme-en-reseau\/evenements-climatiques-cles-vers-une-action-plus-rapide\/\" \/>\n<meta property=\"og:locale\" content=\"fr_FR\" \/>\n<meta property=\"og:type\" content=\"article\" \/>\n<meta property=\"og:title\" content=\"\u00c9v\u00e9nements majeurs de 2023 li\u00e9s au climat : Vers une action plus rapide - Municipal Forecast - Fran\u00e7ais\" \/>\n<meta property=\"og:description\" content=\"\u00c9v\u00e9nements majeurs de 2023 li\u00e9s au climat : Vers une action plus rapide Apr\u00e8s le succ\u00e8s de la COP15 sur la biodiversit\u00e9 \u00e0 Montr\u00e9al en d\u00e9cembre 2022, o\u00f9 les participants ont pris la d\u00e9cision de stopper et d\u2019inverser la d\u00e9gradation de la biodiversit\u00e9 d\u2019ici 2030, le moral a bondi. Un mois auparavant, en novembre 2022, [&hellip;]\" \/>\n<meta property=\"og:url\" content=\"https:\/\/urbanjournalism.institute\/forecast-fr\/forecast-2023\/vers-un-multilateralisme-en-reseau\/evenements-climatiques-cles-vers-une-action-plus-rapide\/\" \/>\n<meta property=\"og:site_name\" content=\"Municipal Forecast - Fran\u00e7ais\" \/>\n<meta property=\"og:image\" content=\"https:\/\/urbanjournalism.institute\/forecast\/wp-content\/themes\/forecast\/dist\/assets\/images\/editorial\/page-8-portrait.jpg\" \/>\n<meta name=\"twitter:card\" content=\"summary_large_image\" \/>\n<meta name=\"twitter:label1\" content=\"Dur\u00e9e de lecture estim\u00e9e\" \/>\n\t<meta name=\"twitter:data1\" content=\"2 minutes\" \/>\n<script type=\"application\/ld+json\" class=\"yoast-schema-graph\">{\"@context\":\"https:\/\/schema.org\",\"@graph\":[{\"@type\":\"WebPage\",\"@id\":\"https:\/\/urbanjournalism.institute\/forecast-fr\/forecast-2023\/vers-un-multilateralisme-en-reseau\/evenements-climatiques-cles-vers-une-action-plus-rapide\/\",\"url\":\"https:\/\/urbanjournalism.institute\/forecast-fr\/forecast-2023\/vers-un-multilateralisme-en-reseau\/evenements-climatiques-cles-vers-une-action-plus-rapide\/\",\"name\":\"\u00c9v\u00e9nements majeurs de 2023 li\u00e9s au climat : Vers une action plus rapide - Municipal Forecast - Fran\u00e7ais\",\"isPartOf\":{\"@id\":\"https:\/\/urbanjournalism.institute\/forecast-fr\/#website\"},\"primaryImageOfPage\":{\"@id\":\"https:\/\/urbanjournalism.institute\/forecast-fr\/forecast-2023\/vers-un-multilateralisme-en-reseau\/evenements-climatiques-cles-vers-une-action-plus-rapide\/#primaryimage\"},\"image\":{\"@id\":\"https:\/\/urbanjournalism.institute\/forecast-fr\/forecast-2023\/vers-un-multilateralisme-en-reseau\/evenements-climatiques-cles-vers-une-action-plus-rapide\/#primaryimage\"},\"thumbnailUrl\":\"https:\/\/urbanjournalism.institute\/forecast\/wp-content\/themes\/forecast\/dist\/assets\/images\/editorial\/page-8-portrait.jpg\",\"datePublished\":\"2023-02-20T07:40:59+00:00\",\"breadcrumb\":{\"@id\":\"https:\/\/urbanjournalism.institute\/forecast-fr\/forecast-2023\/vers-un-multilateralisme-en-reseau\/evenements-climatiques-cles-vers-une-action-plus-rapide\/#breadcrumb\"},\"inLanguage\":\"fr-FR\",\"potentialAction\":[{\"@type\":\"ReadAction\",\"target\":[\"https:\/\/urbanjournalism.institute\/forecast-fr\/forecast-2023\/vers-un-multilateralisme-en-reseau\/evenements-climatiques-cles-vers-une-action-plus-rapide\/\"]}]},{\"@type\":\"ImageObject\",\"inLanguage\":\"fr-FR\",\"@id\":\"https:\/\/urbanjournalism.institute\/forecast-fr\/forecast-2023\/vers-un-multilateralisme-en-reseau\/evenements-climatiques-cles-vers-une-action-plus-rapide\/#primaryimage\",\"url\":\"https:\/\/urbanjournalism.institute\/forecast\/wp-content\/themes\/forecast\/dist\/assets\/images\/editorial\/page-8-portrait.jpg\",\"contentUrl\":\"https:\/\/urbanjournalism.institute\/forecast\/wp-content\/themes\/forecast\/dist\/assets\/images\/editorial\/page-8-portrait.jpg\"},{\"@type\":\"BreadcrumbList\",\"@id\":\"https:\/\/urbanjournalism.institute\/forecast-fr\/forecast-2023\/vers-un-multilateralisme-en-reseau\/evenements-climatiques-cles-vers-une-action-plus-rapide\/#breadcrumb\",\"itemListElement\":[{\"@type\":\"ListItem\",\"position\":1,\"name\":\"Forecast 2023\",\"item\":\"https:\/\/urbanjournalism.institute\/forecast-fr\/forecast-2023\/\"},{\"@type\":\"ListItem\",\"position\":2,\"name\":\"Vers un Multilat\u00e9ralisme organis\u00e9 en R\u00e9seau\",\"item\":\"https:\/\/urbanjournalism.institute\/forecast-fr\/forecast-2023\/vers-un-multilateralisme-en-reseau\/\"},{\"@type\":\"ListItem\",\"position\":3,\"name\":\"\u00c9v\u00e9nements majeurs de 2023 li\u00e9s au climat : Vers une action plus rapide\"}]},{\"@type\":\"WebSite\",\"@id\":\"https:\/\/urbanjournalism.institute\/forecast-fr\/#website\",\"url\":\"https:\/\/urbanjournalism.institute\/forecast-fr\/\",\"name\":\"Municipal Forecast - Fran\u00e7ais\",\"description\":\"\",\"potentialAction\":[{\"@type\":\"SearchAction\",\"target\":{\"@type\":\"EntryPoint\",\"urlTemplate\":\"https:\/\/urbanjournalism.institute\/forecast-fr\/?s={search_term_string}\"},\"query-input\":{\"@type\":\"PropertyValueSpecification\",\"valueRequired\":true,\"valueName\":\"search_term_string\"}}],\"inLanguage\":\"fr-FR\"}]}<\/script>\n<!-- \/ Yoast SEO plugin. -->","yoast_head_json":{"title":"\u00c9v\u00e9nements majeurs de 2023 li\u00e9s au climat : Vers une action plus rapide - Municipal Forecast - Fran\u00e7ais","robots":{"index":"index","follow":"follow","max-snippet":"max-snippet:-1","max-image-preview":"max-image-preview:large","max-video-preview":"max-video-preview:-1"},"canonical":"https:\/\/urbanjournalism.institute\/forecast-fr\/forecast-2023\/vers-un-multilateralisme-en-reseau\/evenements-climatiques-cles-vers-une-action-plus-rapide\/","og_locale":"fr_FR","og_type":"article","og_title":"\u00c9v\u00e9nements majeurs de 2023 li\u00e9s au climat : Vers une action plus rapide - Municipal Forecast - Fran\u00e7ais","og_description":"\u00c9v\u00e9nements majeurs de 2023 li\u00e9s au climat : Vers une action plus rapide Apr\u00e8s le succ\u00e8s de la COP15 sur la biodiversit\u00e9 \u00e0 Montr\u00e9al en d\u00e9cembre 2022, o\u00f9 les participants ont pris la d\u00e9cision de stopper et d\u2019inverser la d\u00e9gradation de la biodiversit\u00e9 d\u2019ici 2030, le moral a bondi. Un mois auparavant, en novembre 2022, [&hellip;]","og_url":"https:\/\/urbanjournalism.institute\/forecast-fr\/forecast-2023\/vers-un-multilateralisme-en-reseau\/evenements-climatiques-cles-vers-une-action-plus-rapide\/","og_site_name":"Municipal Forecast - Fran\u00e7ais","og_image":[{"url":"https:\/\/urbanjournalism.institute\/forecast\/wp-content\/themes\/forecast\/dist\/assets\/images\/editorial\/page-8-portrait.jpg","type":"","width":"","height":""}],"twitter_card":"summary_large_image","twitter_misc":{"Dur\u00e9e de lecture estim\u00e9e":"2 minutes"},"schema":{"@context":"https:\/\/schema.org","@graph":[{"@type":"WebPage","@id":"https:\/\/urbanjournalism.institute\/forecast-fr\/forecast-2023\/vers-un-multilateralisme-en-reseau\/evenements-climatiques-cles-vers-une-action-plus-rapide\/","url":"https:\/\/urbanjournalism.institute\/forecast-fr\/forecast-2023\/vers-un-multilateralisme-en-reseau\/evenements-climatiques-cles-vers-une-action-plus-rapide\/","name":"\u00c9v\u00e9nements majeurs de 2023 li\u00e9s au climat : Vers une action plus rapide - Municipal Forecast - Fran\u00e7ais","isPartOf":{"@id":"https:\/\/urbanjournalism.institute\/forecast-fr\/#website"},"primaryImageOfPage":{"@id":"https:\/\/urbanjournalism.institute\/forecast-fr\/forecast-2023\/vers-un-multilateralisme-en-reseau\/evenements-climatiques-cles-vers-une-action-plus-rapide\/#primaryimage"},"image":{"@id":"https:\/\/urbanjournalism.institute\/forecast-fr\/forecast-2023\/vers-un-multilateralisme-en-reseau\/evenements-climatiques-cles-vers-une-action-plus-rapide\/#primaryimage"},"thumbnailUrl":"https:\/\/urbanjournalism.institute\/forecast\/wp-content\/themes\/forecast\/dist\/assets\/images\/editorial\/page-8-portrait.jpg","datePublished":"2023-02-20T07:40:59+00:00","breadcrumb":{"@id":"https:\/\/urbanjournalism.institute\/forecast-fr\/forecast-2023\/vers-un-multilateralisme-en-reseau\/evenements-climatiques-cles-vers-une-action-plus-rapide\/#breadcrumb"},"inLanguage":"fr-FR","potentialAction":[{"@type":"ReadAction","target":["https:\/\/urbanjournalism.institute\/forecast-fr\/forecast-2023\/vers-un-multilateralisme-en-reseau\/evenements-climatiques-cles-vers-une-action-plus-rapide\/"]}]},{"@type":"ImageObject","inLanguage":"fr-FR","@id":"https:\/\/urbanjournalism.institute\/forecast-fr\/forecast-2023\/vers-un-multilateralisme-en-reseau\/evenements-climatiques-cles-vers-une-action-plus-rapide\/#primaryimage","url":"https:\/\/urbanjournalism.institute\/forecast\/wp-content\/themes\/forecast\/dist\/assets\/images\/editorial\/page-8-portrait.jpg","contentUrl":"https:\/\/urbanjournalism.institute\/forecast\/wp-content\/themes\/forecast\/dist\/assets\/images\/editorial\/page-8-portrait.jpg"},{"@type":"BreadcrumbList","@id":"https:\/\/urbanjournalism.institute\/forecast-fr\/forecast-2023\/vers-un-multilateralisme-en-reseau\/evenements-climatiques-cles-vers-une-action-plus-rapide\/#breadcrumb","itemListElement":[{"@type":"ListItem","position":1,"name":"Forecast 2023","item":"https:\/\/urbanjournalism.institute\/forecast-fr\/forecast-2023\/"},{"@type":"ListItem","position":2,"name":"Vers un Multilat\u00e9ralisme organis\u00e9 en R\u00e9seau","item":"https:\/\/urbanjournalism.institute\/forecast-fr\/forecast-2023\/vers-un-multilateralisme-en-reseau\/"},{"@type":"ListItem","position":3,"name":"\u00c9v\u00e9nements majeurs de 2023 li\u00e9s au climat : Vers une action plus rapide"}]},{"@type":"WebSite","@id":"https:\/\/urbanjournalism.institute\/forecast-fr\/#website","url":"https:\/\/urbanjournalism.institute\/forecast-fr\/","name":"Municipal Forecast - Fran\u00e7ais","description":"","potentialAction":[{"@type":"SearchAction","target":{"@type":"EntryPoint","urlTemplate":"https:\/\/urbanjournalism.institute\/forecast-fr\/?s={search_term_string}"},"query-input":{"@type":"PropertyValueSpecification","valueRequired":true,"valueName":"search_term_string"}}],"inLanguage":"fr-FR"}]}},"_links":{"self":[{"href":"https:\/\/urbanjournalism.institute\/forecast-fr\/wp-json\/wp\/v2\/pages\/19","targetHints":{"allow":["GET"]}}],"collection":[{"href":"https:\/\/urbanjournalism.institute\/forecast-fr\/wp-json\/wp\/v2\/pages"}],"about":[{"href":"https:\/\/urbanjournalism.institute\/forecast-fr\/wp-json\/wp\/v2\/types\/page"}],"author":[{"embeddable":true,"href":"https:\/\/urbanjournalism.institute\/forecast-fr\/wp-json\/wp\/v2\/users\/1"}],"replies":[{"embeddable":true,"href":"https:\/\/urbanjournalism.institute\/forecast-fr\/wp-json\/wp\/v2\/comments?post=19"}],"version-history":[{"count":0,"href":"https:\/\/urbanjournalism.institute\/forecast-fr\/wp-json\/wp\/v2\/pages\/19\/revisions"}],"up":[{"embeddable":true,"href":"https:\/\/urbanjournalism.institute\/forecast-fr\/wp-json\/wp\/v2\/pages\/16"}],"wp:attachment":[{"href":"https:\/\/urbanjournalism.institute\/forecast-fr\/wp-json\/wp\/v2\/media?parent=19"}],"curies":[{"name":"wp","href":"https:\/\/api.w.org\/{rel}","templated":true}]}}