{"id":25,"date":"2023-02-20T07:40:59","date_gmt":"2023-02-20T07:40:59","guid":{"rendered":"https:\/\/urbanjournalism.institute\/forecast\/fr\/forecast-2023\/localisation-de-la-durabilite\/mouvement-des-examens-volontaires-locaux-des-odd\/"},"modified":"2023-02-20T07:40:59","modified_gmt":"2023-02-20T07:40:59","slug":"mouvement-des-examens-volontaires-locaux-des-odd","status":"publish","type":"page","link":"https:\/\/urbanjournalism.institute\/forecast-fr\/forecast-2023\/localisation-de-la-durabilite\/mouvement-des-examens-volontaires-locaux-des-odd\/","title":{"rendered":"Le mouvement des Examens Locaux Volontaires des ODD"},"content":{"rendered":"\n<div class=\"wp-block-group pt-0\"><div class=\"wp-block-group__inner-container is-layout-constrained wp-block-group-is-layout-constrained\">\n<figure class=\"wp-block-image size-large banner banner-xl\"><img decoding=\"async\" src=\"https:\/\/urbanjournalism.institute\/forecast\/wp-content\/themes\/forecast\/dist\/assets\/images\/editorial\/page-16-square.jpg\" alt=\"\" \/><figcaption class=\"wp-element-caption\"><em>\u00a9&nbsp; lorenzophotoprojects<\/em><\/figcaption><\/figure>\n<\/div><\/div>\n\n\n\n<header class=\"wp-block-group\"><div class=\"wp-block-group__inner-container is-layout-constrained wp-block-group-is-layout-constrained\">\n<h1 class=\"wp-block-heading\">LOCALISER LA DURABILIT\u00c9<\/h1>\n\n\n\n<h2 class=\"wp-block-heading\">Le mouvement des Examens Locaux Volontaires des ODD<\/h2>\n\n\n\n<div class=\"wp-block-columns are-vertically-aligned-bottom is-layout-flex wp-container-core-columns-is-layout-9d6595d7 wp-block-columns-is-layout-flex\">\n<div class=\"wp-block-column is-vertically-aligned-bottom is-layout-flow wp-block-column-is-layout-flow\" style=\"flex-basis:66.66%\">\n<div class=\"wp-block-columns is-layout-flex wp-container-core-columns-is-layout-9d6595d7 wp-block-columns-is-layout-flex\">\n<div class=\"wp-block-column is-layout-flow wp-block-column-is-layout-flow\" style=\"flex-basis:33.33%\"><\/div>\n\n\n\n<div class=\"wp-block-column is-layout-flow wp-block-column-is-layout-flow\" style=\"flex-basis:66.66%\">\n<h4 class=\"wp-block-heading\"><em>Les villes, les r\u00e9gions et leurs associations suivent de plus en plus les progr\u00e8s r\u00e9alis\u00e9s en mati\u00e8re de durabilit\u00e9<\/em><\/h4>\n\n\n\n<p>D\u00e8s l\u2019adoption de l\u2019Agenda 2030, les \u00c9tats Membres des Nations Unies se sont engag\u00e9s \u00e0 travailler en \u00e9troite collaboration avec les collectivit\u00e9s locales et r\u00e9gionales dans la mise en oeuvre des Objectifs de D\u00e9veloppement Durable (ODD). Depuis 2015, les m\u00e9tropoles, les petites villes, les r\u00e9gions et leurs associations s\u2019emploient activement \u00e0 localiser l\u2019Agenda 2030, \u00e0 rapprocher les ODD de leurs administr\u00e9s et \u00e0 utiliser ce dispositif comme un outil de planification et de formulation des politiques publiques. A travers ses m\u00e9canismes de suivi et de contr\u00f4le, l\u2019Agenda 2030 encourage les Etats membres \u00e0 \u201cproc\u00e9der \u00e0 des examens r\u00e9guliers et inclusifs des progr\u00e8s r\u00e9alis\u00e9s aux niveaux national et local\u201d (paragraphe 79). Le paragraphe 89 de l\u2019Agenda 2030 invite les grands groupes et les autres parties prenantes, notamment les autorit\u00e9s locales, \u00e0 rendre compte de leur contribution \u00e0 la mise en oeuvre de l\u2019Agenda.<\/p>\n<\/div>\n<\/div>\n<\/div>\n\n\n\n<div class=\"wp-block-column is-vertically-aligned-bottom is-layout-flow wp-block-column-is-layout-flow\" style=\"flex-basis:33.33%\">\n<p>Dans le m\u00eame \u00e9tat d\u2019esprit, un nombre croissant de collectivit\u00e9s locales et r\u00e9gionales entreprennent des m\u00e9canismes de suivi : les Examens Locaux Volontaires (ELV) et les Examens R\u00e9gionaux Volontaires (ERV). Bien que ces ELV et ERV n\u2019aient aucun statut officiel, le processus de r\u00e9alisation de ces examens locaux pr\u00e9sente de multiples avantages pour les entit\u00e9s qui s\u2019y consacrent et pour la mise en oeuvre des ODD en g\u00e9n\u00e9ral. Ces ELV et ERV peuvent enfin contribuer aux Examens Nationaux Volontaires de la mise en oeuvre des ODD.&nbsp;<\/p>\n\n\n\n<p>D\u00e8s 2016, des documents consid\u00e9r\u00e9s comme les premiers examens locaux furent pr\u00e9sent\u00e9s (par la Communaut\u00e9 de Valence, la Rh\u00e9nanie-du-Nord-Westphalie et par le Pays basque Euskadi). En 2018, la ville de New York a pr\u00e9sent\u00e9 formellement le premier Examen Local Volontaire sur la mise en oeuvre des ODD lors&nbsp;du Forum Politique de Haut Niveau (FPHN), tout comme les municipalit\u00e9s japonaises de Kitakyushu, Shimokawa et Toyama. Helsinki a emboit\u00e9 le pas en 2019, devenant la premi\u00e8re ville europ\u00e9enne \u00e0 rendre compte des progr\u00e8s de la mise en oeuvre des ODD.&nbsp;<\/p>\n<\/div>\n<\/div>\n\n\n\n<div style=\"height:51px\" aria-hidden=\"true\" class=\"wp-block-spacer\"><\/div>\n<\/div><\/header>\n\n\n\n<div class=\"wp-block-group narrow-group\"><div class=\"wp-block-group__inner-container is-layout-constrained wp-block-group-is-layout-constrained\">\n<div class=\"wp-block-columns are-vertically-aligned-center is-layout-flex wp-container-core-columns-is-layout-9d6595d7 wp-block-columns-is-layout-flex\">\n<div class=\"wp-block-column is-vertically-aligned-center is-layout-flow wp-block-column-is-layout-flow\">\n<figure class=\"wp-block-image size-large\"><img decoding=\"async\" src=\"https:\/\/urbanjournalism.institute\/forecast\/wp-content\/themes\/forecast\/dist\/assets\/images\/editorial\/page-16-portrait.jpg\" alt=\"\" \/><figcaption class=\"wp-element-caption\"><em>S\u00e3o Paulo Br\u00e9sil<\/em><br><em>\u00a9 Lucas Silva Pinheiro Santos<\/em><\/figcaption><\/figure>\n<\/div>\n\n\n\n<div class=\"wp-block-column is-vertically-aligned-center is-layout-flow wp-block-column-is-layout-flow\">\n<p>Les ERV, anim\u00e9s par CGLU depuis 2020, sont con\u00e7us par des associations de gouvernements locaux ou r\u00e9gionaux. Il s\u2019agit d\u2019un processus de \u201creporting\u201d depuis les territoires. Les ERV compl\u00e8tent les Examens Nationaux Volontaires (ENV) soumis par les \u00c9tats membres lors du Forum Politique de Haut Niveau (HLPF). Les premiers ERV ont \u00e9t\u00e9 remis par le B\u00e9nin, le Costa Rica, l\u2019\u00c9quateur, le Kenya, le Mozambique et le N\u00e9pal dans le cadre d\u2019un projet pilote en 2020.<\/p>\n\n\n\n<p>En 2022, sept ans apr\u00e8s l\u2019adoption des ODD, presque tous les \u00c9tats membres des Nations Unies avaient remis leurs examens nationaux volontaires au FPHN. Environ 150 Examens Locaux Volontaires, repr\u00e9sentant 350 millions de personnes, ont \u00e9galement \u00e9t\u00e9 conduits au niveau local. Les Associations de Gouvernements Locaux (AGL) de 24 pays ont \u00e9galement pr\u00e9sent\u00e9, dans le cadre des Examens R\u00e9gionaux Volontaires (ERV), les progr\u00e8s r\u00e9alis\u00e9s par leurs membres, repr\u00e9sentant ensemble plus de 1,25 milliard de personnes. En 2023, les ERV de huit pays sont en cours de r\u00e9alisation. Le mouvement des ELV prend de l\u2019ampleur car les collectivit\u00e9s locales les consid\u00e8rent comme un processus durable, coh\u00e9rent et transversal, en faveur du d\u00e9veloppement durable. Il offre une occasion unique d\u2019identifier les priorit\u00e9s locales (notamment dans le cadre de la mise en oeuvre du nouvel agenda urbain), de prioriser les investissements et les ressources entre les \u00e9chelons nationaux, r\u00e9gionaux et locaux, et de coop\u00e9rer avec le secteur priv\u00e9, la soci\u00e9t\u00e9 civile et bien d\u2019autres acteurs.<\/p>\n<\/div>\n<\/div>\n<\/div><\/div>\n\n\n\n<div class=\"wp-block-group narrow-group has-pale-pink-background-color has-background\"><div class=\"wp-block-group__inner-container is-layout-constrained wp-block-group-is-layout-constrained\">\n<h2 class=\"wp-block-heading\"><strong>Vous souhaitez rejoindre le mouvement des ELV \/ ERV ?<\/strong><\/h2>\n\n\n\n<h4 class=\"wp-block-heading\"><em>CGLU et ONU-Habitat ont mis \u00e0 disposition un certain nombre d\u2019instruments apportant des conseils, des pr\u00e9cisions et un soutien technique aux collectivit\u00e9s d\u00e9sireuses de s\u2019engager dans le processus des ELV. Voici quelques-unes de ces ressources cl\u00e9s \u00e0 ne pas manquer :<\/em><\/h4>\n\n\n\n<div class=\"wp-block-columns is-layout-flex wp-container-core-columns-is-layout-9d6595d7 wp-block-columns-is-layout-flex\">\n<div class=\"wp-block-column is-layout-flow wp-block-column-is-layout-flow\">\n<p><strong><strong>Un nouveau MOOC sur les Examens Locaux Volontaires :&nbsp;<\/strong><\/strong>ce nouveau cours en ligne gratuit est propos\u00e9 par CGLU en partenariat avec la Task-force mondiale des gouvernements locaux et r\u00e9gionaux, ONU-Habitat, le PNUD et le Conseil provincial de Barcelone. Il comprend des vid\u00e9os, des infographies, des quiz et des cas pratiques. Vous pouvez vous enregistrer \u00e0 l\u2019adresse suivante :<strong>&nbsp;<a href=\"https:\/\/bit.ly\/3YCdC6z\">https:\/\/bit.ly\/3YCdC6z<\/a><\/strong>&nbsp;<\/p>\n\n\n\n<p><strong>Un MOOC sur les Examens R\u00e9gionaux Volontaires :&nbsp;<\/strong>ce cours en ligne est consacr\u00e9 \u00e0 la mise en oeuvre des Examens R\u00e9gionaux Volontaires par les associations de collectivit\u00e9s locales.&nbsp;<a href=\"https:\/\/bit.ly\/3IqRJl4\">https:\/\/bit.ly\/3IqRJl4<\/a><\/p>\n\n\n\n<p><strong>Des orientations pour les Examens Locaux Volontaires :&nbsp;<\/strong>deux publications \u00e9galement pr\u00e9par\u00e9es par CGLU et ONU-Habitat et faisant partie d\u2019une s\u00e9rie consacr\u00e9e aux ELC. Le premier volume, \u201c Une analyse comparative des ELV existants \u201c, a \u00e9t\u00e9 publi\u00e9 en 2020, et un second, \u201c Vers une nouvelle g\u00e9n\u00e9ration d\u2019ELV : L\u2019exploration du rapport entre le local et le national\u201d, a vu le jour en 2022.&nbsp;<\/p>\n\n\n\n<p>Les deux documents sont disponibles en ligne \u00e0 l\u2019adresse suivante : <a rel=\"noreferrer noopener\" href=\"https:\/\/bit.ly\/uclgvlrguide\" target=\"_blank\"><strong>https:\/\/bit.ly\/uclgvlrguide<\/strong><\/a><\/p>\n<\/div>\n\n\n\n<div class=\"wp-block-column is-layout-flow wp-block-column-is-layout-flow\">\n<p><strong>Des Directives pour les Examens R\u00e9gionaux Volontaires :&nbsp;<\/strong>publi\u00e9es par CGLU en 2021 pour aider les associations de gouvernements locaux et r\u00e9gionaux \u00e0 rendre compte de leurs progr\u00e8s et des d\u00e9fis \u00e0 relever pour la r\u00e9alisation des ODD.&nbsp;Disponible sur :&nbsp;<a rel=\"noreferrer noopener\" href=\"https:\/\/bit.ly\/unhabitatvlr\" target=\"_blank\"><strong>https:\/\/bit.ly\/unhabitatvlr<\/strong><\/a><\/p>\n\n\n\n<p><strong>Des Directives r\u00e9gionales de l\u2019Asie-Pacifique sur les Examens Locaux Volontaires :&nbsp;<\/strong>publi\u00e9es par la Commission \u00e9conomique et sociale des Nations Unies pour l\u2019Asie et le Pacifique en 2020. Elles sont disponibles \u00e0 l\u2019adresse suivante :<a rel=\"noreferrer noopener\" href=\"https:\/\/bit.ly\/apvlr\" target=\"_blank\"><strong> https:\/\/bit.ly\/apvlr<\/strong><\/a><\/p>\n\n\n\n<p><strong><strong>Les directives pour le d\u00e9veloppement des examens locaux volontaires dans la R\u00e9gion de la CEE :&nbsp;<\/strong><\/strong>publi\u00e9es par la Commission \u00c9conomique des Nations Unies pour l\u2019Europe en 2021. Elles sont disponibles \u00e0 l\u2019adresse suivante : <a rel=\"noreferrer noopener\" href=\"http:\/\/bit.ly\/unecevlr\" target=\"_blank\"><strong>bit.ly\/unecevlr<\/strong><\/a><\/p>\n\n\n\n<p><strong>Les Orientations pour les Examens Locaux Volontaires en Afrique :&nbsp;<\/strong>des villes africaines telles qu\u2019Accra, Le Cap, Harare et Yaound\u00e9 ont d\u00e9j\u00e0 r\u00e9alis\u00e9 leur ELV. Ces orientations, publi\u00e9es par CGLU-Afrique, la Commission des Nations Unies pour l\u2019Afrique et ONU-Habitat en 2022, offrent un guide et des cas d\u2019usage \u00e0 travers l\u2019exemple de l\u2019Afrique. Il est disponible en ligne \u00e0 l\u2019adresse suivante : <a href=\"https:\/\/bit.ly\/africavlr\"><strong>https:\/\/bit.ly\/africavlr<\/strong><\/a><\/p>\n<\/div>\n<\/div>\n<\/div><\/div>\n","protected":false},"excerpt":{"rendered":"<p>LOCALISER LA DURABILIT\u00c9 Le mouvement des Examens Locaux Volontaires des ODD Les villes, les r\u00e9gions et leurs associations suivent de plus en plus les progr\u00e8s r\u00e9alis\u00e9s en mati\u00e8re de durabilit\u00e9 D\u00e8s l\u2019adoption de l\u2019Agenda 2030, les \u00c9tats Membres des Nations Unies se sont engag\u00e9s \u00e0 travailler en \u00e9troite collaboration avec les collectivit\u00e9s locales et r\u00e9gionales [&hellip;]<\/p>\n","protected":false},"author":1,"featured_media":0,"parent":24,"menu_order":0,"comment_status":"closed","ping_status":"closed","template":"","meta":{"footnotes":""},"class_list":["post-25","page","type-page","status-publish","hentry"],"yoast_head":"<!-- This site is optimized with the Yoast SEO plugin v27.0 - https:\/\/yoast.com\/product\/yoast-seo-wordpress\/ -->\n<title>Le mouvement des Examens Locaux Volontaires des ODD - Municipal Forecast - Fran\u00e7ais<\/title>\n<meta name=\"robots\" content=\"index, follow, max-snippet:-1, max-image-preview:large, max-video-preview:-1\" \/>\n<link rel=\"canonical\" href=\"https:\/\/urbanjournalism.institute\/forecast-fr\/forecast-2023\/localisation-de-la-durabilite\/mouvement-des-examens-volontaires-locaux-des-odd\/\" \/>\n<meta property=\"og:locale\" content=\"fr_FR\" \/>\n<meta property=\"og:type\" content=\"article\" \/>\n<meta property=\"og:title\" content=\"Le mouvement des Examens Locaux Volontaires des ODD - Municipal Forecast - Fran\u00e7ais\" \/>\n<meta property=\"og:description\" content=\"LOCALISER LA DURABILIT\u00c9 Le mouvement des Examens Locaux Volontaires des ODD Les villes, les r\u00e9gions et leurs associations suivent de plus en plus les progr\u00e8s r\u00e9alis\u00e9s en mati\u00e8re de durabilit\u00e9 D\u00e8s l\u2019adoption de l\u2019Agenda 2030, les \u00c9tats Membres des Nations Unies se sont engag\u00e9s \u00e0 travailler en \u00e9troite collaboration avec les collectivit\u00e9s locales et r\u00e9gionales [&hellip;]\" \/>\n<meta property=\"og:url\" content=\"https:\/\/urbanjournalism.institute\/forecast-fr\/forecast-2023\/localisation-de-la-durabilite\/mouvement-des-examens-volontaires-locaux-des-odd\/\" \/>\n<meta property=\"og:site_name\" content=\"Municipal Forecast - Fran\u00e7ais\" \/>\n<meta property=\"og:image\" content=\"https:\/\/urbanjournalism.institute\/forecast\/wp-content\/themes\/forecast\/dist\/assets\/images\/editorial\/page-16-square.jpg\" \/>\n<meta name=\"twitter:card\" content=\"summary_large_image\" \/>\n<meta name=\"twitter:label1\" content=\"Dur\u00e9e de lecture estim\u00e9e\" \/>\n\t<meta name=\"twitter:data1\" content=\"5 minutes\" \/>\n<script type=\"application\/ld+json\" class=\"yoast-schema-graph\">{\"@context\":\"https:\/\/schema.org\",\"@graph\":[{\"@type\":\"WebPage\",\"@id\":\"https:\/\/urbanjournalism.institute\/forecast-fr\/forecast-2023\/localisation-de-la-durabilite\/mouvement-des-examens-volontaires-locaux-des-odd\/\",\"url\":\"https:\/\/urbanjournalism.institute\/forecast-fr\/forecast-2023\/localisation-de-la-durabilite\/mouvement-des-examens-volontaires-locaux-des-odd\/\",\"name\":\"Le mouvement des Examens Locaux Volontaires des ODD - Municipal Forecast - Fran\u00e7ais\",\"isPartOf\":{\"@id\":\"https:\/\/urbanjournalism.institute\/forecast-fr\/#website\"},\"primaryImageOfPage\":{\"@id\":\"https:\/\/urbanjournalism.institute\/forecast-fr\/forecast-2023\/localisation-de-la-durabilite\/mouvement-des-examens-volontaires-locaux-des-odd\/#primaryimage\"},\"image\":{\"@id\":\"https:\/\/urbanjournalism.institute\/forecast-fr\/forecast-2023\/localisation-de-la-durabilite\/mouvement-des-examens-volontaires-locaux-des-odd\/#primaryimage\"},\"thumbnailUrl\":\"https:\/\/urbanjournalism.institute\/forecast\/wp-content\/themes\/forecast\/dist\/assets\/images\/editorial\/page-16-square.jpg\",\"datePublished\":\"2023-02-20T07:40:59+00:00\",\"breadcrumb\":{\"@id\":\"https:\/\/urbanjournalism.institute\/forecast-fr\/forecast-2023\/localisation-de-la-durabilite\/mouvement-des-examens-volontaires-locaux-des-odd\/#breadcrumb\"},\"inLanguage\":\"fr-FR\",\"potentialAction\":[{\"@type\":\"ReadAction\",\"target\":[\"https:\/\/urbanjournalism.institute\/forecast-fr\/forecast-2023\/localisation-de-la-durabilite\/mouvement-des-examens-volontaires-locaux-des-odd\/\"]}]},{\"@type\":\"ImageObject\",\"inLanguage\":\"fr-FR\",\"@id\":\"https:\/\/urbanjournalism.institute\/forecast-fr\/forecast-2023\/localisation-de-la-durabilite\/mouvement-des-examens-volontaires-locaux-des-odd\/#primaryimage\",\"url\":\"https:\/\/urbanjournalism.institute\/forecast\/wp-content\/themes\/forecast\/dist\/assets\/images\/editorial\/page-16-square.jpg\",\"contentUrl\":\"https:\/\/urbanjournalism.institute\/forecast\/wp-content\/themes\/forecast\/dist\/assets\/images\/editorial\/page-16-square.jpg\"},{\"@type\":\"BreadcrumbList\",\"@id\":\"https:\/\/urbanjournalism.institute\/forecast-fr\/forecast-2023\/localisation-de-la-durabilite\/mouvement-des-examens-volontaires-locaux-des-odd\/#breadcrumb\",\"itemListElement\":[{\"@type\":\"ListItem\",\"position\":1,\"name\":\"Forecast 2023\",\"item\":\"https:\/\/urbanjournalism.institute\/forecast-fr\/forecast-2023\/\"},{\"@type\":\"ListItem\",\"position\":2,\"name\":\"Localisation de la durabilit\u00e9\",\"item\":\"https:\/\/urbanjournalism.institute\/forecast-fr\/forecast-2023\/localisation-de-la-durabilite\/\"},{\"@type\":\"ListItem\",\"position\":3,\"name\":\"Le mouvement des Examens Locaux Volontaires des ODD\"}]},{\"@type\":\"WebSite\",\"@id\":\"https:\/\/urbanjournalism.institute\/forecast-fr\/#website\",\"url\":\"https:\/\/urbanjournalism.institute\/forecast-fr\/\",\"name\":\"Municipal Forecast - Fran\u00e7ais\",\"description\":\"\",\"potentialAction\":[{\"@type\":\"SearchAction\",\"target\":{\"@type\":\"EntryPoint\",\"urlTemplate\":\"https:\/\/urbanjournalism.institute\/forecast-fr\/?s={search_term_string}\"},\"query-input\":{\"@type\":\"PropertyValueSpecification\",\"valueRequired\":true,\"valueName\":\"search_term_string\"}}],\"inLanguage\":\"fr-FR\"}]}<\/script>\n<!-- \/ Yoast SEO plugin. -->","yoast_head_json":{"title":"Le mouvement des Examens Locaux Volontaires des ODD - Municipal Forecast - Fran\u00e7ais","robots":{"index":"index","follow":"follow","max-snippet":"max-snippet:-1","max-image-preview":"max-image-preview:large","max-video-preview":"max-video-preview:-1"},"canonical":"https:\/\/urbanjournalism.institute\/forecast-fr\/forecast-2023\/localisation-de-la-durabilite\/mouvement-des-examens-volontaires-locaux-des-odd\/","og_locale":"fr_FR","og_type":"article","og_title":"Le mouvement des Examens Locaux Volontaires des ODD - Municipal Forecast - Fran\u00e7ais","og_description":"LOCALISER LA DURABILIT\u00c9 Le mouvement des Examens Locaux Volontaires des ODD Les villes, les r\u00e9gions et leurs associations suivent de plus en plus les progr\u00e8s r\u00e9alis\u00e9s en mati\u00e8re de durabilit\u00e9 D\u00e8s l\u2019adoption de l\u2019Agenda 2030, les \u00c9tats Membres des Nations Unies se sont engag\u00e9s \u00e0 travailler en \u00e9troite collaboration avec les collectivit\u00e9s locales et r\u00e9gionales [&hellip;]","og_url":"https:\/\/urbanjournalism.institute\/forecast-fr\/forecast-2023\/localisation-de-la-durabilite\/mouvement-des-examens-volontaires-locaux-des-odd\/","og_site_name":"Municipal Forecast - Fran\u00e7ais","og_image":[{"url":"https:\/\/urbanjournalism.institute\/forecast\/wp-content\/themes\/forecast\/dist\/assets\/images\/editorial\/page-16-square.jpg","type":"","width":"","height":""}],"twitter_card":"summary_large_image","twitter_misc":{"Dur\u00e9e de lecture estim\u00e9e":"5 minutes"},"schema":{"@context":"https:\/\/schema.org","@graph":[{"@type":"WebPage","@id":"https:\/\/urbanjournalism.institute\/forecast-fr\/forecast-2023\/localisation-de-la-durabilite\/mouvement-des-examens-volontaires-locaux-des-odd\/","url":"https:\/\/urbanjournalism.institute\/forecast-fr\/forecast-2023\/localisation-de-la-durabilite\/mouvement-des-examens-volontaires-locaux-des-odd\/","name":"Le mouvement des Examens Locaux Volontaires des ODD - Municipal Forecast - Fran\u00e7ais","isPartOf":{"@id":"https:\/\/urbanjournalism.institute\/forecast-fr\/#website"},"primaryImageOfPage":{"@id":"https:\/\/urbanjournalism.institute\/forecast-fr\/forecast-2023\/localisation-de-la-durabilite\/mouvement-des-examens-volontaires-locaux-des-odd\/#primaryimage"},"image":{"@id":"https:\/\/urbanjournalism.institute\/forecast-fr\/forecast-2023\/localisation-de-la-durabilite\/mouvement-des-examens-volontaires-locaux-des-odd\/#primaryimage"},"thumbnailUrl":"https:\/\/urbanjournalism.institute\/forecast\/wp-content\/themes\/forecast\/dist\/assets\/images\/editorial\/page-16-square.jpg","datePublished":"2023-02-20T07:40:59+00:00","breadcrumb":{"@id":"https:\/\/urbanjournalism.institute\/forecast-fr\/forecast-2023\/localisation-de-la-durabilite\/mouvement-des-examens-volontaires-locaux-des-odd\/#breadcrumb"},"inLanguage":"fr-FR","potentialAction":[{"@type":"ReadAction","target":["https:\/\/urbanjournalism.institute\/forecast-fr\/forecast-2023\/localisation-de-la-durabilite\/mouvement-des-examens-volontaires-locaux-des-odd\/"]}]},{"@type":"ImageObject","inLanguage":"fr-FR","@id":"https:\/\/urbanjournalism.institute\/forecast-fr\/forecast-2023\/localisation-de-la-durabilite\/mouvement-des-examens-volontaires-locaux-des-odd\/#primaryimage","url":"https:\/\/urbanjournalism.institute\/forecast\/wp-content\/themes\/forecast\/dist\/assets\/images\/editorial\/page-16-square.jpg","contentUrl":"https:\/\/urbanjournalism.institute\/forecast\/wp-content\/themes\/forecast\/dist\/assets\/images\/editorial\/page-16-square.jpg"},{"@type":"BreadcrumbList","@id":"https:\/\/urbanjournalism.institute\/forecast-fr\/forecast-2023\/localisation-de-la-durabilite\/mouvement-des-examens-volontaires-locaux-des-odd\/#breadcrumb","itemListElement":[{"@type":"ListItem","position":1,"name":"Forecast 2023","item":"https:\/\/urbanjournalism.institute\/forecast-fr\/forecast-2023\/"},{"@type":"ListItem","position":2,"name":"Localisation de la durabilit\u00e9","item":"https:\/\/urbanjournalism.institute\/forecast-fr\/forecast-2023\/localisation-de-la-durabilite\/"},{"@type":"ListItem","position":3,"name":"Le mouvement des Examens Locaux Volontaires des ODD"}]},{"@type":"WebSite","@id":"https:\/\/urbanjournalism.institute\/forecast-fr\/#website","url":"https:\/\/urbanjournalism.institute\/forecast-fr\/","name":"Municipal Forecast - Fran\u00e7ais","description":"","potentialAction":[{"@type":"SearchAction","target":{"@type":"EntryPoint","urlTemplate":"https:\/\/urbanjournalism.institute\/forecast-fr\/?s={search_term_string}"},"query-input":{"@type":"PropertyValueSpecification","valueRequired":true,"valueName":"search_term_string"}}],"inLanguage":"fr-FR"}]}},"_links":{"self":[{"href":"https:\/\/urbanjournalism.institute\/forecast-fr\/wp-json\/wp\/v2\/pages\/25","targetHints":{"allow":["GET"]}}],"collection":[{"href":"https:\/\/urbanjournalism.institute\/forecast-fr\/wp-json\/wp\/v2\/pages"}],"about":[{"href":"https:\/\/urbanjournalism.institute\/forecast-fr\/wp-json\/wp\/v2\/types\/page"}],"author":[{"embeddable":true,"href":"https:\/\/urbanjournalism.institute\/forecast-fr\/wp-json\/wp\/v2\/users\/1"}],"replies":[{"embeddable":true,"href":"https:\/\/urbanjournalism.institute\/forecast-fr\/wp-json\/wp\/v2\/comments?post=25"}],"version-history":[{"count":0,"href":"https:\/\/urbanjournalism.institute\/forecast-fr\/wp-json\/wp\/v2\/pages\/25\/revisions"}],"up":[{"embeddable":true,"href":"https:\/\/urbanjournalism.institute\/forecast-fr\/wp-json\/wp\/v2\/pages\/24"}],"wp:attachment":[{"href":"https:\/\/urbanjournalism.institute\/forecast-fr\/wp-json\/wp\/v2\/media?parent=25"}],"curies":[{"name":"wp","href":"https:\/\/api.w.org\/{rel}","templated":true}]}}