{"id":28,"date":"2023-02-20T07:41:00","date_gmt":"2023-02-20T07:41:00","guid":{"rendered":"https:\/\/urbanjournalism.institute\/forecast\/fr\/forecast-2023\/localisation-de-la-durabilite\/resilience-urbaine-en-action\/"},"modified":"2023-02-20T07:41:00","modified_gmt":"2023-02-20T07:41:00","slug":"resilience-urbaine-en-action","status":"publish","type":"page","link":"https:\/\/urbanjournalism.institute\/forecast-fr\/forecast-2023\/localisation-de-la-durabilite\/resilience-urbaine-en-action\/","title":{"rendered":"La r\u00e9silience urbaine, en action"},"content":{"rendered":"\n<header class=\"wp-block-group\"><div class=\"wp-block-group__inner-container is-layout-constrained wp-block-group-is-layout-constrained\">\n<div class=\"wp-block-columns is-layout-flex wp-container-core-columns-is-layout-9d6595d7 wp-block-columns-is-layout-flex\">\n<div class=\"wp-block-column is-layout-flow wp-block-column-is-layout-flow\" style=\"flex-basis:66.66%\">\n<h1 class=\"wp-block-heading\" id=\"block-5e36494f-e6fe-442a-b42b-4ec4287edbb2\">La r\u00e9silience urbaine,<br>en action<\/h1>\n\n\n\n<h4 class=\"wp-block-heading\"><em>La r\u00e9silience urbaine, comme moyen de r\u00e9duire les risques de catastrophe, est essentielle au d\u00e9veloppement durable des villes. Le renforcement de cette r\u00e9silience est donc n\u00e9cessairement concern\u00e9 par le changement climatique.&nbsp;&nbsp;<\/em><\/h4>\n\n\n\n<p>La r\u00e9silience urbaine, comme moyen de r\u00e9duire les risques de catastrophe, est essentielle au d\u00e9veloppement durable des villes. Le renforcement de cette r\u00e9silience est donc n\u00e9cessairement concern\u00e9 par le changement climatique. La r\u00e9duction des risques de catastrophe, et \u00e0 travers elle la r\u00e9silience locale, a \u00e9t\u00e9 reconnue par plusieurs textes et accords mondiaux, notamment l\u2019Agenda 2030 pour le D\u00e9veloppement Durable et le Nouveau Programme pour les Villes.&nbsp;<\/p>\n\n\n\n<p>Le Cadre de Sendai pour la R\u00e9duction des Risques de catastrophe 2015-2030 est sans aucune doute le plus pertinent \u00e0 ce sujet. Il identifie ainsi d\u2019autres moyens d\u2019atteindre les ODD, en r\u00e9duisant notamment l\u2019exposition et la vuln\u00e9rabilit\u00e9 des plus d\u00e9munis aux catastrophes ou en construisant des infrastructures r\u00e9silientes. Cette ann\u00e9e marque la conclusion de&nbsp;<strong>l\u2019examen de mi-parcours de la mise en oeuvre du Cadre de Sendai<\/strong>. Une r\u00e9union de Haut Niveau de l\u2019Assembl\u00e9e g\u00e9n\u00e9rale aura lieu \u00e0 New York les 18 et 19 mai 2023 afin d\u2019adopter une d\u00e9claration politique synth\u00e9tique et pragmatique pour reconduire les engagements et acc\u00e9l\u00e9rer la mise en oeuvre du Cadre de Sendai.<\/p>\n<\/div>\n\n\n\n<div class=\"wp-block-column is-layout-flow wp-block-column-is-layout-flow\" style=\"flex-basis:33.33%\"><\/div>\n<\/div>\n<\/div><\/header>\n\n\n\n<div class=\"wp-block-group\"><div class=\"wp-block-group__inner-container is-layout-constrained wp-block-group-is-layout-constrained\">\n<div class=\"wp-block-columns is-layout-flex wp-container-core-columns-is-layout-9d6595d7 wp-block-columns-is-layout-flex\">\n<div class=\"wp-block-column is-layout-flow wp-block-column-is-layout-flow\" style=\"flex-basis:33.33%\">\n<figure class=\"wp-block-image size-large\"><img decoding=\"async\" src=\"https:\/\/urbanjournalism.institute\/forecast\/wp-content\/themes\/forecast\/dist\/assets\/images\/editorial\/page-20.jpg\" alt=\"\" \/><figcaption class=\"wp-element-caption\"><em>Hanoi, Vietnam \u00a9 Frida Aguilar Estrada<\/em><\/figcaption><\/figure>\n\n\n\n<div style=\"height:22px\" aria-hidden=\"true\" class=\"wp-block-spacer\"><\/div>\n\n\n\n<figure class=\"wp-block-image size-large\"><img decoding=\"async\" src=\"https:\/\/urbanjournalism.institute\/forecast\/wp-content\/themes\/forecast\/dist\/assets\/images\/editorial\/page-21.jpg\" alt=\"\" \/><figcaption class=\"wp-element-caption\"><em>Kampung Biru Arema, Indon\u00e9sie \u00a9 Silas Baisch<\/em><\/figcaption><\/figure>\n<\/div>\n\n\n\n<div class=\"wp-block-column is-layout-flow wp-block-column-is-layout-flow\" style=\"flex-basis:66.66%\">\n<p><strong>Pourquoi la r\u00e9silience urbaine compte-t-elle tant dans le contexte actuel ?&nbsp;<\/strong><\/p>\n\n\n\n<p>Le 15 novembre 2022, la population mondiale atteignait huit milliards d\u2019habitants. Avec l\u2019augmentation g\u00e9n\u00e9rale de la population, les villes concentrent \u00e0 la fois d\u00e9fis et opportunit\u00e9s pour l\u2019avenir de la plan\u00e8te et de nos soci\u00e9t\u00e9s. Alors que les gouvernements n\u00e9gocient et cherchent des solutions, de nombreuses municipalit\u00e9s sont d\u00e9j\u00e0 confront\u00e9es aux impacts du d\u00e9r\u00e8glement climatique. Les villes r\u00e9silientes ont montr\u00e9 qu\u2019elles pouvaient mieux g\u00e9rer les catastrophes, prot\u00e9ger les vies humaines, se pr\u00e9parer aux chocs \u00e0 venir et assurer un cadre de vie plus durable. La r\u00e9silience urbaine ne fait pas seulement r\u00e9f\u00e9rence \u00e0 la r\u00e9silience physique, \u00e9conomique ou sociale. Elle recouvre un mod\u00e8le de gouvernance capable d\u2019att\u00e9nuer les risques et de r\u00e9pondre \u00e0 des d\u00e9fis en perp\u00e9tuelle \u00e9volution. Renforcer la r\u00e9silience urbaine est toutefois une t\u00e2che incroyablement complexe, car cela n\u00e9cessite une coordination entre tous les acteurs et une vraie approche holistique de la ville et de ses enjeux.<\/p>\n\n\n\n<p>La n\u00e9cessit\u00e9 d\u2019une plus grande r\u00e9silience est devenue pendant la pand\u00e9mie de COVID-19 plus \u00e9vidente que jamais, alors que les villes et les maires furent les premiers \u00e0 affronter la crise sanitaire. Les gouvernements locaux et r\u00e9gionaux furent en premi\u00e8re ligne pour \u00e9pauler leurs citoyens. Ils parvinrent \u00e0 sauvegarder les moyens de subsistance tout en soutenant le d\u00e9veloppement \u00e9conomique. Ils ont prioris\u00e9 les d\u00e9penses locales afin de prot\u00e9ger les emplois, soutenir les petites entreprises et promouvoir des formes alternatives de production et de consommation fond\u00e9es sur l\u2019\u00e9conomie sociale et solidaire.<\/p>\n\n\n\n<p>Les grandes villes, en particulier les capitales furent de v\u00e9ritables sources d\u2019inspiration. De nombreuses villes d\u2019Asie ont ainsi r\u00e9ussi \u00e0 contenir la propagation de la pand\u00e9mie d\u00e8s les premiers stades, puis \u00e0 diffuser des informations sur les mesures de pr\u00e9vention et \u00e0 lancer des campagnes de vaccination. Par exemple, Hanoi, la capitale du Vietnam, a d\u00e8s le d\u00e9but \u00e9t\u00e9 salu\u00e9e pour ses mesures prises afin de contenir la propagation du virus COVID-19. Tandis que de nombreuses villes ont d\u00fb faire face aux cons\u00e9quences de la pand\u00e9mie, la mairie de Milan a profit\u00e9 de cette crise pour rendre la ville plus r\u00e9siliente en am\u00e9liorant les espaces publics.<\/p>\n\n\n\n<p>Les impacts du changement climatique s\u2019affirmant d\u2019ann\u00e9e en ann\u00e9e, de nombreuses villes cherchent des moyens d\u2019att\u00e9nuer son incidence. En construisant de meilleures infrastructures, en exploitant des technologies innovantes, en se tournant vers des solutions s\u2019inspirant de la nature et en investissant dans l\u2019\u00e9ducation des habitants, ces villes renforcent leur r\u00e9silience. Dans cette m\u00eame perspective, la Fondation Rockefeller a soutenu le programme \u201c100 Resilient Cities\u201d de 2013 \u00e0 2019. Ce programme a ainsi permis \u00e0 100 municipalit\u00e9s de renforcer leur r\u00e9silience. Au cours de cette p\u00e9riode, un nouveau statut &#8211; Chief Resilience Officer (CRO) &#8211; a \u00e9t\u00e9 cr\u00e9\u00e9, afin de coordonner les efforts visant \u00e0 mieux pr\u00e9parer les villes aux d\u00e9fis futurs. A la fin du programme, deux nouvelles organisations reprirent le flambeau,&nbsp;<strong>Resilient Cities Catalyst&nbsp;<\/strong>(RCC) et le&nbsp;<strong>Global Resilient Cities Network&nbsp;<\/strong>(GRCN).&nbsp;<\/p>\n\n\n\n<p>S\u2019appuyant sur les dix ann\u00e9es de succ\u00e8s de la campagne \u201cMaking Cities Resilient\u201d, Making Cities Resilient 2030 (MCR2030) est une initiative multipartite dirig\u00e9e par le Bureau des Nations Unies pour la r\u00e9duction des risques de catastrophe. Elle vise \u00e0 aider les villes \u00e0 \u00e9laborer des strat\u00e9gies de r\u00e9silience par des \u00e9changes d\u2019exp\u00e9riences et de connaissances entre pairs. Plus de 1 500 villes participent \u00e0 la campagne MCR2030.La r\u00e9silience urbaine a beaucoup marqu\u00e9 les d\u00e9bats multilat\u00e9raux en 2022. Le G7, le G20, le Commonwealth ou la Nouvelle route de la soie ont, dans les communiqu\u00e9s des chefs d\u2019Etat, fait des r\u00e9f\u00e9rences sans pr\u00e9c\u00e9dent \u00e0 la durabilit\u00e9 des villes, \u00e0 leur urbanisation et \u00e0 la n\u00e9cessit\u00e9 d\u2019une action coordonn\u00e9e. La pr\u00e9sidence de la COP27 a, lors du Sommet de 2022 qui s\u2019est tenu en Egypte, lanc\u00e9 l\u2019initiative&nbsp;<strong>\u201cR\u00e9silience urbaine durable pour la Prochaine G\u00e9n\u00e9ration\u201d&nbsp;<\/strong>(SURGe) afin d\u2019acc\u00e9l\u00e9rer l\u2019action climatique locale et urbaine par le biais d\u2019un engagement politique coordonn\u00e9 \u00e0 travers cinq pistes de travail, contribuant ainsi \u00e0 la r\u00e9alisation des Accords de Paris et des Objectifs de D\u00e9veloppement Durable.<\/p>\n\n\n\n<div class=\"wp-block-group has-cyan-bluish-gray-background-color has-background\"><div class=\"wp-block-group__inner-container is-layout-constrained wp-block-group-is-layout-constrained\">\n<h4 class=\"wp-block-heading\"><em>Restons form\u00e9s&nbsp;<\/em><\/h4>\n\n\n\n<p>Les Modules d\u2019Apprentissage de la R\u00e9silience pour la localisation du Cadre d\u2019Action de Sendai ont \u00e9t\u00e9 \u00e9labor\u00e9s par CGLU, en partenariat avec l\u2019UNDRR et ONU-Habitat, pour soutenir les gouvernements locaux et r\u00e9gionaux dans le d\u00e9veloppement d\u2019actions et de strat\u00e9gies de renforcement de leur r\u00e9silience.\u00a0<\/p>\n\n\n\n<p>Ils sont disponibles sur :&nbsp;<a rel=\"noreferrer noopener\" href=\"https:\/\/bit.ly\/3xvpPOJ\" target=\"_blank\"><strong>https:\/\/bit.ly\/3xvpPOJ<\/strong><\/a><\/p>\n<\/div><\/div>\n<\/div>\n<\/div>\n\n\n\n<div style=\"height:25px\" aria-hidden=\"true\" class=\"wp-block-spacer\"><\/div>\n\n\n\n<div class=\"wp-block-columns are-vertically-aligned-center is-layout-flex wp-container-core-columns-is-layout-9d6595d7 wp-block-columns-is-layout-flex\">\n<div class=\"wp-block-column is-vertically-aligned-center has-vivid-red-color has-text-color is-layout-flow wp-block-column-is-layout-flow\" style=\"flex-basis:66.66%\">\n<h3 class=\"wp-block-heading has-vivid-red-color has-text-color\">Projets \u00e0 suivre<\/h3>\n\n\n\n<ul class=\"bullet-eye wp-block-list\">\n<li>Le Grand Manchester poursuit sa route vers la neutralit\u00e9 carbone d\u2019ici 2038. Son programme \u201cSubvention pour les maisons vertes\u201d et son Fonds pour des logements sociaux d\u00e9carbon\u00e9s\u201d aident des milliers de personnes \u00e0 moderniser leur logement, en le rendant mieux isol\u00e9, moins sujet aux courants d\u2019air et plus efficacement chauff\u00e9. En 2023, la ville a ainsi pour objectif de r\u00e9nover plus de 4 000 logements.&nbsp;<\/li>\n\n\n\n<li>Le 5 ao\u00fbt 2022, le maire de Makati City, aux Philippines, a officiellement d\u00e9clar\u00e9 une urgence climatique et a reconnu la n\u00e9cessit\u00e9 d\u2019une action climatique concr\u00e8te et coordonn\u00e9e. La ville de Makati acc\u00e9l\u00e9rera ses initiatives en faveur du climat, par exemple en mettant en oeuvre des politiques de r\u00e9duction des \u00e9missions de gaz \u00e0 effet de serre et en privil\u00e9giant des modes de d\u00e9placement durable.&nbsp;<\/li>\n\n\n\n<li>Monterrey, la deuxi\u00e8me plus grande agglom\u00e9ration du Mexique, commencera \u00e0 \u00e9laborer une strat\u00e9gie de r\u00e9silience en 2023.&nbsp;<\/li>\n\n\n\n<li>Depuis 2022, la ville de Kigali, au Rwanda, oeuvre en faveur de la r\u00e9silience alimentaire en r\u00e9duisant le gaspillage alimentaire. Kigali s\u2019est engag\u00e9e \u00e0 \u00e9liminer les d\u00e9chets alimentaires \u00e0 tous les niveaux, de la r\u00e9colte \u00e0 la distribution sur le march\u00e9 et chez le consommateur. La ville s\u2019est \u00e9galement engag\u00e9e \u00e0 trouver des solutions pour la nourriture perdue lors du stockage et de sa transformation.<\/li>\n<\/ul>\n<\/div>\n\n\n\n<div class=\"wp-block-column is-vertically-aligned-center is-layout-flow wp-block-column-is-layout-flow\" style=\"flex-basis:33.33%\">\n<figure class=\"wp-block-image size-large\"><img decoding=\"async\" src=\"https:\/\/urbanjournalism.institute\/forecast\/wp-content\/themes\/forecast\/dist\/assets\/images\/editorial\/page-22.jpg\" alt=\"\" \/><figcaption class=\"wp-element-caption\"><em>Manchester, Royaume-Uni<\/em><br><em>\u00a9 Joe Cleary<\/em><\/figcaption><\/figure>\n<\/div>\n<\/div>\n<\/div><\/div>\n","protected":false},"excerpt":{"rendered":"<p>La r\u00e9silience urbaine,en action La r\u00e9silience urbaine, comme moyen de r\u00e9duire les risques de catastrophe, est essentielle au d\u00e9veloppement durable des villes. Le renforcement de cette r\u00e9silience est donc n\u00e9cessairement concern\u00e9 par le changement climatique.&nbsp;&nbsp; La r\u00e9silience urbaine, comme moyen de r\u00e9duire les risques de catastrophe, est essentielle au d\u00e9veloppement durable des villes. Le renforcement [&hellip;]<\/p>\n","protected":false},"author":1,"featured_media":0,"parent":24,"menu_order":30,"comment_status":"closed","ping_status":"closed","template":"","meta":{"footnotes":""},"class_list":["post-28","page","type-page","status-publish","hentry"],"yoast_head":"<!-- This site is optimized with the Yoast SEO plugin v27.0 - https:\/\/yoast.com\/product\/yoast-seo-wordpress\/ -->\n<title>La r\u00e9silience urbaine, en action - Municipal Forecast - Fran\u00e7ais<\/title>\n<meta name=\"robots\" content=\"index, follow, max-snippet:-1, max-image-preview:large, max-video-preview:-1\" \/>\n<link rel=\"canonical\" href=\"https:\/\/urbanjournalism.institute\/forecast-fr\/forecast-2023\/localisation-de-la-durabilite\/resilience-urbaine-en-action\/\" \/>\n<meta property=\"og:locale\" content=\"fr_FR\" \/>\n<meta property=\"og:type\" content=\"article\" \/>\n<meta property=\"og:title\" content=\"La r\u00e9silience urbaine, en action - Municipal Forecast - Fran\u00e7ais\" \/>\n<meta property=\"og:description\" content=\"La r\u00e9silience urbaine,en action La r\u00e9silience urbaine, comme moyen de r\u00e9duire les risques de catastrophe, est essentielle au d\u00e9veloppement durable des villes. Le renforcement de cette r\u00e9silience est donc n\u00e9cessairement concern\u00e9 par le changement climatique.&nbsp;&nbsp; La r\u00e9silience urbaine, comme moyen de r\u00e9duire les risques de catastrophe, est essentielle au d\u00e9veloppement durable des villes. Le renforcement [&hellip;]\" \/>\n<meta property=\"og:url\" content=\"https:\/\/urbanjournalism.institute\/forecast-fr\/forecast-2023\/localisation-de-la-durabilite\/resilience-urbaine-en-action\/\" \/>\n<meta property=\"og:site_name\" content=\"Municipal Forecast - Fran\u00e7ais\" \/>\n<meta property=\"og:image\" content=\"https:\/\/urbanjournalism.institute\/forecast\/wp-content\/themes\/forecast\/dist\/assets\/images\/editorial\/page-20.jpg\" \/>\n<meta name=\"twitter:card\" content=\"summary_large_image\" \/>\n<meta name=\"twitter:label1\" content=\"Dur\u00e9e de lecture estim\u00e9e\" \/>\n\t<meta name=\"twitter:data1\" content=\"7 minutes\" \/>\n<script type=\"application\/ld+json\" class=\"yoast-schema-graph\">{\"@context\":\"https:\/\/schema.org\",\"@graph\":[{\"@type\":\"WebPage\",\"@id\":\"https:\/\/urbanjournalism.institute\/forecast-fr\/forecast-2023\/localisation-de-la-durabilite\/resilience-urbaine-en-action\/\",\"url\":\"https:\/\/urbanjournalism.institute\/forecast-fr\/forecast-2023\/localisation-de-la-durabilite\/resilience-urbaine-en-action\/\",\"name\":\"La r\u00e9silience urbaine, en action - Municipal Forecast - Fran\u00e7ais\",\"isPartOf\":{\"@id\":\"https:\/\/urbanjournalism.institute\/forecast-fr\/#website\"},\"primaryImageOfPage\":{\"@id\":\"https:\/\/urbanjournalism.institute\/forecast-fr\/forecast-2023\/localisation-de-la-durabilite\/resilience-urbaine-en-action\/#primaryimage\"},\"image\":{\"@id\":\"https:\/\/urbanjournalism.institute\/forecast-fr\/forecast-2023\/localisation-de-la-durabilite\/resilience-urbaine-en-action\/#primaryimage\"},\"thumbnailUrl\":\"https:\/\/urbanjournalism.institute\/forecast\/wp-content\/themes\/forecast\/dist\/assets\/images\/editorial\/page-20.jpg\",\"datePublished\":\"2023-02-20T07:41:00+00:00\",\"breadcrumb\":{\"@id\":\"https:\/\/urbanjournalism.institute\/forecast-fr\/forecast-2023\/localisation-de-la-durabilite\/resilience-urbaine-en-action\/#breadcrumb\"},\"inLanguage\":\"fr-FR\",\"potentialAction\":[{\"@type\":\"ReadAction\",\"target\":[\"https:\/\/urbanjournalism.institute\/forecast-fr\/forecast-2023\/localisation-de-la-durabilite\/resilience-urbaine-en-action\/\"]}]},{\"@type\":\"ImageObject\",\"inLanguage\":\"fr-FR\",\"@id\":\"https:\/\/urbanjournalism.institute\/forecast-fr\/forecast-2023\/localisation-de-la-durabilite\/resilience-urbaine-en-action\/#primaryimage\",\"url\":\"https:\/\/urbanjournalism.institute\/forecast\/wp-content\/themes\/forecast\/dist\/assets\/images\/editorial\/page-20.jpg\",\"contentUrl\":\"https:\/\/urbanjournalism.institute\/forecast\/wp-content\/themes\/forecast\/dist\/assets\/images\/editorial\/page-20.jpg\"},{\"@type\":\"BreadcrumbList\",\"@id\":\"https:\/\/urbanjournalism.institute\/forecast-fr\/forecast-2023\/localisation-de-la-durabilite\/resilience-urbaine-en-action\/#breadcrumb\",\"itemListElement\":[{\"@type\":\"ListItem\",\"position\":1,\"name\":\"Forecast 2023\",\"item\":\"https:\/\/urbanjournalism.institute\/forecast-fr\/forecast-2023\/\"},{\"@type\":\"ListItem\",\"position\":2,\"name\":\"Localisation de la durabilit\u00e9\",\"item\":\"https:\/\/urbanjournalism.institute\/forecast-fr\/forecast-2023\/localisation-de-la-durabilite\/\"},{\"@type\":\"ListItem\",\"position\":3,\"name\":\"La r\u00e9silience urbaine, en action\"}]},{\"@type\":\"WebSite\",\"@id\":\"https:\/\/urbanjournalism.institute\/forecast-fr\/#website\",\"url\":\"https:\/\/urbanjournalism.institute\/forecast-fr\/\",\"name\":\"Municipal Forecast - Fran\u00e7ais\",\"description\":\"\",\"potentialAction\":[{\"@type\":\"SearchAction\",\"target\":{\"@type\":\"EntryPoint\",\"urlTemplate\":\"https:\/\/urbanjournalism.institute\/forecast-fr\/?s={search_term_string}\"},\"query-input\":{\"@type\":\"PropertyValueSpecification\",\"valueRequired\":true,\"valueName\":\"search_term_string\"}}],\"inLanguage\":\"fr-FR\"}]}<\/script>\n<!-- \/ Yoast SEO plugin. -->","yoast_head_json":{"title":"La r\u00e9silience urbaine, en action - Municipal Forecast - Fran\u00e7ais","robots":{"index":"index","follow":"follow","max-snippet":"max-snippet:-1","max-image-preview":"max-image-preview:large","max-video-preview":"max-video-preview:-1"},"canonical":"https:\/\/urbanjournalism.institute\/forecast-fr\/forecast-2023\/localisation-de-la-durabilite\/resilience-urbaine-en-action\/","og_locale":"fr_FR","og_type":"article","og_title":"La r\u00e9silience urbaine, en action - Municipal Forecast - Fran\u00e7ais","og_description":"La r\u00e9silience urbaine,en action La r\u00e9silience urbaine, comme moyen de r\u00e9duire les risques de catastrophe, est essentielle au d\u00e9veloppement durable des villes. Le renforcement de cette r\u00e9silience est donc n\u00e9cessairement concern\u00e9 par le changement climatique.&nbsp;&nbsp; La r\u00e9silience urbaine, comme moyen de r\u00e9duire les risques de catastrophe, est essentielle au d\u00e9veloppement durable des villes. Le renforcement [&hellip;]","og_url":"https:\/\/urbanjournalism.institute\/forecast-fr\/forecast-2023\/localisation-de-la-durabilite\/resilience-urbaine-en-action\/","og_site_name":"Municipal Forecast - Fran\u00e7ais","og_image":[{"url":"https:\/\/urbanjournalism.institute\/forecast\/wp-content\/themes\/forecast\/dist\/assets\/images\/editorial\/page-20.jpg","type":"","width":"","height":""}],"twitter_card":"summary_large_image","twitter_misc":{"Dur\u00e9e de lecture estim\u00e9e":"7 minutes"},"schema":{"@context":"https:\/\/schema.org","@graph":[{"@type":"WebPage","@id":"https:\/\/urbanjournalism.institute\/forecast-fr\/forecast-2023\/localisation-de-la-durabilite\/resilience-urbaine-en-action\/","url":"https:\/\/urbanjournalism.institute\/forecast-fr\/forecast-2023\/localisation-de-la-durabilite\/resilience-urbaine-en-action\/","name":"La r\u00e9silience urbaine, en action - Municipal Forecast - Fran\u00e7ais","isPartOf":{"@id":"https:\/\/urbanjournalism.institute\/forecast-fr\/#website"},"primaryImageOfPage":{"@id":"https:\/\/urbanjournalism.institute\/forecast-fr\/forecast-2023\/localisation-de-la-durabilite\/resilience-urbaine-en-action\/#primaryimage"},"image":{"@id":"https:\/\/urbanjournalism.institute\/forecast-fr\/forecast-2023\/localisation-de-la-durabilite\/resilience-urbaine-en-action\/#primaryimage"},"thumbnailUrl":"https:\/\/urbanjournalism.institute\/forecast\/wp-content\/themes\/forecast\/dist\/assets\/images\/editorial\/page-20.jpg","datePublished":"2023-02-20T07:41:00+00:00","breadcrumb":{"@id":"https:\/\/urbanjournalism.institute\/forecast-fr\/forecast-2023\/localisation-de-la-durabilite\/resilience-urbaine-en-action\/#breadcrumb"},"inLanguage":"fr-FR","potentialAction":[{"@type":"ReadAction","target":["https:\/\/urbanjournalism.institute\/forecast-fr\/forecast-2023\/localisation-de-la-durabilite\/resilience-urbaine-en-action\/"]}]},{"@type":"ImageObject","inLanguage":"fr-FR","@id":"https:\/\/urbanjournalism.institute\/forecast-fr\/forecast-2023\/localisation-de-la-durabilite\/resilience-urbaine-en-action\/#primaryimage","url":"https:\/\/urbanjournalism.institute\/forecast\/wp-content\/themes\/forecast\/dist\/assets\/images\/editorial\/page-20.jpg","contentUrl":"https:\/\/urbanjournalism.institute\/forecast\/wp-content\/themes\/forecast\/dist\/assets\/images\/editorial\/page-20.jpg"},{"@type":"BreadcrumbList","@id":"https:\/\/urbanjournalism.institute\/forecast-fr\/forecast-2023\/localisation-de-la-durabilite\/resilience-urbaine-en-action\/#breadcrumb","itemListElement":[{"@type":"ListItem","position":1,"name":"Forecast 2023","item":"https:\/\/urbanjournalism.institute\/forecast-fr\/forecast-2023\/"},{"@type":"ListItem","position":2,"name":"Localisation de la durabilit\u00e9","item":"https:\/\/urbanjournalism.institute\/forecast-fr\/forecast-2023\/localisation-de-la-durabilite\/"},{"@type":"ListItem","position":3,"name":"La r\u00e9silience urbaine, en action"}]},{"@type":"WebSite","@id":"https:\/\/urbanjournalism.institute\/forecast-fr\/#website","url":"https:\/\/urbanjournalism.institute\/forecast-fr\/","name":"Municipal Forecast - Fran\u00e7ais","description":"","potentialAction":[{"@type":"SearchAction","target":{"@type":"EntryPoint","urlTemplate":"https:\/\/urbanjournalism.institute\/forecast-fr\/?s={search_term_string}"},"query-input":{"@type":"PropertyValueSpecification","valueRequired":true,"valueName":"search_term_string"}}],"inLanguage":"fr-FR"}]}},"_links":{"self":[{"href":"https:\/\/urbanjournalism.institute\/forecast-fr\/wp-json\/wp\/v2\/pages\/28","targetHints":{"allow":["GET"]}}],"collection":[{"href":"https:\/\/urbanjournalism.institute\/forecast-fr\/wp-json\/wp\/v2\/pages"}],"about":[{"href":"https:\/\/urbanjournalism.institute\/forecast-fr\/wp-json\/wp\/v2\/types\/page"}],"author":[{"embeddable":true,"href":"https:\/\/urbanjournalism.institute\/forecast-fr\/wp-json\/wp\/v2\/users\/1"}],"replies":[{"embeddable":true,"href":"https:\/\/urbanjournalism.institute\/forecast-fr\/wp-json\/wp\/v2\/comments?post=28"}],"version-history":[{"count":0,"href":"https:\/\/urbanjournalism.institute\/forecast-fr\/wp-json\/wp\/v2\/pages\/28\/revisions"}],"up":[{"embeddable":true,"href":"https:\/\/urbanjournalism.institute\/forecast-fr\/wp-json\/wp\/v2\/pages\/24"}],"wp:attachment":[{"href":"https:\/\/urbanjournalism.institute\/forecast-fr\/wp-json\/wp\/v2\/media?parent=28"}],"curies":[{"name":"wp","href":"https:\/\/api.w.org\/{rel}","templated":true}]}}