{"id":30,"date":"2023-02-20T07:41:00","date_gmt":"2023-02-20T07:41:00","guid":{"rendered":"https:\/\/urbanjournalism.institute\/forecast\/fr\/forecast-2023\/localisation-de-la-durabilite\/balades-urbaines\/"},"modified":"2023-02-20T07:41:00","modified_gmt":"2023-02-20T07:41:00","slug":"balades-urbaines","status":"publish","type":"page","link":"https:\/\/urbanjournalism.institute\/forecast-fr\/forecast-2023\/localisation-de-la-durabilite\/balades-urbaines\/","title":{"rendered":"Promenades urbaines"},"content":{"rendered":"\n<div class=\"wp-block-group\"><div class=\"wp-block-group__inner-container is-layout-constrained wp-block-group-is-layout-constrained\">\n<div class=\"wp-block-columns is-layout-flex wp-container-core-columns-is-layout-9d6595d7 wp-block-columns-is-layout-flex\">\n<div class=\"wp-block-column is-layout-flow wp-block-column-is-layout-flow\" style=\"flex-basis:33.33%\">\n<header class=\"wp-block-group\"><div class=\"wp-block-group__inner-container is-layout-constrained wp-block-group-is-layout-constrained\">\n<h1 class=\"wp-block-heading\">Promenades urbaines<\/h1>\n<\/div><\/header>\n<\/div>\n\n\n\n<div class=\"wp-block-column is-layout-flow wp-block-column-is-layout-flow\" style=\"flex-basis:66.66%\">\n<h4 class=\"wp-block-heading\"><em>Interpr\u00e9ter la mise en oeuvre locale du Nouveau Programme pour les Villes<\/em><\/h4>\n<\/div>\n<\/div>\n\n\n\n<div style=\"height:35px\" aria-hidden=\"true\" class=\"wp-block-spacer\"><\/div>\n\n\n\n<figure class=\"wp-block-image size-large\"><img decoding=\"async\" src=\"https:\/\/urbanjournalism.institute\/forecast\/wp-content\/themes\/forecast\/dist\/assets\/images\/editorial\/page-24.jpg\" alt=\"\" \/><figcaption class=\"wp-element-caption\"><em>Zone sans voiture dans le quartier de Biryogo \u00e0 Kigali (Rwanda), juin 2022<\/em><em>&nbsp;<\/em><br><em>\u00a9 Ilija Gubi\u0107<\/em><\/figcaption><\/figure>\n\n\n\n<div style=\"height:26px\" aria-hidden=\"true\" class=\"wp-block-spacer\"><\/div>\n\n\n\n<div class=\"wp-block-columns is-layout-flex wp-container-core-columns-is-layout-9d6595d7 wp-block-columns-is-layout-flex\">\n<div class=\"wp-block-column is-layout-flow wp-block-column-is-layout-flow\">\n<p>Une promenade urbaine encourage les participants \u00e0 explorer, apprendre et appr\u00e9cier leur ville \u00e0 pied. Ces moments peuvent prendre des formes vari\u00e9es : visites guid\u00e9es ou promenades \u00e0 l\u2019aide de cartes et de consignes pr\u00e9\u00e9tablies. Ils sont souvent ax\u00e9s autour de th\u00e9matiques, comme par exemple les sites historiques, l\u2019architecture, l\u2019art dans les lieux publics ou les espaces naturels, pour n\u2019en citer que quelques-uns. L\u2019objectif d\u2019une promenade urbaine est d\u2019encourager les participants \u00e0 s\u2019impliquer dans leur communaut\u00e9, \u00e0 d\u00e9couvrir de nouveaux lieux et de nouvelles perspectives, \u00e0 promouvoir l\u2019activit\u00e9 physique et un mode de vie sain. Ces promenades peuvent devenir une occasion de rassembler une communaut\u00e9 et de susciter un sentiment d\u2019appartenance chez les habitants.<\/p>\n\n\n\n<p>Certaines marches s\u2019inscrivent \u00e9galement dans des missions de soutien aux Objectifs de D\u00e9veloppement Durable, comme faire des villes un espace de circulation pi\u00e9tonne, sensibiliser aux questions environnementales ou la pr\u00e9senter des options de transport durable.<\/p>\n\n\n\n<p>Au Rwanda par exemple, des balades urbaines ont \u00e9t\u00e9 organis\u00e9es par le Global Green Growth Institute en partenariat avec le minist\u00e8re des infrastructures, l\u2019Office rwandais du logement, les autorit\u00e9s locales de Kigali et de six autres villes p\u00e9riph\u00e9riques ainsi que l\u2019universit\u00e9 du Rwanda. Ces promenades avaient pour objectif la mise en \u00e9vidence par les habitants des probl\u00e8mes les plus urgents. Une autre promenade sur le th\u00e8me des for\u00eats urbaines, a conduit les participants vers les espaces naturels de Nyagatare, ville moyenne du Rwanda, o\u00f9 les animateurs ont d\u00e9montr\u00e9 comment la foresterie pouvait am\u00e9liorer l\u2019environnement en offrant \u00e0 la ville des moyens de : purifier l\u2019air et l\u2019eau, filtrer le vent et le bruit, stabiliser le microclimat, g\u00e9rer les eaux pluviales, stocker le carbone (et donc d\u2019\u00e9liminer le dioxyde de carbone atmosph\u00e9rique) et enfin promouvoir la biodiversit\u00e9 urbaine. Ces promenades ont mis en \u00e9vidence d\u2019autres moyens par lesquels les for\u00eats urbaines contribuent \u00e0 am\u00e9liorer la qualit\u00e9 de vie en ville : elles offrent des abris et de bons coins d\u2019ombre, et leurs qualit\u00e9s esth\u00e9tiques augmentent la valeur des propri\u00e9t\u00e9s et donc les recettes fiscales. Gr\u00e2ce \u00e0 une planification et une conception adapt\u00e9es, les for\u00eats urbaines de Nyagatare pourraient devenir des espaces publics accueillant des activit\u00e9s de r\u00e9cr\u00e9ation et de loisir &#8211; et pourrait par cons\u00e9quent devenir une initiative de localisation du Nouveau Programme pour les Villes.<\/p>\n<\/div>\n\n\n\n<div class=\"wp-block-column is-layout-flow wp-block-column-is-layout-flow\">\n<figure class=\"wp-block-image size-large\"><img decoding=\"async\" src=\"https:\/\/urbanjournalism.institute\/forecast\/wp-content\/themes\/forecast\/dist\/assets\/images\/editorial\/page-25.jpg\" alt=\"\" \/><figcaption class=\"wp-element-caption\"><em><em>Promenade urbaine \u00e0 Huye (Rwanda), octobre 2019&nbsp;<\/em>&nbsp;<\/em><br><em>\u00a9 Ilija Gubi\u0107<\/em><\/figcaption><\/figure>\n\n\n\n<p>Les promenades urbaines organis\u00e9es \u00e0 Kigali par le Global Green Growth Institute et l\u2019Universit\u00e9 du Rwanda ont par exemple pr\u00e9sent\u00e9 aux participants le quartier d\u2019affaires historique et les espaces ouverts de la ville.<\/p>\n\n\n\n<p>Des promenades similaires eurent lieu \u00e0 Huye, autre grande ville du Rwanda. Et chaque ann\u00e9e en octobre, le gouvernement rwandais aux c\u00f4t\u00e9s d\u2019autres partenaires organise un mois d\u2019activit\u00e9s, d\u2019\u00e9v\u00e9nements et de discussions autour de la durabilit\u00e9 des villes, pour c\u00e9l\u00e9brer l\u2019Octobre Urbain. En 2019, le Minist\u00e8re des Infrastructures, le Global Green Growth Institute, le district de Huye et l\u2019Universit\u00e9 du Rwanda, ont \u00e9galement organis\u00e9 une marche urbaine \u00e0 Huye. Cette ville abrite des b\u00e2timents remarquables datant du d\u00e9but du XXe si\u00e8cle, une p\u00e9riode o\u00f9 l\u2019architecture moderne \u00e9tait encore \u00e9mergente dans la r\u00e9gion. Le mariage du modernisme occidental et sp\u00e9cificit\u00e9s climatiques a permis de cr\u00e9er une symbiose efficace entre l\u2019humain, l\u2019environnement et les traditions. Cette synth\u00e8se a \u00e9t\u00e9 mise en oeuvre jusque dans les ann\u00e9es 1960 et s\u2019est poursuivie pendant la p\u00e9riode postcoloniale. La promenade urbaine de Huye a ainsi permis de recenser neuf b\u00e2timents ayant des qualit\u00e9s historiques, sociales, culturelles et esth\u00e9tiques.<\/p>\n\n\n\n<p>Des balades urbaines avaient d\u00e9j\u00e0 marqu\u00e9 le processus pr\u00e9paratoire d\u2019Habitat III et se poursuivent aujourd\u2019hui dans le monde entier pour souligner la n\u00e9cessit\u00e9 de localiser et de mettre en oeuvre les agendas mondiaux comme le Nouveau Programme pour les Villes, afin d\u2019atteindre les Objectifs de D\u00e9veloppement Durable.<\/p>\n<\/div>\n<\/div>\n<\/div><\/div>\n\n\n\n<figure class=\"wp-block-image size-large\"><a href=\"https:\/\/urbanjournalism.institute\/forecast\/wp-content\/themes\/forecast\/dist\/assets\/images\/editorial\/page-26.jpg\" target=\"_blank\" rel=\"noreferrer noopener\"><img decoding=\"async\" src=\"https:\/\/urbanjournalism.institute\/forecast\/wp-content\/themes\/forecast\/dist\/assets\/images\/editorial\/page-26.jpg\" alt=\"\" \/><\/a><\/figure>\n","protected":false},"excerpt":{"rendered":"<p>Promenades urbaines Interpr\u00e9ter la mise en oeuvre locale du Nouveau Programme pour les Villes Une promenade urbaine encourage les participants \u00e0 explorer, apprendre et appr\u00e9cier leur ville \u00e0 pied. Ces moments peuvent prendre des formes vari\u00e9es : visites guid\u00e9es ou promenades \u00e0 l\u2019aide de cartes et de consignes pr\u00e9\u00e9tablies. Ils sont souvent ax\u00e9s autour de [&hellip;]<\/p>\n","protected":false},"author":1,"featured_media":0,"parent":24,"menu_order":50,"comment_status":"closed","ping_status":"closed","template":"","meta":{"footnotes":""},"class_list":["post-30","page","type-page","status-publish","hentry"],"yoast_head":"<!-- This site is optimized with the Yoast SEO plugin v27.0 - https:\/\/yoast.com\/product\/yoast-seo-wordpress\/ -->\n<title>Promenades urbaines - Municipal Forecast - Fran\u00e7ais<\/title>\n<meta name=\"robots\" content=\"index, follow, max-snippet:-1, max-image-preview:large, max-video-preview:-1\" \/>\n<link rel=\"canonical\" href=\"https:\/\/urbanjournalism.institute\/forecast-fr\/forecast-2023\/localisation-de-la-durabilite\/balades-urbaines\/\" \/>\n<meta property=\"og:locale\" content=\"fr_FR\" \/>\n<meta property=\"og:type\" content=\"article\" \/>\n<meta property=\"og:title\" content=\"Promenades urbaines - Municipal Forecast - Fran\u00e7ais\" \/>\n<meta property=\"og:description\" content=\"Promenades urbaines Interpr\u00e9ter la mise en oeuvre locale du Nouveau Programme pour les Villes Une promenade urbaine encourage les participants \u00e0 explorer, apprendre et appr\u00e9cier leur ville \u00e0 pied. Ces moments peuvent prendre des formes vari\u00e9es : visites guid\u00e9es ou promenades \u00e0 l\u2019aide de cartes et de consignes pr\u00e9\u00e9tablies. Ils sont souvent ax\u00e9s autour de [&hellip;]\" \/>\n<meta property=\"og:url\" content=\"https:\/\/urbanjournalism.institute\/forecast-fr\/forecast-2023\/localisation-de-la-durabilite\/balades-urbaines\/\" \/>\n<meta property=\"og:site_name\" content=\"Municipal Forecast - Fran\u00e7ais\" \/>\n<meta property=\"og:image\" content=\"https:\/\/urbanjournalism.institute\/forecast\/wp-content\/themes\/forecast\/dist\/assets\/images\/editorial\/page-24.jpg\" \/>\n<meta name=\"twitter:card\" content=\"summary_large_image\" \/>\n<meta name=\"twitter:label1\" content=\"Dur\u00e9e de lecture estim\u00e9e\" \/>\n\t<meta name=\"twitter:data1\" content=\"4 minutes\" \/>\n<script type=\"application\/ld+json\" class=\"yoast-schema-graph\">{\"@context\":\"https:\/\/schema.org\",\"@graph\":[{\"@type\":\"WebPage\",\"@id\":\"https:\/\/urbanjournalism.institute\/forecast-fr\/forecast-2023\/localisation-de-la-durabilite\/balades-urbaines\/\",\"url\":\"https:\/\/urbanjournalism.institute\/forecast-fr\/forecast-2023\/localisation-de-la-durabilite\/balades-urbaines\/\",\"name\":\"Promenades urbaines - Municipal Forecast - Fran\u00e7ais\",\"isPartOf\":{\"@id\":\"https:\/\/urbanjournalism.institute\/forecast-fr\/#website\"},\"primaryImageOfPage\":{\"@id\":\"https:\/\/urbanjournalism.institute\/forecast-fr\/forecast-2023\/localisation-de-la-durabilite\/balades-urbaines\/#primaryimage\"},\"image\":{\"@id\":\"https:\/\/urbanjournalism.institute\/forecast-fr\/forecast-2023\/localisation-de-la-durabilite\/balades-urbaines\/#primaryimage\"},\"thumbnailUrl\":\"https:\/\/urbanjournalism.institute\/forecast\/wp-content\/themes\/forecast\/dist\/assets\/images\/editorial\/page-24.jpg\",\"datePublished\":\"2023-02-20T07:41:00+00:00\",\"breadcrumb\":{\"@id\":\"https:\/\/urbanjournalism.institute\/forecast-fr\/forecast-2023\/localisation-de-la-durabilite\/balades-urbaines\/#breadcrumb\"},\"inLanguage\":\"fr-FR\",\"potentialAction\":[{\"@type\":\"ReadAction\",\"target\":[\"https:\/\/urbanjournalism.institute\/forecast-fr\/forecast-2023\/localisation-de-la-durabilite\/balades-urbaines\/\"]}]},{\"@type\":\"ImageObject\",\"inLanguage\":\"fr-FR\",\"@id\":\"https:\/\/urbanjournalism.institute\/forecast-fr\/forecast-2023\/localisation-de-la-durabilite\/balades-urbaines\/#primaryimage\",\"url\":\"https:\/\/urbanjournalism.institute\/forecast\/wp-content\/themes\/forecast\/dist\/assets\/images\/editorial\/page-24.jpg\",\"contentUrl\":\"https:\/\/urbanjournalism.institute\/forecast\/wp-content\/themes\/forecast\/dist\/assets\/images\/editorial\/page-24.jpg\"},{\"@type\":\"BreadcrumbList\",\"@id\":\"https:\/\/urbanjournalism.institute\/forecast-fr\/forecast-2023\/localisation-de-la-durabilite\/balades-urbaines\/#breadcrumb\",\"itemListElement\":[{\"@type\":\"ListItem\",\"position\":1,\"name\":\"Forecast 2023\",\"item\":\"https:\/\/urbanjournalism.institute\/forecast-fr\/forecast-2023\/\"},{\"@type\":\"ListItem\",\"position\":2,\"name\":\"Localisation de la durabilit\u00e9\",\"item\":\"https:\/\/urbanjournalism.institute\/forecast-fr\/forecast-2023\/localisation-de-la-durabilite\/\"},{\"@type\":\"ListItem\",\"position\":3,\"name\":\"Promenades urbaines\"}]},{\"@type\":\"WebSite\",\"@id\":\"https:\/\/urbanjournalism.institute\/forecast-fr\/#website\",\"url\":\"https:\/\/urbanjournalism.institute\/forecast-fr\/\",\"name\":\"Municipal Forecast - Fran\u00e7ais\",\"description\":\"\",\"potentialAction\":[{\"@type\":\"SearchAction\",\"target\":{\"@type\":\"EntryPoint\",\"urlTemplate\":\"https:\/\/urbanjournalism.institute\/forecast-fr\/?s={search_term_string}\"},\"query-input\":{\"@type\":\"PropertyValueSpecification\",\"valueRequired\":true,\"valueName\":\"search_term_string\"}}],\"inLanguage\":\"fr-FR\"}]}<\/script>\n<!-- \/ Yoast SEO plugin. -->","yoast_head_json":{"title":"Promenades urbaines - Municipal Forecast - Fran\u00e7ais","robots":{"index":"index","follow":"follow","max-snippet":"max-snippet:-1","max-image-preview":"max-image-preview:large","max-video-preview":"max-video-preview:-1"},"canonical":"https:\/\/urbanjournalism.institute\/forecast-fr\/forecast-2023\/localisation-de-la-durabilite\/balades-urbaines\/","og_locale":"fr_FR","og_type":"article","og_title":"Promenades urbaines - Municipal Forecast - Fran\u00e7ais","og_description":"Promenades urbaines Interpr\u00e9ter la mise en oeuvre locale du Nouveau Programme pour les Villes Une promenade urbaine encourage les participants \u00e0 explorer, apprendre et appr\u00e9cier leur ville \u00e0 pied. Ces moments peuvent prendre des formes vari\u00e9es : visites guid\u00e9es ou promenades \u00e0 l\u2019aide de cartes et de consignes pr\u00e9\u00e9tablies. Ils sont souvent ax\u00e9s autour de [&hellip;]","og_url":"https:\/\/urbanjournalism.institute\/forecast-fr\/forecast-2023\/localisation-de-la-durabilite\/balades-urbaines\/","og_site_name":"Municipal Forecast - Fran\u00e7ais","og_image":[{"url":"https:\/\/urbanjournalism.institute\/forecast\/wp-content\/themes\/forecast\/dist\/assets\/images\/editorial\/page-24.jpg","type":"","width":"","height":""}],"twitter_card":"summary_large_image","twitter_misc":{"Dur\u00e9e de lecture estim\u00e9e":"4 minutes"},"schema":{"@context":"https:\/\/schema.org","@graph":[{"@type":"WebPage","@id":"https:\/\/urbanjournalism.institute\/forecast-fr\/forecast-2023\/localisation-de-la-durabilite\/balades-urbaines\/","url":"https:\/\/urbanjournalism.institute\/forecast-fr\/forecast-2023\/localisation-de-la-durabilite\/balades-urbaines\/","name":"Promenades urbaines - Municipal Forecast - Fran\u00e7ais","isPartOf":{"@id":"https:\/\/urbanjournalism.institute\/forecast-fr\/#website"},"primaryImageOfPage":{"@id":"https:\/\/urbanjournalism.institute\/forecast-fr\/forecast-2023\/localisation-de-la-durabilite\/balades-urbaines\/#primaryimage"},"image":{"@id":"https:\/\/urbanjournalism.institute\/forecast-fr\/forecast-2023\/localisation-de-la-durabilite\/balades-urbaines\/#primaryimage"},"thumbnailUrl":"https:\/\/urbanjournalism.institute\/forecast\/wp-content\/themes\/forecast\/dist\/assets\/images\/editorial\/page-24.jpg","datePublished":"2023-02-20T07:41:00+00:00","breadcrumb":{"@id":"https:\/\/urbanjournalism.institute\/forecast-fr\/forecast-2023\/localisation-de-la-durabilite\/balades-urbaines\/#breadcrumb"},"inLanguage":"fr-FR","potentialAction":[{"@type":"ReadAction","target":["https:\/\/urbanjournalism.institute\/forecast-fr\/forecast-2023\/localisation-de-la-durabilite\/balades-urbaines\/"]}]},{"@type":"ImageObject","inLanguage":"fr-FR","@id":"https:\/\/urbanjournalism.institute\/forecast-fr\/forecast-2023\/localisation-de-la-durabilite\/balades-urbaines\/#primaryimage","url":"https:\/\/urbanjournalism.institute\/forecast\/wp-content\/themes\/forecast\/dist\/assets\/images\/editorial\/page-24.jpg","contentUrl":"https:\/\/urbanjournalism.institute\/forecast\/wp-content\/themes\/forecast\/dist\/assets\/images\/editorial\/page-24.jpg"},{"@type":"BreadcrumbList","@id":"https:\/\/urbanjournalism.institute\/forecast-fr\/forecast-2023\/localisation-de-la-durabilite\/balades-urbaines\/#breadcrumb","itemListElement":[{"@type":"ListItem","position":1,"name":"Forecast 2023","item":"https:\/\/urbanjournalism.institute\/forecast-fr\/forecast-2023\/"},{"@type":"ListItem","position":2,"name":"Localisation de la durabilit\u00e9","item":"https:\/\/urbanjournalism.institute\/forecast-fr\/forecast-2023\/localisation-de-la-durabilite\/"},{"@type":"ListItem","position":3,"name":"Promenades urbaines"}]},{"@type":"WebSite","@id":"https:\/\/urbanjournalism.institute\/forecast-fr\/#website","url":"https:\/\/urbanjournalism.institute\/forecast-fr\/","name":"Municipal Forecast - Fran\u00e7ais","description":"","potentialAction":[{"@type":"SearchAction","target":{"@type":"EntryPoint","urlTemplate":"https:\/\/urbanjournalism.institute\/forecast-fr\/?s={search_term_string}"},"query-input":{"@type":"PropertyValueSpecification","valueRequired":true,"valueName":"search_term_string"}}],"inLanguage":"fr-FR"}]}},"_links":{"self":[{"href":"https:\/\/urbanjournalism.institute\/forecast-fr\/wp-json\/wp\/v2\/pages\/30","targetHints":{"allow":["GET"]}}],"collection":[{"href":"https:\/\/urbanjournalism.institute\/forecast-fr\/wp-json\/wp\/v2\/pages"}],"about":[{"href":"https:\/\/urbanjournalism.institute\/forecast-fr\/wp-json\/wp\/v2\/types\/page"}],"author":[{"embeddable":true,"href":"https:\/\/urbanjournalism.institute\/forecast-fr\/wp-json\/wp\/v2\/users\/1"}],"replies":[{"embeddable":true,"href":"https:\/\/urbanjournalism.institute\/forecast-fr\/wp-json\/wp\/v2\/comments?post=30"}],"version-history":[{"count":0,"href":"https:\/\/urbanjournalism.institute\/forecast-fr\/wp-json\/wp\/v2\/pages\/30\/revisions"}],"up":[{"embeddable":true,"href":"https:\/\/urbanjournalism.institute\/forecast-fr\/wp-json\/wp\/v2\/pages\/24"}],"wp:attachment":[{"href":"https:\/\/urbanjournalism.institute\/forecast-fr\/wp-json\/wp\/v2\/media?parent=30"}],"curies":[{"name":"wp","href":"https:\/\/api.w.org\/{rel}","templated":true}]}}