{"id":33,"date":"2023-02-20T07:41:00","date_gmt":"2023-02-20T07:41:00","guid":{"rendered":"https:\/\/urbanjournalism.institute\/forecast\/fr\/forecast-2023\/culture\/capitales-de-la-culture\/"},"modified":"2023-02-20T07:41:00","modified_gmt":"2023-02-20T07:41:00","slug":"capitales-de-la-culture","status":"publish","type":"page","link":"https:\/\/urbanjournalism.institute\/forecast-fr\/forecast-2023\/culture\/capitales-de-la-culture\/","title":{"rendered":"Les Capitales de la culture de 2023"},"content":{"rendered":"\n<figure class=\"wp-block-image size-large\"><img decoding=\"async\" src=\"https:\/\/urbanjournalism.institute\/forecast\/wp-content\/themes\/forecast\/dist\/assets\/images\/editorial\/page-28.jpg\" alt=\"\" \/><figcaption class=\"wp-element-caption\"><em>Chengdu, Chine,\u00a0<\/em><br><em>capital culturelle de l&rsquo;asia de l&rsquo;Est, 2023\u00a0<\/em><br><em>\u00a9Frdric<\/em><\/figcaption><\/figure>\n\n\n\n<div class=\"wp-block-group narrow-group\"><div class=\"wp-block-group__inner-container is-layout-constrained wp-block-group-is-layout-constrained\">\n<div class=\"wp-block-group header\"><div class=\"wp-block-group__inner-container is-layout-constrained wp-block-group-is-layout-constrained\">\n<div style=\"height:120px\" aria-hidden=\"true\" class=\"wp-block-spacer\"><\/div>\n\n\n\n<h1 class=\"wp-block-heading\">Les Capitales de la culture de 2023<\/h1>\n\n\n\n<p class=\"font-serif fs-6\">Trois villes partagent le titre de Capitale europ\u00e9enne de la culture depuis le 1er janvier 2023 : Elefsina (Gr\u00e8ce), Timisoara (Roumanie) et Veszpr\u00e9m (Hongrie). Les pr\u00e9c\u00e9dentes Capitales Europ\u00e9ennes Novi Sad (Serbie), Kaunas (Lituanie) et Esch-sur-Alzette (Luxembourg) viennent de cl\u00f4turer une ann\u00e9e 2022 intense en activit\u00e9s. \u00c0 Rabat, toute premi\u00e8re Capitale africaine de la culture pour 2022 et 2023, l\u2019ann\u00e9e a d\u00e9marr\u00e9 avec la comm\u00e9moration de la Journ\u00e9e Mondiale de la Culture Africaine et Afro-descendante.<\/p>\n\n\n\n<div style=\"height:120px\" aria-hidden=\"true\" class=\"wp-block-spacer\"><\/div>\n<\/div><\/div>\n<\/div><\/div>\n","protected":false},"excerpt":{"rendered":"<p>Les Capitales de la culture de 2023 Trois villes partagent le titre de Capitale europ\u00e9enne de la culture depuis le 1er janvier 2023 : Elefsina (Gr\u00e8ce), Timisoara (Roumanie) et Veszpr\u00e9m (Hongrie). Les pr\u00e9c\u00e9dentes Capitales Europ\u00e9ennes Novi Sad (Serbie), Kaunas (Lituanie) et Esch-sur-Alzette (Luxembourg) viennent de cl\u00f4turer une ann\u00e9e 2022 intense en activit\u00e9s. \u00c0 Rabat, toute [&hellip;]<\/p>\n","protected":false},"author":1,"featured_media":0,"parent":31,"menu_order":10,"comment_status":"closed","ping_status":"closed","template":"","meta":{"footnotes":""},"class_list":["post-33","page","type-page","status-publish","hentry"],"yoast_head":"<!-- This site is optimized with the Yoast SEO plugin v27.0 - https:\/\/yoast.com\/product\/yoast-seo-wordpress\/ -->\n<title>Les Capitales de la culture de 2023 - Municipal Forecast - Fran\u00e7ais<\/title>\n<meta name=\"robots\" content=\"index, follow, max-snippet:-1, max-image-preview:large, max-video-preview:-1\" \/>\n<link rel=\"canonical\" href=\"https:\/\/urbanjournalism.institute\/forecast-fr\/forecast-2023\/culture\/capitales-de-la-culture\/\" \/>\n<meta property=\"og:locale\" content=\"fr_FR\" \/>\n<meta property=\"og:type\" content=\"article\" \/>\n<meta property=\"og:title\" content=\"Les Capitales de la culture de 2023 - Municipal Forecast - Fran\u00e7ais\" \/>\n<meta property=\"og:description\" content=\"Les Capitales de la culture de 2023 Trois villes partagent le titre de Capitale europ\u00e9enne de la culture depuis le 1er janvier 2023 : Elefsina (Gr\u00e8ce), Timisoara (Roumanie) et Veszpr\u00e9m (Hongrie). Les pr\u00e9c\u00e9dentes Capitales Europ\u00e9ennes Novi Sad (Serbie), Kaunas (Lituanie) et Esch-sur-Alzette (Luxembourg) viennent de cl\u00f4turer une ann\u00e9e 2022 intense en activit\u00e9s. \u00c0 Rabat, toute [&hellip;]\" \/>\n<meta property=\"og:url\" content=\"https:\/\/urbanjournalism.institute\/forecast-fr\/forecast-2023\/culture\/capitales-de-la-culture\/\" \/>\n<meta property=\"og:site_name\" content=\"Municipal Forecast - Fran\u00e7ais\" \/>\n<meta property=\"og:image\" content=\"https:\/\/urbanjournalism.institute\/forecast\/wp-content\/themes\/forecast\/dist\/assets\/images\/editorial\/page-28.jpg\" \/>\n<meta name=\"twitter:card\" content=\"summary_large_image\" \/>\n<script type=\"application\/ld+json\" class=\"yoast-schema-graph\">{\"@context\":\"https:\/\/schema.org\",\"@graph\":[{\"@type\":\"WebPage\",\"@id\":\"https:\/\/urbanjournalism.institute\/forecast-fr\/forecast-2023\/culture\/capitales-de-la-culture\/\",\"url\":\"https:\/\/urbanjournalism.institute\/forecast-fr\/forecast-2023\/culture\/capitales-de-la-culture\/\",\"name\":\"Les Capitales de la culture de 2023 - Municipal Forecast - Fran\u00e7ais\",\"isPartOf\":{\"@id\":\"https:\/\/urbanjournalism.institute\/forecast-fr\/#website\"},\"primaryImageOfPage\":{\"@id\":\"https:\/\/urbanjournalism.institute\/forecast-fr\/forecast-2023\/culture\/capitales-de-la-culture\/#primaryimage\"},\"image\":{\"@id\":\"https:\/\/urbanjournalism.institute\/forecast-fr\/forecast-2023\/culture\/capitales-de-la-culture\/#primaryimage\"},\"thumbnailUrl\":\"https:\/\/urbanjournalism.institute\/forecast\/wp-content\/themes\/forecast\/dist\/assets\/images\/editorial\/page-28.jpg\",\"datePublished\":\"2023-02-20T07:41:00+00:00\",\"breadcrumb\":{\"@id\":\"https:\/\/urbanjournalism.institute\/forecast-fr\/forecast-2023\/culture\/capitales-de-la-culture\/#breadcrumb\"},\"inLanguage\":\"fr-FR\",\"potentialAction\":[{\"@type\":\"ReadAction\",\"target\":[\"https:\/\/urbanjournalism.institute\/forecast-fr\/forecast-2023\/culture\/capitales-de-la-culture\/\"]}]},{\"@type\":\"ImageObject\",\"inLanguage\":\"fr-FR\",\"@id\":\"https:\/\/urbanjournalism.institute\/forecast-fr\/forecast-2023\/culture\/capitales-de-la-culture\/#primaryimage\",\"url\":\"https:\/\/urbanjournalism.institute\/forecast\/wp-content\/themes\/forecast\/dist\/assets\/images\/editorial\/page-28.jpg\",\"contentUrl\":\"https:\/\/urbanjournalism.institute\/forecast\/wp-content\/themes\/forecast\/dist\/assets\/images\/editorial\/page-28.jpg\"},{\"@type\":\"BreadcrumbList\",\"@id\":\"https:\/\/urbanjournalism.institute\/forecast-fr\/forecast-2023\/culture\/capitales-de-la-culture\/#breadcrumb\",\"itemListElement\":[{\"@type\":\"ListItem\",\"position\":1,\"name\":\"Forecast 2023\",\"item\":\"https:\/\/urbanjournalism.institute\/forecast-fr\/forecast-2023\/\"},{\"@type\":\"ListItem\",\"position\":2,\"name\":\"Culture\",\"item\":\"https:\/\/urbanjournalism.institute\/forecast-fr\/forecast-2023\/culture\/\"},{\"@type\":\"ListItem\",\"position\":3,\"name\":\"Les Capitales de la culture de 2023\"}]},{\"@type\":\"WebSite\",\"@id\":\"https:\/\/urbanjournalism.institute\/forecast-fr\/#website\",\"url\":\"https:\/\/urbanjournalism.institute\/forecast-fr\/\",\"name\":\"Municipal Forecast - Fran\u00e7ais\",\"description\":\"\",\"potentialAction\":[{\"@type\":\"SearchAction\",\"target\":{\"@type\":\"EntryPoint\",\"urlTemplate\":\"https:\/\/urbanjournalism.institute\/forecast-fr\/?s={search_term_string}\"},\"query-input\":{\"@type\":\"PropertyValueSpecification\",\"valueRequired\":true,\"valueName\":\"search_term_string\"}}],\"inLanguage\":\"fr-FR\"}]}<\/script>\n<!-- \/ Yoast SEO plugin. -->","yoast_head_json":{"title":"Les Capitales de la culture de 2023 - Municipal Forecast - Fran\u00e7ais","robots":{"index":"index","follow":"follow","max-snippet":"max-snippet:-1","max-image-preview":"max-image-preview:large","max-video-preview":"max-video-preview:-1"},"canonical":"https:\/\/urbanjournalism.institute\/forecast-fr\/forecast-2023\/culture\/capitales-de-la-culture\/","og_locale":"fr_FR","og_type":"article","og_title":"Les Capitales de la culture de 2023 - Municipal Forecast - Fran\u00e7ais","og_description":"Les Capitales de la culture de 2023 Trois villes partagent le titre de Capitale europ\u00e9enne de la culture depuis le 1er janvier 2023 : Elefsina (Gr\u00e8ce), Timisoara (Roumanie) et Veszpr\u00e9m (Hongrie). Les pr\u00e9c\u00e9dentes Capitales Europ\u00e9ennes Novi Sad (Serbie), Kaunas (Lituanie) et Esch-sur-Alzette (Luxembourg) viennent de cl\u00f4turer une ann\u00e9e 2022 intense en activit\u00e9s. \u00c0 Rabat, toute [&hellip;]","og_url":"https:\/\/urbanjournalism.institute\/forecast-fr\/forecast-2023\/culture\/capitales-de-la-culture\/","og_site_name":"Municipal Forecast - Fran\u00e7ais","og_image":[{"url":"https:\/\/urbanjournalism.institute\/forecast\/wp-content\/themes\/forecast\/dist\/assets\/images\/editorial\/page-28.jpg","type":"","width":"","height":""}],"twitter_card":"summary_large_image","schema":{"@context":"https:\/\/schema.org","@graph":[{"@type":"WebPage","@id":"https:\/\/urbanjournalism.institute\/forecast-fr\/forecast-2023\/culture\/capitales-de-la-culture\/","url":"https:\/\/urbanjournalism.institute\/forecast-fr\/forecast-2023\/culture\/capitales-de-la-culture\/","name":"Les Capitales de la culture de 2023 - Municipal Forecast - Fran\u00e7ais","isPartOf":{"@id":"https:\/\/urbanjournalism.institute\/forecast-fr\/#website"},"primaryImageOfPage":{"@id":"https:\/\/urbanjournalism.institute\/forecast-fr\/forecast-2023\/culture\/capitales-de-la-culture\/#primaryimage"},"image":{"@id":"https:\/\/urbanjournalism.institute\/forecast-fr\/forecast-2023\/culture\/capitales-de-la-culture\/#primaryimage"},"thumbnailUrl":"https:\/\/urbanjournalism.institute\/forecast\/wp-content\/themes\/forecast\/dist\/assets\/images\/editorial\/page-28.jpg","datePublished":"2023-02-20T07:41:00+00:00","breadcrumb":{"@id":"https:\/\/urbanjournalism.institute\/forecast-fr\/forecast-2023\/culture\/capitales-de-la-culture\/#breadcrumb"},"inLanguage":"fr-FR","potentialAction":[{"@type":"ReadAction","target":["https:\/\/urbanjournalism.institute\/forecast-fr\/forecast-2023\/culture\/capitales-de-la-culture\/"]}]},{"@type":"ImageObject","inLanguage":"fr-FR","@id":"https:\/\/urbanjournalism.institute\/forecast-fr\/forecast-2023\/culture\/capitales-de-la-culture\/#primaryimage","url":"https:\/\/urbanjournalism.institute\/forecast\/wp-content\/themes\/forecast\/dist\/assets\/images\/editorial\/page-28.jpg","contentUrl":"https:\/\/urbanjournalism.institute\/forecast\/wp-content\/themes\/forecast\/dist\/assets\/images\/editorial\/page-28.jpg"},{"@type":"BreadcrumbList","@id":"https:\/\/urbanjournalism.institute\/forecast-fr\/forecast-2023\/culture\/capitales-de-la-culture\/#breadcrumb","itemListElement":[{"@type":"ListItem","position":1,"name":"Forecast 2023","item":"https:\/\/urbanjournalism.institute\/forecast-fr\/forecast-2023\/"},{"@type":"ListItem","position":2,"name":"Culture","item":"https:\/\/urbanjournalism.institute\/forecast-fr\/forecast-2023\/culture\/"},{"@type":"ListItem","position":3,"name":"Les Capitales de la culture de 2023"}]},{"@type":"WebSite","@id":"https:\/\/urbanjournalism.institute\/forecast-fr\/#website","url":"https:\/\/urbanjournalism.institute\/forecast-fr\/","name":"Municipal Forecast - Fran\u00e7ais","description":"","potentialAction":[{"@type":"SearchAction","target":{"@type":"EntryPoint","urlTemplate":"https:\/\/urbanjournalism.institute\/forecast-fr\/?s={search_term_string}"},"query-input":{"@type":"PropertyValueSpecification","valueRequired":true,"valueName":"search_term_string"}}],"inLanguage":"fr-FR"}]}},"_links":{"self":[{"href":"https:\/\/urbanjournalism.institute\/forecast-fr\/wp-json\/wp\/v2\/pages\/33","targetHints":{"allow":["GET"]}}],"collection":[{"href":"https:\/\/urbanjournalism.institute\/forecast-fr\/wp-json\/wp\/v2\/pages"}],"about":[{"href":"https:\/\/urbanjournalism.institute\/forecast-fr\/wp-json\/wp\/v2\/types\/page"}],"author":[{"embeddable":true,"href":"https:\/\/urbanjournalism.institute\/forecast-fr\/wp-json\/wp\/v2\/users\/1"}],"replies":[{"embeddable":true,"href":"https:\/\/urbanjournalism.institute\/forecast-fr\/wp-json\/wp\/v2\/comments?post=33"}],"version-history":[{"count":0,"href":"https:\/\/urbanjournalism.institute\/forecast-fr\/wp-json\/wp\/v2\/pages\/33\/revisions"}],"up":[{"embeddable":true,"href":"https:\/\/urbanjournalism.institute\/forecast-fr\/wp-json\/wp\/v2\/pages\/31"}],"wp:attachment":[{"href":"https:\/\/urbanjournalism.institute\/forecast-fr\/wp-json\/wp\/v2\/media?parent=33"}],"curies":[{"name":"wp","href":"https:\/\/api.w.org\/{rel}","templated":true}]}}

<figure class="wp-block-image size-large"><img decoding="async" src="https://urbanjournalism.institute/forecast/wp-content/themes/forecast/dist/assets/images/editorial/page-28.jpg" alt="" /><figcaption class="wp-element-caption"><em>Chengdu, Chine, </em><br><em>capital culturelle de l&rsquo;asia de l&rsquo;Est, 2023 </em><br><em>©Frdric</em></figcaption></figure>



<div class="wp-block-group narrow-group"><div class="wp-block-group__inner-container is-layout-constrained wp-block-group-is-layout-constrained">
<div class="wp-block-group header"><div class="wp-block-group__inner-container is-layout-constrained wp-block-group-is-layout-constrained">
<div style="height:120px" aria-hidden="true" class="wp-block-spacer"></div>



<h1 class="wp-block-heading">Les Capitales de la culture de 2023</h1>



<p class="font-serif fs-6">Trois villes partagent le titre de Capitale européenne de la culture depuis le 1er janvier 2023 : Elefsina (Grèce), Timisoara (Roumanie) et Veszprém (Hongrie). Les précédentes Capitales Européennes Novi Sad (Serbie), Kaunas (Lituanie) et Esch-sur-Alzette (Luxembourg) viennent de clôturer une année 2022 intense en activités. À Rabat, toute première Capitale africaine de la culture pour 2022 et 2023, l’année a démarré avec la commémoration de la Journée Mondiale de la Culture Africaine et Afro-descendante.</p>



<div style="height:120px" aria-hidden="true" class="wp-block-spacer"></div>
</div></div>
</div></div>

<p>Les Capitales de la culture de 2023 Trois villes partagent le titre de Capitale européenne de la culture depuis le 1er janvier 2023 : Elefsina (Grèce), Timisoara (Roumanie) et Veszprém (Hongrie). Les précédentes Capitales Européennes Novi Sad (Serbie), Kaunas (Lituanie) et Esch-sur-Alzette (Luxembourg) viennent de clôturer une année 2022 intense en activités. À Rabat, toute [&hellip;]</p>

<!-- This site is optimized with the Yoast SEO plugin v27.0 - https://yoast.com/product/yoast-seo-wordpress/ -->
<title>Les Capitales de la culture de 2023 - Municipal Forecast - Français</title>
<meta name="robots" content="index, follow, max-snippet:-1, max-image-preview:large, max-video-preview:-1" />
<link rel="canonical" href="https://urbanjournalism.institute/forecast-fr/forecast-2023/culture/capitales-de-la-culture/" />
<meta property="og:locale" content="fr_FR" />
<meta property="og:type" content="article" />
<meta property="og:title" content="Les Capitales de la culture de 2023 - Municipal Forecast - Français" />
<meta property="og:description" content="Les Capitales de la culture de 2023 Trois villes partagent le titre de Capitale européenne de la culture depuis le 1er janvier 2023 : Elefsina (Grèce), Timisoara (Roumanie) et Veszprém (Hongrie). Les précédentes Capitales Européennes Novi Sad (Serbie), Kaunas (Lituanie) et Esch-sur-Alzette (Luxembourg) viennent de clôturer une année 2022 intense en activités. À Rabat, toute [&hellip;]" />
<meta property="og:url" content="https://urbanjournalism.institute/forecast-fr/forecast-2023/culture/capitales-de-la-culture/" />
<meta property="og:site_name" content="Municipal Forecast - Français" />
<meta property="og:image" content="https://urbanjournalism.institute/forecast/wp-content/themes/forecast/dist/assets/images/editorial/page-28.jpg" />
<meta name="twitter:card" content="summary_large_image" />
<script type="application/ld+json" class="yoast-schema-graph">{"@context":"https://schema.org","@graph":[{"@type":"WebPage","@id":"https://urbanjournalism.institute/forecast-fr/forecast-2023/culture/capitales-de-la-culture/","url":"https://urbanjournalism.institute/forecast-fr/forecast-2023/culture/capitales-de-la-culture/","name":"Les Capitales de la culture de 2023 - Municipal Forecast - Français","isPartOf":{"@id":"https://urbanjournalism.institute/forecast-fr/#website"},"primaryImageOfPage":{"@id":"https://urbanjournalism.institute/forecast-fr/forecast-2023/culture/capitales-de-la-culture/#primaryimage"},"image":{"@id":"https://urbanjournalism.institute/forecast-fr/forecast-2023/culture/capitales-de-la-culture/#primaryimage"},"thumbnailUrl":"https://urbanjournalism.institute/forecast/wp-content/themes/forecast/dist/assets/images/editorial/page-28.jpg","datePublished":"2023-02-20T07:41:00+00:00","breadcrumb":{"@id":"https://urbanjournalism.institute/forecast-fr/forecast-2023/culture/capitales-de-la-culture/#breadcrumb"},"inLanguage":"fr-FR","potentialAction":[{"@type":"ReadAction","target":["https://urbanjournalism.institute/forecast-fr/forecast-2023/culture/capitales-de-la-culture/"]}]},{"@type":"ImageObject","inLanguage":"fr-FR","@id":"https://urbanjournalism.institute/forecast-fr/forecast-2023/culture/capitales-de-la-culture/#primaryimage","url":"https://urbanjournalism.institute/forecast/wp-content/themes/forecast/dist/assets/images/editorial/page-28.jpg","contentUrl":"https://urbanjournalism.institute/forecast/wp-content/themes/forecast/dist/assets/images/editorial/page-28.jpg"},{"@type":"BreadcrumbList","@id":"https://urbanjournalism.institute/forecast-fr/forecast-2023/culture/capitales-de-la-culture/#breadcrumb","itemListElement":[{"@type":"ListItem","position":1,"name":"Forecast 2023","item":"https://urbanjournalism.institute/forecast-fr/forecast-2023/"},{"@type":"ListItem","position":2,"name":"Culture","item":"https://urbanjournalism.institute/forecast-fr/forecast-2023/culture/"},{"@type":"ListItem","position":3,"name":"Les Capitales de la culture de 2023"}]},{"@type":"WebSite","@id":"https://urbanjournalism.institute/forecast-fr/#website","url":"https://urbanjournalism.institute/forecast-fr/","name":"Municipal Forecast - Français","description":"","potentialAction":[{"@type":"SearchAction","target":{"@type":"EntryPoint","urlTemplate":"https://urbanjournalism.institute/forecast-fr/?s={search_term_string}"},"query-input":{"@type":"PropertyValueSpecification","valueRequired":true,"valueName":"search_term_string"}}],"inLanguage":"fr-FR"}]}</script>
<!-- / Yoast SEO plugin. -->

Les Capitales de la culture de 2023 - Municipal Forecast - Français

Les Capitales de la culture de 2023 Trois villes partagent le titre de Capitale européenne de la culture depuis le 1er janvier 2023 : Elefsina (Grèce), Timisoara (Roumanie) et Veszprém (Hongrie). Les précédentes Capitales Européennes Novi Sad (Serbie), Kaunas (Lituanie) et Esch-sur-Alzette (Luxembourg) viennent de clôturer une année 2022 intense en activités. À Rabat, toute [&hellip;]

Municipal Forecast - Français
