{"id":57,"date":"2024-02-18T09:31:27","date_gmt":"2024-02-18T09:31:27","guid":{"rendered":"https:\/\/urbanjournalism.institute\/forecast-fr\/forecast-2024\/a-vote-for-democracy\/women-in-local-and-global-leadership\/"},"modified":"2024-03-06T10:57:44","modified_gmt":"2024-03-06T10:57:44","slug":"women-in-local-and-global-leadership","status":"publish","type":"page","link":"https:\/\/urbanjournalism.institute\/forecast-fr\/forecast-2024\/a-vote-for-democracy\/women-in-local-and-global-leadership\/","title":{"rendered":"Les femmes dans le leadership local et mondial"},"content":{"rendered":"\n<figure class=\"wp-block-image size-large is-resized\"><img decoding=\"async\" src=\"\/wp-content\/themes\/uji\/img\/mf24\/women-in-local-and-global-leadership.jpg\" alt=\"\" style=\"width:840px;height:auto\" \/><figcaption class=\"wp-element-caption\"><em>@ Maxwell Photography<\/em><\/figcaption><\/figure>\n\n\n\n<div class=\"wp-block-group\"><div class=\"wp-block-group__inner-container is-layout-constrained wp-block-group-is-layout-constrained\">\n<h1 class=\"wp-block-heading\" style=\"text-transform:uppercase\">LES FEMMES DANS LE LEADERSHIP LOCAL ET MONDIAL<\/h1>\n\n\n\n<p>La plateforme en ligne de l\u2019ONU Femmes, <strong><a href=\"https:\/\/localgov.unwomen.org\" target=\"_blank\" rel=\"noreferrer noopener\">Femmes dans les Gouvernements Locaux<\/a><\/strong>, offre un aper\u00e7u complet des si\u00e8ges \u00e9lus d\u00e9tenus par les femmes dans les organes d\u00e9lib\u00e9ratifs locaux en janvier 2023. \u00c0 travers 141 pays, les donn\u00e9es soulignent une pr\u00e9sence croissante des femmes dans les gouvernements locaux, avec plus de 3 millions de repr\u00e9sentantes, soit 35,5 %. Bien que des progr\u00e8s notables aient \u00e9t\u00e9 r\u00e9alis\u00e9s, atteindre la marque de 50 % n\u2019est une r\u00e9alit\u00e9 que pour trois pays &#8211; Antigua-et-Barbuda, l\u2019Islande et la Bolivie, avec 22 autres d\u00e9passant une repr\u00e9sentation de 40 %.<\/p>\n\n\n\n<p>En examinant les<strong> disparit\u00e9s r\u00e9gionales<\/strong>, l\u2019Asie centrale et m\u00e9ridionale m\u00e8ne avec 41 %, suivie de l\u2019Europe et de l\u2019Am\u00e9rique du Nord avec 37 %. En revanche, l\u2019Asie occidentale et l\u2019Afrique du Nord signalent la plus faible repr\u00e9sentation \u00e0 20 %. Ces chiffres soulignent l\u2019imp\u00e9ratif d\u2019efforts soutenus pour favoriser une repr\u00e9sentation mondiale \u00e9quitable.<\/p>\n\n\n\n<p>En Am\u00e9rique latine et des Cara\u00efbes, les donn\u00e9es d\u2019ONU Femmes r\u00e9v\u00e8lent une repr\u00e9sentation de 27 % des femmes dans les organes d\u00e9lib\u00e9ratifs locaux. Cependant, d\u2019importantes variations existent entre les pays. La Bolivie, le Costa Rica, le Mexique et le P\u00e9rou figurent parmi les vingt premiers pays pour la repr\u00e9sentation politique des femmes. En revanche, le Br\u00e9sil, la Colombie, le Guatemala et le Paraguay sont \u00e0 la tra\u00eene, chacun avec moins de 20 %, tandis que le Panama se situe en bas de liste avec moins de 10 %.<\/p>\n\n\n\n<p>La proportion de si\u00e8ges occup\u00e9s par les femmes dans les parlements nationaux et les gouvernements locaux est une cible cruciale des objectifs de d\u00e9veloppement durable (ODD 5.5.), visant \u00e0 assurer la pleine et effective participation des femmes et des opportunit\u00e9s \u00e9gales de leadership \u00e0 tous les niveaux de la prise de d\u00e9cision dans la vie politique, \u00e9conomique et publique. Au 10 janvier 2024, 26 pays ont des femmes occupant les postes de chefs d\u2019\u00c9tat et de gouvernement .<\/p>\n\n\n\n<p>En Afrique, seulement quatre femmes occupent actuellement des postes \u00e9lus ou nomm\u00e9s \u00e0 la t\u00eate de l\u2019\u00c9tat ou du gouvernement. Des figures notables incluent la pr\u00e9sidente Samia Suluhu Hassan de Tanzanie, entr\u00e9e en fonction en 2021 en tant que premi\u00e8re femme dans ce r\u00f4le, et la pr\u00e9sidente Sahle-Work Zewde d\u2019\u00c9thiopie, en fonction depuis 2018. Victoire Tomegah Dogb\u00e9 occupe le poste de Premier ministre au Togo depuis 2020, tandis que Raja Nicola si\u00e8ge en tant que membre civil du Conseil souverain de transition au Soudan, contribuant au leadership transitionnel collectif dans son pays.<\/p>\n<\/div><\/div>\n\n\n\n<div class=\"wp-block-group pt-10 narrow-group\"><div class=\"wp-block-group__inner-container is-layout-constrained wp-block-group-is-layout-constrained\">\n<figure class=\"wp-block-image size-large mb-10\"><img decoding=\"async\" src=\"\/wp-content\/themes\/uji\/img\/mf24\/women-in-local-and-global-leadership-2.jpg\" alt=\"\" \/><figcaption class=\"wp-element-caption\"><em>\u00a9 Antonio Jamal Roberson<\/em><\/figcaption><\/figure>\n\n\n\n<div class=\"wp-block-columns gap-5 is-layout-flex wp-container-core-columns-is-layout-9d6595d7 wp-block-columns-is-layout-flex\">\n<div class=\"wp-block-column is-layout-flow wp-block-column-is-layout-flow\">\n<p>La r\u00e9\u00e9lection du Premier ministre Sheikh Hasina au Bangladesh l\u2019\u00e9l\u00e8ve au rang de la chef de gouvernement f\u00e9minine la plus ancienne du monde. Dans un paysage o\u00f9 les femmes leaders en Asie sont peu nombreuses, des personnalit\u00e9s remarquables incluent Draupadi Murmu, pr\u00e9sidente de l\u2019Inde depuis juillet 2022 ; Hilda Heine, qui est revenue \u00e0 la pr\u00e9sidence des \u00celes Marshall en janvier 2024 ; et Fiame Naomi Mata\u2019afa, Premier ministre de Samoa depuis 2021.<\/p>\n\n\n\n<p>En Am\u00e9rique latine, Barbade compte une pr\u00e9sidente et une premi\u00e8re ministre, Sandra Mason et Mia Mottley. Xiomara Castro est la pr\u00e9sidente du Honduras, Dina Boluarte, la pr\u00e9sidente du P\u00e9rou, Cristine Kangaloo, la pr\u00e9sidente de Trinit\u00e9-et-Tobago, et Sylvanie Burton la pr\u00e9sidente de la Dominique. En Europe, la Bosnie-Herz\u00e9govine, le Danemark, l\u2019Estonie, la G\u00e9orgie, la Gr\u00e8ce, la Hongrie, l\u2019Islande, l\u2019Italie, le Kosovo, la Lettonie, la Lituanie, la Moldavie, la Serbie, la Slovaquie et la Slov\u00e9nie ont des femmes \u00e0 la t\u00eate de l\u2019\u00c9tat ou du gouvernement.<\/p>\n\n\n\n<p>Les projections d\u2019ONU Femmes sont alarmantes :<strong> au rythme actuel, l\u2019\u00e9galit\u00e9 des sexes aux plus hautes fonctions du pouvoir ne sera pas r\u00e9alis\u00e9e avant 130 ans.<\/strong><\/p>\n\n\n\n<p><\/p>\n<\/div>\n\n\n\n<div class=\"wp-block-column is-layout-flow wp-block-column-is-layout-flow\">\n<p>Bien que de nombreux pays n\u2019aient pas encore atteint la parit\u00e9 des sexes, la mise en \u0153uvre de quotas de genre a prouv\u00e9 qu\u2019elle favorisait l\u2019\u00e9galit\u00e9. Les nations avec des quotas de candidatures l\u00e9gif\u00e9r\u00e9s voient une repr\u00e9sentation beaucoup plus \u00e9lev\u00e9e des femmes &#8211; 5 % dans les parlements et 7 % dans les gouvernements locaux par rapport aux pays sans une telle l\u00e9gislation.<\/p>\n\n\n\n<p>L\u2019impact de la participation des femmes aux processus de prise de d\u00e9cision politique est consid\u00e9rable. En Inde, les conseils dirig\u00e9s par des femmes ont contribu\u00e9 \u00e0 une augmentation remarquable de 62 % des projets d\u2019approvisionnement en eau potable. En Norv\u00e8ge, une corr\u00e9lation directe est \u00e9tablie entre la pr\u00e9sence f\u00e9minine dans les conseils muni &#8211; cipaux et l\u2019extension de la couverture des services de garde d\u2019enfants.<\/p>\n\n\n\n<p>Nous suivrons de pr\u00e8s l\u2019ann\u00e9e de super-\u00e9lections \u00e0 venir et reviendrons l\u2019ann\u00e9e prochaine pour rendre compte de l\u2019\u00e9ventuelle augmentation du nombre de femmes repr\u00e9sentant les voix de leurs citoyens.<\/p>\n\n\n\n<p>Plus d\u2019informations sur Les femmes dans les gouvernements locaux: <a href=\"https:\/\/localgov.unwomen.org\/\" target=\"_blank\" rel=\"noreferrer noopener\"><strong>Women in Local Government<\/strong><\/a><\/p>\n<\/div>\n<\/div>\n<\/div><\/div>\n","protected":false},"excerpt":{"rendered":"<p>LES FEMMES DANS LE LEADERSHIP LOCAL ET MONDIAL La plateforme en ligne de l\u2019ONU Femmes, Femmes dans les Gouvernements Locaux, offre un aper\u00e7u complet des si\u00e8ges \u00e9lus d\u00e9tenus par les femmes dans les organes d\u00e9lib\u00e9ratifs locaux en janvier 2023. \u00c0 travers 141 pays, les donn\u00e9es soulignent une pr\u00e9sence croissante des femmes dans les gouvernements locaux, [&hellip;]<\/p>\n","protected":false},"author":1,"featured_media":0,"parent":55,"menu_order":10,"comment_status":"closed","ping_status":"closed","template":"","meta":{"footnotes":""},"class_list":["post-57","page","type-page","status-publish","hentry"],"yoast_head":"<!-- This site is optimized with the Yoast SEO plugin v27.0 - https:\/\/yoast.com\/product\/yoast-seo-wordpress\/ -->\n<title>Les femmes dans le leadership local et mondial - Municipal Forecast - Fran\u00e7ais<\/title>\n<meta name=\"robots\" content=\"index, follow, max-snippet:-1, max-image-preview:large, max-video-preview:-1\" \/>\n<link rel=\"canonical\" href=\"https:\/\/urbanjournalism.institute\/forecast-fr\/forecast-2024\/a-vote-for-democracy\/women-in-local-and-global-leadership\/\" \/>\n<meta property=\"og:locale\" content=\"fr_FR\" \/>\n<meta property=\"og:type\" content=\"article\" \/>\n<meta property=\"og:title\" content=\"Les femmes dans le leadership local et mondial - Municipal Forecast - Fran\u00e7ais\" \/>\n<meta property=\"og:description\" content=\"LES FEMMES DANS LE LEADERSHIP LOCAL ET MONDIAL La plateforme en ligne de l\u2019ONU Femmes, Femmes dans les Gouvernements Locaux, offre un aper\u00e7u complet des si\u00e8ges \u00e9lus d\u00e9tenus par les femmes dans les organes d\u00e9lib\u00e9ratifs locaux en janvier 2023. \u00c0 travers 141 pays, les donn\u00e9es soulignent une pr\u00e9sence croissante des femmes dans les gouvernements locaux, [&hellip;]\" \/>\n<meta property=\"og:url\" content=\"https:\/\/urbanjournalism.institute\/forecast-fr\/forecast-2024\/a-vote-for-democracy\/women-in-local-and-global-leadership\/\" \/>\n<meta property=\"og:site_name\" content=\"Municipal Forecast - Fran\u00e7ais\" \/>\n<meta property=\"article:modified_time\" content=\"2024-03-06T10:57:44+00:00\" \/>\n<meta name=\"twitter:card\" content=\"summary_large_image\" \/>\n<meta name=\"twitter:label1\" content=\"Dur\u00e9e de lecture estim\u00e9e\" \/>\n\t<meta name=\"twitter:data1\" content=\"5 minutes\" \/>\n<script type=\"application\/ld+json\" class=\"yoast-schema-graph\">{\"@context\":\"https:\/\/schema.org\",\"@graph\":[{\"@type\":\"WebPage\",\"@id\":\"https:\/\/urbanjournalism.institute\/forecast-fr\/forecast-2024\/a-vote-for-democracy\/women-in-local-and-global-leadership\/\",\"url\":\"https:\/\/urbanjournalism.institute\/forecast-fr\/forecast-2024\/a-vote-for-democracy\/women-in-local-and-global-leadership\/\",\"name\":\"Les femmes dans le leadership local et mondial - Municipal Forecast - Fran\u00e7ais\",\"isPartOf\":{\"@id\":\"https:\/\/urbanjournalism.institute\/forecast-fr\/#website\"},\"datePublished\":\"2024-02-18T09:31:27+00:00\",\"dateModified\":\"2024-03-06T10:57:44+00:00\",\"breadcrumb\":{\"@id\":\"https:\/\/urbanjournalism.institute\/forecast-fr\/forecast-2024\/a-vote-for-democracy\/women-in-local-and-global-leadership\/#breadcrumb\"},\"inLanguage\":\"fr-FR\",\"potentialAction\":[{\"@type\":\"ReadAction\",\"target\":[\"https:\/\/urbanjournalism.institute\/forecast-fr\/forecast-2024\/a-vote-for-democracy\/women-in-local-and-global-leadership\/\"]}]},{\"@type\":\"BreadcrumbList\",\"@id\":\"https:\/\/urbanjournalism.institute\/forecast-fr\/forecast-2024\/a-vote-for-democracy\/women-in-local-and-global-leadership\/#breadcrumb\",\"itemListElement\":[{\"@type\":\"ListItem\",\"position\":1,\"name\":\"Forecast 2024\",\"item\":\"https:\/\/urbanjournalism.institute\/forecast-fr\/\"},{\"@type\":\"ListItem\",\"position\":2,\"name\":\"Un vote pour la d\u00e9mocratie\",\"item\":\"https:\/\/urbanjournalism.institute\/forecast-fr\/forecast-2024\/a-vote-for-democracy\/\"},{\"@type\":\"ListItem\",\"position\":3,\"name\":\"Les femmes dans le leadership local et mondial\"}]},{\"@type\":\"WebSite\",\"@id\":\"https:\/\/urbanjournalism.institute\/forecast-fr\/#website\",\"url\":\"https:\/\/urbanjournalism.institute\/forecast-fr\/\",\"name\":\"Municipal Forecast - Fran\u00e7ais\",\"description\":\"\",\"potentialAction\":[{\"@type\":\"SearchAction\",\"target\":{\"@type\":\"EntryPoint\",\"urlTemplate\":\"https:\/\/urbanjournalism.institute\/forecast-fr\/?s={search_term_string}\"},\"query-input\":{\"@type\":\"PropertyValueSpecification\",\"valueRequired\":true,\"valueName\":\"search_term_string\"}}],\"inLanguage\":\"fr-FR\"}]}<\/script>\n<!-- \/ Yoast SEO plugin. -->","yoast_head_json":{"title":"Les femmes dans le leadership local et mondial - Municipal Forecast - Fran\u00e7ais","robots":{"index":"index","follow":"follow","max-snippet":"max-snippet:-1","max-image-preview":"max-image-preview:large","max-video-preview":"max-video-preview:-1"},"canonical":"https:\/\/urbanjournalism.institute\/forecast-fr\/forecast-2024\/a-vote-for-democracy\/women-in-local-and-global-leadership\/","og_locale":"fr_FR","og_type":"article","og_title":"Les femmes dans le leadership local et mondial - Municipal Forecast - Fran\u00e7ais","og_description":"LES FEMMES DANS LE LEADERSHIP LOCAL ET MONDIAL La plateforme en ligne de l\u2019ONU Femmes, Femmes dans les Gouvernements Locaux, offre un aper\u00e7u complet des si\u00e8ges \u00e9lus d\u00e9tenus par les femmes dans les organes d\u00e9lib\u00e9ratifs locaux en janvier 2023. \u00c0 travers 141 pays, les donn\u00e9es soulignent une pr\u00e9sence croissante des femmes dans les gouvernements locaux, [&hellip;]","og_url":"https:\/\/urbanjournalism.institute\/forecast-fr\/forecast-2024\/a-vote-for-democracy\/women-in-local-and-global-leadership\/","og_site_name":"Municipal Forecast - Fran\u00e7ais","article_modified_time":"2024-03-06T10:57:44+00:00","twitter_card":"summary_large_image","twitter_misc":{"Dur\u00e9e de lecture estim\u00e9e":"5 minutes"},"schema":{"@context":"https:\/\/schema.org","@graph":[{"@type":"WebPage","@id":"https:\/\/urbanjournalism.institute\/forecast-fr\/forecast-2024\/a-vote-for-democracy\/women-in-local-and-global-leadership\/","url":"https:\/\/urbanjournalism.institute\/forecast-fr\/forecast-2024\/a-vote-for-democracy\/women-in-local-and-global-leadership\/","name":"Les femmes dans le leadership local et mondial - Municipal Forecast - Fran\u00e7ais","isPartOf":{"@id":"https:\/\/urbanjournalism.institute\/forecast-fr\/#website"},"datePublished":"2024-02-18T09:31:27+00:00","dateModified":"2024-03-06T10:57:44+00:00","breadcrumb":{"@id":"https:\/\/urbanjournalism.institute\/forecast-fr\/forecast-2024\/a-vote-for-democracy\/women-in-local-and-global-leadership\/#breadcrumb"},"inLanguage":"fr-FR","potentialAction":[{"@type":"ReadAction","target":["https:\/\/urbanjournalism.institute\/forecast-fr\/forecast-2024\/a-vote-for-democracy\/women-in-local-and-global-leadership\/"]}]},{"@type":"BreadcrumbList","@id":"https:\/\/urbanjournalism.institute\/forecast-fr\/forecast-2024\/a-vote-for-democracy\/women-in-local-and-global-leadership\/#breadcrumb","itemListElement":[{"@type":"ListItem","position":1,"name":"Forecast 2024","item":"https:\/\/urbanjournalism.institute\/forecast-fr\/"},{"@type":"ListItem","position":2,"name":"Un vote pour la d\u00e9mocratie","item":"https:\/\/urbanjournalism.institute\/forecast-fr\/forecast-2024\/a-vote-for-democracy\/"},{"@type":"ListItem","position":3,"name":"Les femmes dans le leadership local et mondial"}]},{"@type":"WebSite","@id":"https:\/\/urbanjournalism.institute\/forecast-fr\/#website","url":"https:\/\/urbanjournalism.institute\/forecast-fr\/","name":"Municipal Forecast - Fran\u00e7ais","description":"","potentialAction":[{"@type":"SearchAction","target":{"@type":"EntryPoint","urlTemplate":"https:\/\/urbanjournalism.institute\/forecast-fr\/?s={search_term_string}"},"query-input":{"@type":"PropertyValueSpecification","valueRequired":true,"valueName":"search_term_string"}}],"inLanguage":"fr-FR"}]}},"_links":{"self":[{"href":"https:\/\/urbanjournalism.institute\/forecast-fr\/wp-json\/wp\/v2\/pages\/57","targetHints":{"allow":["GET"]}}],"collection":[{"href":"https:\/\/urbanjournalism.institute\/forecast-fr\/wp-json\/wp\/v2\/pages"}],"about":[{"href":"https:\/\/urbanjournalism.institute\/forecast-fr\/wp-json\/wp\/v2\/types\/page"}],"author":[{"embeddable":true,"href":"https:\/\/urbanjournalism.institute\/forecast-fr\/wp-json\/wp\/v2\/users\/1"}],"replies":[{"embeddable":true,"href":"https:\/\/urbanjournalism.institute\/forecast-fr\/wp-json\/wp\/v2\/comments?post=57"}],"version-history":[{"count":4,"href":"https:\/\/urbanjournalism.institute\/forecast-fr\/wp-json\/wp\/v2\/pages\/57\/revisions"}],"predecessor-version":[{"id":175,"href":"https:\/\/urbanjournalism.institute\/forecast-fr\/wp-json\/wp\/v2\/pages\/57\/revisions\/175"}],"up":[{"embeddable":true,"href":"https:\/\/urbanjournalism.institute\/forecast-fr\/wp-json\/wp\/v2\/pages\/55"}],"wp:attachment":[{"href":"https:\/\/urbanjournalism.institute\/forecast-fr\/wp-json\/wp\/v2\/media?parent=57"}],"curies":[{"name":"wp","href":"https:\/\/api.w.org\/{rel}","templated":true}]}}