{"id":32,"date":"2023-02-18T01:27:05","date_gmt":"2023-02-18T01:27:05","guid":{"rendered":"https:\/\/urbanjournalism.institute\/forecast\/forecast-2023\/culture\/elefsina-timisoara-and-veszprem\/"},"modified":"2023-02-18T01:27:05","modified_gmt":"2023-02-18T01:27:05","slug":"elefsina-timisoara-and-veszprem","status":"publish","type":"page","link":"https:\/\/urbanjournalism.institute\/forecast\/forecast-2023\/culture\/elefsina-timisoara-and-veszprem\/","title":{"rendered":"Elefsina, Timisoara and Veszpr\u00e9m"},"content":{"rendered":"\n<div class=\"wp-block-group narrow-group\"><div class=\"wp-block-group__inner-container is-layout-constrained wp-block-group-is-layout-constrained\">\n<div class=\"wp-block-columns are-vertically-aligned-top is-layout-flex wp-container-core-columns-is-layout-9d6595d7 wp-block-columns-is-layout-flex\">\n<div class=\"wp-block-column is-vertically-aligned-top is-layout-flow wp-block-column-is-layout-flow\">\n<hr class=\"wp-block-separator has-alpha-channel-opacity\" \/>\n\n\n\n<h1 class=\"wp-block-heading\">Elefsina, Timisoara and Veszpr\u00e9m<\/h1>\n\n\n\n<h4 class=\"wp-block-heading\"><em>Art and culture in 2023<\/em><\/h4>\n\n\n\n<p>The European Capital of Culture dates back to 1985. Melina Mercouri, Greek Minister of Culture, and Jack Lang, French Minister of Culture, had the idea of choosing the European Capital of Culture once a year, intending to connect people in Europe and raise awareness of common history and values. The same year, the project was launched by the European Union Ministers of Culture resolution. This initiative soon became one of the most prestigious events in Europe. Since then, more than 40 European cities have borne the title of European Capital of Culture (ECoC). Each year, the selected cities are examples of the richness and diversity of European cultures.&nbsp;<\/p>\n\n\n\n<p>At the end of 2020, on 23 December, an official decision was made by the European Commission to postpone the ECoC title year from 2021 to 2022 due to the global crisis caused by the coronavirus pandemic. The decision came into force on 1 January 2021, and Novi Sad (Serbia) joined Kaunas (Lithuania) and Esch-sur-Alzette (Luxembourg) as the European Capitals of Culture in 2022, while Timisoara (Romania) pushed its title to 2023 to join Elefsina (Greece) and Veszpr\u00e9m (Hungary).\u00a0<\/p>\n<\/div>\n\n\n\n<div class=\"wp-block-column is-vertically-aligned-top is-layout-flow wp-block-column-is-layout-flow\">\n<p>The ECoC was established to emphasise richness and diversity of European cultures, strengthen bonds between citizens of Europe, connect people from different European countries, learn about other cultures, promote mutual understanding, and strengthen the sense of Europeanness. The most important legacy of the project is to put culture in the very centre of social development and redefine culture as a key for economic development based on knowledge, innovation, and creativity.\u00a0<\/p>\n\n\n\n<p>Many capitals of culture took the opportunity to develop cultural infrastructure during and after the project, provide wider access to culture, improve the image of a city, develop the tourism economy, and strengthen cultural and creative industries \u2013 let us see how Elefsina in Greece, Timisoara in Romania, and Veszpr\u00e9m in Hungary will use the opportunity in 2023.\u00a0<\/p>\n\n\n\n<figure class=\"wp-block-image size-large\"><img decoding=\"async\" src=\"https:\/\/urbanjournalism.institute\/forecast\/wp-content\/themes\/forecast\/dist\/assets\/images\/editorial\/page-29.jpg\" alt=\"\" \/><figcaption class=\"wp-element-caption\"><em>Castle in Veszprem in winter<\/em><br><em>\u00a9Cs\u00e1k Istv\u00e1n<\/em><\/figcaption><\/figure>\n<\/div>\n<\/div>\n<\/div><\/div>\n\n\n\n<div class=\"wp-block-group\"><div class=\"wp-block-group__inner-container is-layout-constrained wp-block-group-is-layout-constrained\">\n<div class=\"wp-block-columns are-vertically-aligned-center is-layout-flex wp-container-core-columns-is-layout-9d6595d7 wp-block-columns-is-layout-flex\">\n<div class=\"wp-block-column is-vertically-aligned-center is-layout-flow wp-block-column-is-layout-flow\" style=\"flex-basis:33.33%\">\n<figure class=\"wp-block-image size-large\"><img decoding=\"async\" src=\"https:\/\/urbanjournalism.institute\/forecast\/wp-content\/themes\/forecast\/dist\/assets\/images\/editorial\/page-30.jpg\" alt=\"\" \/><figcaption class=\"wp-element-caption\"><em>Union Square of Timisoara<\/em><br><em>\u00a9 Cornel Putan<\/em><\/figcaption><\/figure>\n<\/div>\n\n\n\n<div class=\"wp-block-column is-vertically-aligned-center is-layout-flow wp-block-column-is-layout-flow\" style=\"flex-basis:66.66%\">\n<p>ECoC2023 Elefsina is taking actions in support of a tangible and intangible legacy that ensure the cultural continuity and singularity of the city as an historic landmark in ancient and modern Greek history. For example, the city is adapting and reusing selected abandoned industrial buildings. This conversion will provide spaces for the promotion of culture today \u2013 which is to say, ongoing artistic and performative interventions into the life of the city. Elefsina is remodelling and transforming an environmentally degraded industrial site in the area \u2013 a site now known as \u201cDogteeth\u201d \u2013 to create a landscape theatre.&nbsp;<\/p>\n\n\n\n<p>Interestingly, Elefsina is also using its ECoC title to improve connections between Elefsina and the Athens metropolitan area by developing a maritime transport link, for reasons both practical and tourism-related, thus activating the coastal nature of Elefsina \u2013 as well as pushing for the re-activation of existing rail transport links, such as the historic train that once led to Elefsina.&nbsp;<\/p>\n\n\n\n<p>Timisoara started 2023 off by building itself up as a place where cultural excellence gives its citizens self-confidence and the power to cause change through participation and involvement. Given its historic role in initiating transformations at crucial times, Timisoara is using its ECoC2023 title to restore the capacity of citizens to initiate changes and contribute to a revitalised Europe, setting civic energy in motion. Starting from the vivid and powerful metaphor of light, Timisoara is using the slogan \u201cShine your light \u2013 Light up your city!\u201d&nbsp;<\/p>\n<\/div>\n<\/div>\n<\/div><\/div>\n\n\n\n<div class=\"wp-block-group\"><div class=\"wp-block-group__inner-container is-layout-constrained wp-block-group-is-layout-constrained\">\n<div class=\"wp-block-columns are-vertically-aligned-center is-layout-flex wp-container-core-columns-is-layout-9d6595d7 wp-block-columns-is-layout-flex\">\n<div class=\"wp-block-column is-vertically-aligned-center is-layout-flow wp-block-column-is-layout-flow\" style=\"flex-basis:66.66%\">\n<p>The infrastructure development of ECoC2023 focuses on developments that serve cultural and community programmes, paying special attention to the revitalisation and reinterpretation of the city\u2019s and the region\u2019s existing, disused, and underused building heritage and public spaces.&nbsp;<\/p>\n\n\n\n<p>The city of Veszpr\u00e9m defined the cultural district and public space system conjoining the Pet\u0151fi Theatre, the E\u00f6tv\u00f6s K\u00e1roly County Library, the Laczk\u00f3 Dezs\u0151 Museum, the Hangvilla, the Cserm\u00e1k Antal Music School and the University of Pannonia. The Bishop\u2019s Garden, the Erzs\u00e9bet Park, and the Erzs\u00e9bet promenade, located in Veszpr\u00e9m\u2019s downtown, represent a contiguous, four-hectare, lively, landscaped, green area. The area of the former St. Nicholas Hill will be developed into one of the sub-centres of the existing cultural, educational, and music centres in Veszpr\u00e9m.&nbsp;<\/p>\n\n\n\n<p>Having won the ECoC2023 title, Veszpr\u00e9m is implementing interventions at specific sites (both architectural and urban) to give the city a makeover. For example, the University of Pannonia\u2019s University Street campus is currently separated from the city\u2019s public space system by various traffic barriers and fences near Elizabeth Park and Elizabeth promenade. The areas between the central buildings of the university are typically used as parking facilities. ECoC2023 is bringing a new network of public open spaces to the city.<\/p>\n<\/div>\n\n\n\n<div class=\"wp-block-column is-vertically-aligned-center is-layout-flow wp-block-column-is-layout-flow\" style=\"flex-basis:33.33%\">\n<figure class=\"wp-block-image size-large\"><img decoding=\"async\" src=\"https:\/\/urbanjournalism.institute\/forecast\/wp-content\/themes\/forecast\/dist\/assets\/images\/editorial\/page-31.jpg\" alt=\"\" \/><figcaption class=\"wp-element-caption\"><em><em>View of Eleusina from the archaeological site of Eleusis (Eleusina)<\/em><br><em>\u00a9 Haris Andronos<\/em><\/em><\/figcaption><\/figure>\n<\/div>\n<\/div>\n<\/div><\/div>\n","protected":false},"excerpt":{"rendered":"<p>Elefsina, Timisoara and Veszpr\u00e9m Art and culture in 2023 The European Capital of Culture dates back to 1985. Melina Mercouri, Greek Minister of Culture, and Jack Lang, French Minister of Culture, had the idea of choosing the European Capital of Culture once a year, intending to connect people in Europe and raise awareness of common [&hellip;]<\/p>\n","protected":false},"author":1,"featured_media":0,"parent":29,"menu_order":20,"comment_status":"closed","ping_status":"closed","template":"","meta":{"footnotes":""},"class_list":["post-32","page","type-page","status-publish","hentry"],"yoast_head":"<!-- This site is optimized with the Yoast SEO plugin v27.0 - https:\/\/yoast.com\/product\/yoast-seo-wordpress\/ -->\n<title>Elefsina, Timisoara and Veszpr\u00e9m - Municipal Forecast - English<\/title>\n<meta name=\"robots\" content=\"index, follow, max-snippet:-1, max-image-preview:large, max-video-preview:-1\" \/>\n<link rel=\"canonical\" href=\"https:\/\/urbanjournalism.institute\/forecast\/forecast-2023\/culture\/elefsina-timisoara-and-veszprem\/\" \/>\n<meta property=\"og:locale\" content=\"en_US\" \/>\n<meta property=\"og:type\" content=\"article\" \/>\n<meta property=\"og:title\" content=\"Elefsina, Timisoara and Veszpr\u00e9m - Municipal Forecast - English\" \/>\n<meta property=\"og:description\" content=\"Elefsina, Timisoara and Veszpr\u00e9m Art and culture in 2023 The European Capital of Culture dates back to 1985. Melina Mercouri, Greek Minister of Culture, and Jack Lang, French Minister of Culture, had the idea of choosing the European Capital of Culture once a year, intending to connect people in Europe and raise awareness of common [&hellip;]\" \/>\n<meta property=\"og:url\" content=\"https:\/\/urbanjournalism.institute\/forecast\/forecast-2023\/culture\/elefsina-timisoara-and-veszprem\/\" \/>\n<meta property=\"og:site_name\" content=\"Municipal Forecast - English\" \/>\n<meta property=\"og:image\" content=\"https:\/\/urbanjournalism.institute\/forecast\/wp-content\/themes\/forecast\/dist\/assets\/images\/editorial\/page-29.jpg\" \/>\n<meta name=\"twitter:card\" content=\"summary_large_image\" \/>\n<meta name=\"twitter:label1\" content=\"Est. reading time\" \/>\n\t<meta name=\"twitter:data1\" content=\"4 minutes\" \/>\n<script type=\"application\/ld+json\" class=\"yoast-schema-graph\">{\"@context\":\"https:\/\/schema.org\",\"@graph\":[{\"@type\":\"WebPage\",\"@id\":\"https:\/\/urbanjournalism.institute\/forecast\/forecast-2023\/culture\/elefsina-timisoara-and-veszprem\/\",\"url\":\"https:\/\/urbanjournalism.institute\/forecast\/forecast-2023\/culture\/elefsina-timisoara-and-veszprem\/\",\"name\":\"Elefsina, Timisoara and Veszpr\u00e9m - Municipal Forecast - English\",\"isPartOf\":{\"@id\":\"https:\/\/urbanjournalism.institute\/forecast\/#website\"},\"primaryImageOfPage\":{\"@id\":\"https:\/\/urbanjournalism.institute\/forecast\/forecast-2023\/culture\/elefsina-timisoara-and-veszprem\/#primaryimage\"},\"image\":{\"@id\":\"https:\/\/urbanjournalism.institute\/forecast\/forecast-2023\/culture\/elefsina-timisoara-and-veszprem\/#primaryimage\"},\"thumbnailUrl\":\"https:\/\/urbanjournalism.institute\/forecast\/wp-content\/themes\/forecast\/dist\/assets\/images\/editorial\/page-29.jpg\",\"datePublished\":\"2023-02-18T01:27:05+00:00\",\"breadcrumb\":{\"@id\":\"https:\/\/urbanjournalism.institute\/forecast\/forecast-2023\/culture\/elefsina-timisoara-and-veszprem\/#breadcrumb\"},\"inLanguage\":\"en-US\",\"potentialAction\":[{\"@type\":\"ReadAction\",\"target\":[\"https:\/\/urbanjournalism.institute\/forecast\/forecast-2023\/culture\/elefsina-timisoara-and-veszprem\/\"]}]},{\"@type\":\"ImageObject\",\"inLanguage\":\"en-US\",\"@id\":\"https:\/\/urbanjournalism.institute\/forecast\/forecast-2023\/culture\/elefsina-timisoara-and-veszprem\/#primaryimage\",\"url\":\"https:\/\/urbanjournalism.institute\/forecast\/wp-content\/themes\/forecast\/dist\/assets\/images\/editorial\/page-29.jpg\",\"contentUrl\":\"https:\/\/urbanjournalism.institute\/forecast\/wp-content\/themes\/forecast\/dist\/assets\/images\/editorial\/page-29.jpg\"},{\"@type\":\"BreadcrumbList\",\"@id\":\"https:\/\/urbanjournalism.institute\/forecast\/forecast-2023\/culture\/elefsina-timisoara-and-veszprem\/#breadcrumb\",\"itemListElement\":[{\"@type\":\"ListItem\",\"position\":1,\"name\":\"Forecast 2023\",\"item\":\"https:\/\/urbanjournalism.institute\/forecast\/forecast-2023\/\"},{\"@type\":\"ListItem\",\"position\":2,\"name\":\"Culture\",\"item\":\"https:\/\/urbanjournalism.institute\/forecast\/forecast-2023\/culture\/\"},{\"@type\":\"ListItem\",\"position\":3,\"name\":\"Elefsina, Timisoara and Veszpr\u00e9m\"}]},{\"@type\":\"WebSite\",\"@id\":\"https:\/\/urbanjournalism.institute\/forecast\/#website\",\"url\":\"https:\/\/urbanjournalism.institute\/forecast\/\",\"name\":\"Municipal Forecast - English\",\"description\":\"\",\"potentialAction\":[{\"@type\":\"SearchAction\",\"target\":{\"@type\":\"EntryPoint\",\"urlTemplate\":\"https:\/\/urbanjournalism.institute\/forecast\/?s={search_term_string}\"},\"query-input\":{\"@type\":\"PropertyValueSpecification\",\"valueRequired\":true,\"valueName\":\"search_term_string\"}}],\"inLanguage\":\"en-US\"}]}<\/script>\n<!-- \/ Yoast SEO plugin. -->","yoast_head_json":{"title":"Elefsina, Timisoara and Veszpr\u00e9m - Municipal Forecast - English","robots":{"index":"index","follow":"follow","max-snippet":"max-snippet:-1","max-image-preview":"max-image-preview:large","max-video-preview":"max-video-preview:-1"},"canonical":"https:\/\/urbanjournalism.institute\/forecast\/forecast-2023\/culture\/elefsina-timisoara-and-veszprem\/","og_locale":"en_US","og_type":"article","og_title":"Elefsina, Timisoara and Veszpr\u00e9m - Municipal Forecast - English","og_description":"Elefsina, Timisoara and Veszpr\u00e9m Art and culture in 2023 The European Capital of Culture dates back to 1985. Melina Mercouri, Greek Minister of Culture, and Jack Lang, French Minister of Culture, had the idea of choosing the European Capital of Culture once a year, intending to connect people in Europe and raise awareness of common [&hellip;]","og_url":"https:\/\/urbanjournalism.institute\/forecast\/forecast-2023\/culture\/elefsina-timisoara-and-veszprem\/","og_site_name":"Municipal Forecast - English","og_image":[{"url":"https:\/\/urbanjournalism.institute\/forecast\/wp-content\/themes\/forecast\/dist\/assets\/images\/editorial\/page-29.jpg","type":"","width":"","height":""}],"twitter_card":"summary_large_image","twitter_misc":{"Est. reading time":"4 minutes"},"schema":{"@context":"https:\/\/schema.org","@graph":[{"@type":"WebPage","@id":"https:\/\/urbanjournalism.institute\/forecast\/forecast-2023\/culture\/elefsina-timisoara-and-veszprem\/","url":"https:\/\/urbanjournalism.institute\/forecast\/forecast-2023\/culture\/elefsina-timisoara-and-veszprem\/","name":"Elefsina, Timisoara and Veszpr\u00e9m - Municipal Forecast - English","isPartOf":{"@id":"https:\/\/urbanjournalism.institute\/forecast\/#website"},"primaryImageOfPage":{"@id":"https:\/\/urbanjournalism.institute\/forecast\/forecast-2023\/culture\/elefsina-timisoara-and-veszprem\/#primaryimage"},"image":{"@id":"https:\/\/urbanjournalism.institute\/forecast\/forecast-2023\/culture\/elefsina-timisoara-and-veszprem\/#primaryimage"},"thumbnailUrl":"https:\/\/urbanjournalism.institute\/forecast\/wp-content\/themes\/forecast\/dist\/assets\/images\/editorial\/page-29.jpg","datePublished":"2023-02-18T01:27:05+00:00","breadcrumb":{"@id":"https:\/\/urbanjournalism.institute\/forecast\/forecast-2023\/culture\/elefsina-timisoara-and-veszprem\/#breadcrumb"},"inLanguage":"en-US","potentialAction":[{"@type":"ReadAction","target":["https:\/\/urbanjournalism.institute\/forecast\/forecast-2023\/culture\/elefsina-timisoara-and-veszprem\/"]}]},{"@type":"ImageObject","inLanguage":"en-US","@id":"https:\/\/urbanjournalism.institute\/forecast\/forecast-2023\/culture\/elefsina-timisoara-and-veszprem\/#primaryimage","url":"https:\/\/urbanjournalism.institute\/forecast\/wp-content\/themes\/forecast\/dist\/assets\/images\/editorial\/page-29.jpg","contentUrl":"https:\/\/urbanjournalism.institute\/forecast\/wp-content\/themes\/forecast\/dist\/assets\/images\/editorial\/page-29.jpg"},{"@type":"BreadcrumbList","@id":"https:\/\/urbanjournalism.institute\/forecast\/forecast-2023\/culture\/elefsina-timisoara-and-veszprem\/#breadcrumb","itemListElement":[{"@type":"ListItem","position":1,"name":"Forecast 2023","item":"https:\/\/urbanjournalism.institute\/forecast\/forecast-2023\/"},{"@type":"ListItem","position":2,"name":"Culture","item":"https:\/\/urbanjournalism.institute\/forecast\/forecast-2023\/culture\/"},{"@type":"ListItem","position":3,"name":"Elefsina, Timisoara and Veszpr\u00e9m"}]},{"@type":"WebSite","@id":"https:\/\/urbanjournalism.institute\/forecast\/#website","url":"https:\/\/urbanjournalism.institute\/forecast\/","name":"Municipal Forecast - English","description":"","potentialAction":[{"@type":"SearchAction","target":{"@type":"EntryPoint","urlTemplate":"https:\/\/urbanjournalism.institute\/forecast\/?s={search_term_string}"},"query-input":{"@type":"PropertyValueSpecification","valueRequired":true,"valueName":"search_term_string"}}],"inLanguage":"en-US"}]}},"_links":{"self":[{"href":"https:\/\/urbanjournalism.institute\/forecast\/wp-json\/wp\/v2\/pages\/32","targetHints":{"allow":["GET"]}}],"collection":[{"href":"https:\/\/urbanjournalism.institute\/forecast\/wp-json\/wp\/v2\/pages"}],"about":[{"href":"https:\/\/urbanjournalism.institute\/forecast\/wp-json\/wp\/v2\/types\/page"}],"author":[{"embeddable":true,"href":"https:\/\/urbanjournalism.institute\/forecast\/wp-json\/wp\/v2\/users\/1"}],"replies":[{"embeddable":true,"href":"https:\/\/urbanjournalism.institute\/forecast\/wp-json\/wp\/v2\/comments?post=32"}],"version-history":[{"count":0,"href":"https:\/\/urbanjournalism.institute\/forecast\/wp-json\/wp\/v2\/pages\/32\/revisions"}],"up":[{"embeddable":true,"href":"https:\/\/urbanjournalism.institute\/forecast\/wp-json\/wp\/v2\/pages\/29"}],"wp:attachment":[{"href":"https:\/\/urbanjournalism.institute\/forecast\/wp-json\/wp\/v2\/media?parent=32"}],"curies":[{"name":"wp","href":"https:\/\/api.w.org\/{rel}","templated":true}]}}